000
CXUS51 KCAR 240700
CF6BGR
PRELIMINARY LOCAL CLIMATOLOGICAL DATA (WS FORM: F-6)

                                          STATION:   BANGOR ME
                                          MONTH:     SEPTEMBER
                                          YEAR:      2022
                                          LATITUDE:   44 47 N
                                          LONGITUDE:  68 49 W

  TEMPERATURE IN F:       :PCPN:    SNOW:  WIND      :SUNSHINE: SKY     :PK WND
================================================================================
1   2   3   4   5  6A  6B    7    8   9   10  11  12  13   14  15   16   17  18
                                     12Z  AVG MX 2MIN
DY MAX MIN AVG DEP HDD CDD  WTR  SNW DPTH SPD SPD DIR MIN PSBL S-S WX    SPD DR
================================================================================

 1  75  53  64  -1   1   0    T  0.0    0  7.6 20 330   M    M   4        33 270
 2  73  46  60  -5   5   0 0.00  0.0    0  4.1 13 320   M    M   1        15 280
 3  76  48  62  -2   3   0 0.00  0.0    0  6.5 16 170   M    M   4 1      20 200
 4  81  54  68   4   0   3 0.13  0.0    0  5.5 20  20   M    M   6 12     24  20
 5  61  57  59  -5   6   0 0.82  0.0    0  6.7 12 340   M    M  10 1      14  10
 6  69  53  61  -3   4   0 0.01  0.0    0  4.3 13  10   M    M   8 1      13  20
 7  76  51  64   1   1   0 0.00  0.0    0  1.8  8 180   M    M   4 12     11 190
 8  76  51  64   1   1   0 0.00  0.0    0  3.0 12 170   M    M   4 1      16 200
 9  82  49  66   4   0   1 0.00  0.0    0  0.9  9  20   M    M   1 1      11  20
10  84  54  69   7   0   4 0.00  0.0    0  2.7  9 200   M    M   1 18     17 340
11  82  58  70   8   0   5 0.00  0.0    0  1.5  7 300   M    M   7 1      10 300
12  84  63  74  13   0   9 0.00  0.0    0  0.8  7 230   M    M   6 1      10 360
13  73  58  66   5   0   1    T  0.0    0  4.4 14 200   M    M   8 1      18 190
14  79  60  70   9   0   5 0.01  0.0    0  9.7 21 310   M    M   5 1      39 320
15  63  45  54  -6  11   0 0.00  0.0    0 12.7 30 320   M    M   1        41 320
16  66  46  56  -4   9   0 0.00  0.0    0 11.5 26 320   M    M   2        35 330
17  68  40  54  -6  11   0    T  0.0    0  6.0 12 270   M    M   4        18 290
18  60  54  57  -2   8   0 0.25  0.0    0  5.5 16  30   M    M   9 1      20  30
19  62  50  56  -3   9   0 0.54  0.0    0  5.0 15 140   M    M   9 1      21 150
20  57  51  54  -4  11   0 0.69  0.0    0 10.8 17 350   M    M  10 1      23  10
21  65  51  58   0   7   0    T  0.0    0  6.9 13 360   M    M   8 1      19 350
22  65  53  59   2   6   0 1.70  0.0    0  6.9 24 180   M    M  10 13     35 170
23  58  46  52  -5  13   0 0.00  0.0    0 15.4 26 330   M    M   7        36 330
================================================================================
SM 1635 1191       106  28  4.15  0.0    140.2          M      129
================================================================================
AV 71.1 51.8                               6.1 FASTST   M    M   6    MAX(MPH)
                                 MISC ---->    30 320                 41 320
================================================================================
NOTES:
# LAST OF SEVERAL OCCURRENCES

COLUMN 17 PEAK WIND IN M.P.H.

PRELIMINARY LOCAL CLIMATOLOGICAL DATA (WS FORM: F-6) , PAGE 2

                                          STATION:   BANGOR ME
                                          MONTH:     SEPTEMBER
                                          YEAR:      2022
                                          LATITUDE:   44 47 N
                                          LONGITUDE:  68 49 W

[TEMPERATURE DATA]      [PRECIPITATION DATA]       SYMBOLS USED IN COLUMN 16

AVERAGE MONTHLY: 61.4   TOTAL FOR MONTH:   4.15    1 = FOG OR MIST
DPTR FM NORMAL:   0.2   DPTR FM NORMAL:    1.35    2 = FOG REDUCING VISIBILITY
HIGHEST:    84 ON 12,10  GRTST 24HR  1.70 ON 22-22      TO 1/4 MILE OR LESS
LOWEST:     40 ON 17                               3 = THUNDER
                        SNOW, ICE PELLETS, HAIL    4 = ICE PELLETS
                        TOTAL MONTH:   0.0 INCH    5 = HAIL
                        GRTST 24HR  0.0            6 = FREEZING RAIN OR DRIZZLE
                        GRTST DEPTH:  0            7 = DUSTSTORM OR SANDSTORM:
                                                       VSBY 1/2 MILE OR LESS
                                                   8 = SMOKE OR HAZE
[NO. OF DAYS WITH]      [WEATHER - DAYS WITH]      9 = BLOWING SNOW
                                                   X = TORNADO
MAX 32 OR BELOW:   0    0.01 INCH OR MORE:   8
MAX 90 OR ABOVE:   0    0.10 INCH OR MORE:   6
MIN 32 OR BELOW:   0    0.50 INCH OR MORE:   4
MIN  0 OR BELOW:   0    1.00 INCH OR MORE:   1

[HDD (BASE 65) ]
TOTAL THIS MO.   106    CLEAR  (SCALE 0-3)   5
DPTR FM NORMAL    -8    PTCLDY (SCALE 4-7)  12
TOTAL FM JUL 1   111    CLOUDY (SCALE 8-10)  6
DPTR FM NORMAL   -45

[CDD (BASE 65) ]
TOTAL THIS MO.    28
DPTR FM NORMAL    -3    [PRESSURE DATA]
TOTAL FM JAN 1   485    HIGHEST SLP M ON M
DPTR FM NORMAL   108    LOWEST  SLP 29.39 ON 22

[REMARKS]
