000
CXUS51 KCAR 160600
CF6BGR
PRELIMINARY LOCAL CLIMATOLOGICAL DATA (WS FORM: F-6)

                                          STATION:   BANGOR ME
                                          MONTH:     NOVEMBER
                                          YEAR:      2018
                                          LATITUDE:   44 47 N
                                          LONGITUDE:  68 49 W

  TEMPERATURE IN F:       :PCPN:    SNOW:  WIND      :SUNSHINE: SKY     :PK WND
================================================================================
1   2   3   4   5  6A  6B    7    8   9   10  11  12  13   14  15   16   17  18
                                     12Z  AVG MX 2MIN
DY MAX MIN AVG DEP HDD CDD  WTR  SNW DPTH SPD SPD DIR MIN PSBL S-S WX    SPD DR
================================================================================

 1  51  42  47   5  18   0 0.02  0.0    0  1.7  7 320   M    M  10 1       8 300
 2  46  43  45   3  20   0 0.87  0.0    0  6.5 15 340   M    M  10 1      18 340
 3  59  42  51  10  14   0 1.57  0.0    0 11.8 32 240   M    M   9 1      50 270
 4  47  27  37  -4  28   0 0.00  0.0    0  8.1 20 310   M    M   4        27 320
 5  47  25  36  -5  29   0 0.02  0.0    0  2.3  7  50   M    M   8 1       9  40
 6  52  39  46   6  19   0 0.79  0.0    0  6.1 12 180   M    M  10 1      14 240
 7  61  42  52  12  13   0 0.00  0.0    0  6.7 20 240   M    M   5        26 260
 8  53  33  43   3  22   0 0.00  0.0    0  7.3 17 310   M    M   6        23 320
 9  48  27  38  -1  27   0 0.21  0.6    0  4.3 20 110   M    M   6 1      25 120
10  38  33  36  -3  29   0 0.88  1.1    1  9.4 24 300   M    M   8 15     35 300
11  37  25  31  -8  34   0    T    T    T  9.5 25 300   M    M   2        38 290
12  40  22  31  -7  34   0 0.00  0.0    0  4.5 17 320   M    M   3        23 320
13  41  30  36  -2  29   0 1.14  0.3    T  6.8 23 320   M    M  10 16     36 280
14  35  16  26 -12  39   0 0.00  0.0    0 15.0 26 300   M    M   3        43 320
15  29  11  20 -17  45   0 0.00  0.0    0  4.3 14 290   M    M   5        19 270
================================================================================
SM  684  457       400   0  5.50     2.0 104.3          M       99
================================================================================
AV 45.6 30.5                               7.0 FASTST   M    M   7    MAX(MPH)
                                 MISC ---->  # 32 240               # 50  270
================================================================================
NOTES:
# LAST OF SEVERAL OCCURRENCES

COLUMN 17 PEAK WIND IN M.P.H.

PRELIMINARY LOCAL CLIMATOLOGICAL DATA (WS FORM: F-6) , PAGE 2

                                          STATION:  BANGOR ME
                                          MONTH:    NOVEMBER
                                          YEAR:     2018
                                          LATITUDE:   44 47 N
                                          LONGITUDE:  68 49 W

[TEMPERATURE DATA]      [PRECIPITATION DATA]       SYMBOLS USED IN COLUMN 16

AVERAGE MONTHLY: 38.0   TOTAL FOR MONTH:   5.50    1 = FOG OR MIST
DPTR FM NORMAL:  -1.6   DPTR FM NORMAL:    3.44    2 = FOG REDUCING VISIBILITY
HIGHEST:    61 ON  7    GRTST 24HR  1.57 ON  3- 3      TO 1/4 MILE OR LESS
LOWEST:     11 ON 15                               3 = THUNDER
                        SNOW, ICE PELLETS, HAIL    4 = ICE PELLETS
                        TOTAL MONTH:   2.0 INCHES  5 = HAIL
                        GRTST 24HR   1.1 ON 10-10  6 = FREEZING RAIN OR DRIZZLE
                        GRTST DEPTH:   1 ON 10     7 = DUSTSTORM OR SANDSTORM:
                                                       VSBY 1/2 MILE OR LESS
                                                   8 = SMOKE OR HAZE
[NO. OF DAYS WITH]      [WEATHER - DAYS WITH]      9 = BLOWING SNOW
                                                   X = TORNADO
MAX 32 OR BELOW:   1    0.01 INCH OR MORE:   8
MAX 90 OR ABOVE:   0    0.10 INCH OR MORE:   6
MIN 32 OR BELOW:   8    0.50 INCH OR MORE:   5
MIN  0 OR BELOW:   0    1.00 INCH OR MORE:   2

[HDD (BASE 65) ]
TOTAL THIS MO.   400    CLEAR  (SCALE 0-3)   3
DPTR FM NORMAL    20    PTCLDY (SCALE 4-7)   7
TOTAL FM JUL 1  1187    CLOUDY (SCALE 8-10)  5
DPTR FM NORMAL   -19

[CDD (BASE 65) ]
TOTAL THIS MO.     0
DPTR FM NORMAL     0    [PRESSURE DATA]
TOTAL FM JAN 1   511    HIGHEST SLP M ON M
DPTR FM NORMAL   193    LOWEST  SLP 29.16 ON  3

[REMARKS]
