299
CXUS51 KCAR 200600
CF6BGR
PRELIMINARY LOCAL CLIMATOLOGICAL DATA (WS FORM: F-6)

                                          STATION:   BANGOR ME
                                          MONTH:     SEPTEMBER
                                          YEAR:      2018
                                          LATITUDE:   44 47 N
                                          LONGITUDE:  68 49 W

  TEMPERATURE IN F:       :PCPN:    SNOW:  WIND      :SUNSHINE: SKY     :PK WND
================================================================================
1   2   3   4   5  6A  6B    7    8   9   10  11  12  13   14  15   16   17  18
                                     12Z  AVG MX 2MIN
DY MAX MIN AVG DEP HDD CDD  WTR  SNW DPTH SPD SPD DIR MIN PSBL S-S WX    SPD DR
================================================================================

 1  75  46  61  -3   4   0 0.00  0.0    0  5.8 17 180   M    M   2 1      21 180
 2  80  57  69   5   0   4 0.00  0.0    0  8.8 20 180   M    M   7 1      23 180
 3  90  67  79  16   0  14    T  0.0    0  7.7 15 180   M    M   7 1      18 230
 4  83  57  70   7   0   5 0.00  0.0    0  7.8 21  30   M    M   3        28  30
 5  83  53  68   5   0   3 0.00  0.0    0  7.1 16 180   M    M   4        21 180
 6  85  56  71   9   0   6    T  0.0    0  8.7 21 320   M    M   5 1      28 330
 7  74  50  62   0   3   0 0.00  0.0    0  5.0 12 270   M    M   7 1      16 240
 8  69  46  58  -4   7   0 0.00  0.0    0  8.4 16 340   M    M   6        22 320
 9  68  35  52  -9  13   0 0.00  0.0    0  4.6 15 330   M    M   3        20 340
10  67  38  53  -8  12   0 0.05  0.0    0  5.2 16 130   M    M   7 1      21 180
11  67  53  60  -1   5   0 0.86  0.0    0  6.1 18 140   M    M   9 12     25 130
12  72  55  64   4   1   0 0.00  0.0    0  2.3  9  30   M    M   8 12     11  10
13  82  55  69   9   0   4    T  0.0    0  0.8 10  20   M    M   2 12     14 350
14  82  52  67   7   0   2 0.00  0.0    0  4.1 12 170   M    M   2 12     17 180
15  80  53  67   8   0   2 0.00  0.0    0  6.3 13 190   M    M   4 12     15 180
16  83  57  70  11   0   5 0.00  0.0    0  4.1 13 360   M    M   7 12     15 360
17  83  63  73  15   0   8 0.00  0.0    0  9.3 18 180   M    M   3 1      24 180
18  81  55  68  10   0   3 0.08  0.0    0  7.9 23  40   M    M   7 1      25 360
19  61  52  57  -1   8   0 0.02  0.0    0  9.7 16  30   M    M   9 18     22  10
================================================================================
SM 1465 1000        53  56  1.01     0.0 119.7          M      102
================================================================================
AV 77.1 52.6                               6.3 FASTST   M    M   5    MAX(MPH)
                                 MISC ---->  # 23  40               # 28   30
================================================================================
NOTES:
# LAST OF SEVERAL OCCURRENCES

COLUMN 17 PEAK WIND IN M.P.H.

PRELIMINARY LOCAL CLIMATOLOGICAL DATA (WS FORM: F-6) , PAGE 2

                                          STATION:  BANGOR ME
                                          MONTH:    SEPTEMBER
                                          YEAR:     2018
                                          LATITUDE:   44 47 N
                                          LONGITUDE:  68 49 W

[TEMPERATURE DATA]      [PRECIPITATION DATA]       SYMBOLS USED IN COLUMN 16

AVERAGE MONTHLY: 64.9   TOTAL FOR MONTH:   1.01    1 = FOG OR MIST
DPTR FM NORMAL:   3.9   DPTR FM NORMAL:   -1.25    2 = FOG REDUCING VISIBILITY
HIGHEST:    90 ON  3    GRTST 24HR  0.86 ON 11-11      TO 1/4 MILE OR LESS
LOWEST:     35 ON  9                               3 = THUNDER
                        SNOW, ICE PELLETS, HAIL    4 = ICE PELLETS
                        TOTAL MONTH:   0.0 INCH    5 = HAIL
                        GRTST 24HR     0.0         6 = FREEZING RAIN OR DRIZZLE
                        GRTST DEPTH:   0           7 = DUSTSTORM OR SANDSTORM:
                                                       VSBY 1/2 MILE OR LESS
                                                   8 = SMOKE OR HAZE
[NO. OF DAYS WITH]      [WEATHER - DAYS WITH]      9 = BLOWING SNOW
                                                   X = TORNADO
MAX 32 OR BELOW:   0    0.01 INCH OR MORE:   4
MAX 90 OR ABOVE:   1    0.10 INCH OR MORE:   1
MIN 32 OR BELOW:   0    0.50 INCH OR MORE:   1
MIN  0 OR BELOW:   0    1.00 INCH OR MORE:   0

[HDD (BASE 65) ]
TOTAL THIS MO.    53    CLEAR  (SCALE 0-3)   4
DPTR FM NORMAL   -45    PTCLDY (SCALE 4-7)  13
TOTAL FM JUL 1    60    CLOUDY (SCALE 8-10)  2
DPTR FM NORMAL  -101

[CDD (BASE 65) ]
TOTAL THIS MO.    56
DPTR FM NORMAL    35    [PRESSURE DATA]
TOTAL FM JAN 1   509    HIGHEST SLP M ON M
DPTR FM NORMAL   194    LOWEST  SLP 29.70 ON 18

[REMARKS]
