000
CXUS51 KCAR 180600
CF6BGR
PRELIMINARY LOCAL CLIMATOLOGICAL DATA (WS FORM: F-6)

                                          STATION:   BANGOR ME
                                          MONTH:     FEBRUARY
                                          YEAR:      2020
                                          LATITUDE:   44 47 N
                                          LONGITUDE:  68 49 W

  TEMPERATURE IN F:       :PCPN:    SNOW:  WIND      :SUNSHINE: SKY     :PK WND
================================================================================
1   2   3   4   5  6A  6B    7    8   9   10  11  12  13   14  15   16   17  18
                                     12Z  AVG MX 2MIN
DY MAX MIN AVG DEP HDD CDD  WTR  SNW DPTH SPD SPD DIR MIN PSBL S-S WX    SPD DR
================================================================================

 1  36  21  29  11  36   0    T    T    T  2.2  7 350   M    M  10         9 350
 2  33  23  28  10  37   0    T    T    T  7.1 13 310   M    M   9        15 320
 3  43  19  31  13  34   0 0.00  0.0    T  7.3 17 290   M    M   6        24 290
 4  38  27  33  15  32   0    T    T    T  2.4 16 320   M    M   7        21 320
 5  39  16  28  10  37   0 0.00  0.0    T 10.8 25 330   M    M   5        32 320
 6  29  16  23   5  42   0 0.19  2.0    0  5.5 13 350   M    M  10 16     15 350
 7  29  19  24   5  41   0 0.29  0.7    2 13.9 32 330   M    M   9 1469   43 330
 8  20   0  10  -9  55   0 0.01    T    3  7.6 18 280   M    M   4        27 240
 9  22  -8   7 -12  58   0    T    T    3  4.1 14 210   M    M   2 18     20 220
10  37  20  29  10  36   0 0.27  1.8    5  4.5 16 200   M    M  10 1      22 200
11  34  21  28   8  37   0 0.03    T    4  2.0  9 320   M    M   8 126    10 320
12  39  28  34  14  31   0 0.00  0.0    4  8.1 17 320   M    M   7        25 310
13  35  16  26   6  39   0 0.09  1.3    4  6.4 23  20   M    M  10 1      28  30
14  16  -4   6 -14  59   0    T    T    5 13.1 26 320   M    M   2 8      30 320
15  19 -10   5 -16  60   0 0.00  0.0    5  6.3 16 190   M    M   3        20 200
16  38  16  27   6  38   0 0.03  0.5    5  6.3 17 210   M    M   7 18     23 210
17  33  12  23   2  42   0 0.00  0.0    4  8.3 23 330   M    M   2        26 330
================================================================================
SM  540  232       714   0  0.91     6.3 115.9          M      111
================================================================================
AV 31.8 13.7                               6.8 FASTST   M    M   7    MAX(MPH)
                                 MISC ---->  # 32 330               # 43  330
================================================================================
NOTES:
# LAST OF SEVERAL OCCURRENCES

COLUMN 17 PEAK WIND IN M.P.H.

PRELIMINARY LOCAL CLIMATOLOGICAL DATA (WS FORM: F-6) , PAGE 2

                                          STATION:  BANGOR ME
                                          MONTH:    FEBRUARY
                                          YEAR:     2020
                                          LATITUDE:   44 47 N
                                          LONGITUDE:  68 49 W

[TEMPERATURE DATA]      [PRECIPITATION DATA]       SYMBOLS USED IN COLUMN 16

AVERAGE MONTHLY: 22.7   TOTAL FOR MONTH:   0.91    1 = FOG OR MIST
DPTR FM NORMAL:   3.5   DPTR FM NORMAL:   -0.59    2 = FOG REDUCING VISIBILITY
HIGHEST:    43 ON  3    GRTST 24HR  0.29 ON  7- 7      TO 1/4 MILE OR LESS
LOWEST:    -10 ON 15                               3 = THUNDER
                        SNOW, ICE PELLETS, HAIL    4 = ICE PELLETS
                        TOTAL MONTH:   6.3 INCHES  5 = HAIL
                        GRTST 24HR   2.0 ON  6- 6  6 = FREEZING RAIN OR DRIZZLE
                        GRTST DEPTH:   5 ON 16,15  7 = DUSTSTORM OR SANDSTORM:
                                                       VSBY 1/2 MILE OR LESS
                                                   8 = SMOKE OR HAZE
[NO. OF DAYS WITH]      [WEATHER - DAYS WITH]      9 = BLOWING SNOW
                                                   X = TORNADO
MAX 32 OR BELOW:   6    0.01 INCH OR MORE:   7
MAX 90 OR ABOVE:   0    0.10 INCH OR MORE:   3
MIN 32 OR BELOW:  17    0.50 INCH OR MORE:   0
MIN  0 OR BELOW:   4    1.00 INCH OR MORE:   0

[HDD (BASE 65) ]
TOTAL THIS MO.   714    CLEAR  (SCALE 0-3)   4
DPTR FM NORMAL   -63    PTCLDY (SCALE 4-7)   6
TOTAL FM JUL 1  4841    CLOUDY (SCALE 8-10)  7
DPTR FM NORMAL  -343

[CDD (BASE 65) ]
TOTAL THIS MO.     0
DPTR FM NORMAL     0    [PRESSURE DATA]
TOTAL FM JAN 1     0    HIGHEST SLP M ON M
DPTR FM NORMAL     0    LOWEST  SLP 28.96 ON  7

[REMARKS]
