000
CXUS51 KCAR 210600
CF6BGR
PRELIMINARY LOCAL CLIMATOLOGICAL DATA (WS FORM: F-6)

                                          STATION:   BANGOR ME
                                          MONTH:     JUNE
                                          YEAR:      2018
                                          LATITUDE:   44 47 N
                                          LONGITUDE:  68 49 W

  TEMPERATURE IN F:       :PCPN:    SNOW:  WIND      :SUNSHINE: SKY     :PK WND
================================================================================
1   2   3   4   5  6A  6B    7    8   9   10  11  12  13   14  15   16   17  18
                                     12Z  AVG MX 2MIN
DY MAX MIN AVG DEP HDD CDD  WTR  SNW DPTH SPD SPD DIR MIN PSBL S-S WX    SPD DR
================================================================================

 1  83  58  71  12   0   6 0.44  0.0    0  7.1 15 170   M    M   6 13     19 170
 2  73  50  62   3   3   0    T  0.0    0 12.9 25  30   M    M   6 12     30 360
 3  70  40  55  -5  10   0 0.00  0.0    0  8.1 16 190   M    M   4        19 200
 4  51  37  44 -16  21   0 0.36  0.0    0  6.4 16 140   M    M   8 1      20 170
 5  53  43  48 -12  17   0 0.55  0.0    0  3.3  9 200   M    M  10 1      12 170
 6  62  47  55  -5  10   0 0.00  0.0    0  4.0 10  50   M    M   9 1      13  40
 7  64  50  57  -4   8   0    T  0.0    0  9.6 20 170   M    M   9        25 180
 8  75  48  62   1   3   0    T  0.0    0  6.8 21 320   M    M   5        28 320
 9  75  48  62   1   3   0 0.00  0.0    0  9.3 23 320   M    M   4        28 280
10  70  39  55  -7  10   0 0.00  0.0    0  8.5 23 330   M    M   4        28 350
11  73  40  57  -5   8   0 0.00  0.0    0  5.1 15 340   M    M   3        28 320
12  81  40  61  -1   4   0 0.00  0.0    0  7.5 22 210   M    M   3        28 200
13  86  62  74  11   0   9 0.00  0.0    0  9.0 23 170   M    M   6 8      28 180
14  62  49  56  -7   9   0 0.10  0.0    0 10.7 18  10   M    M  10 13     23  10
15  77  43  60  -3   5   0 0.00  0.0    0  5.8 14 330   M    M   3        19 350
16  88  48  68   5   0   3 0.00  0.0    0  5.3 21 340   M    M   3        29 330
17  77  53  65   1   0   0    T  0.0    0  7.2 20 130   M    M   7        22 120
18  72  53  63  -1   2   0 1.51  0.0    0  7.6 15 220   M    M   9 1      20 220
19  76  59  68   4   0   3 0.03  0.0    0 14.1 29 330   M    M   4 1      36 320
20  80  49  65   1   0   0 0.00  0.0    0  7.7 20 240   M    M   3        31 230
================================================================================
SM 1448  956       113  21  2.99     0.0 156.0          M      116
================================================================================
AV 72.4 47.8                               7.8 FASTST   M    M   6    MAX(MPH)
                                 MISC ---->  # 29 330               # 36  320
================================================================================
NOTES:
# LAST OF SEVERAL OCCURRENCES

COLUMN 17 PEAK WIND IN M.P.H.

PRELIMINARY LOCAL CLIMATOLOGICAL DATA (WS FORM: F-6) , PAGE 2

                                          STATION:  BANGOR ME
                                          MONTH:    JUNE
                                          YEAR:     2018
                                          LATITUDE:   44 47 N
                                          LONGITUDE:  68 49 W

[TEMPERATURE DATA]      [PRECIPITATION DATA]       SYMBOLS USED IN COLUMN 16

AVERAGE MONTHLY: 60.1   TOTAL FOR MONTH:   2.99    1 = FOG OR MIST
DPTR FM NORMAL:  -1.7   DPTR FM NORMAL:    0.38    2 = FOG REDUCING VISIBILITY
HIGHEST:    88 ON 16    GRTST 24HR  1.51 ON 18-18      TO 1/4 MILE OR LESS
LOWEST:     37 ON  4                               3 = THUNDER
                        SNOW, ICE PELLETS, HAIL    4 = ICE PELLETS
                        TOTAL MONTH:   0.0 INCH    5 = HAIL
                        GRTST 24HR     0.0         6 = FREEZING RAIN OR DRIZZLE
                        GRTST DEPTH:   0           7 = DUSTSTORM OR SANDSTORM:
                                                       VSBY 1/2 MILE OR LESS
                                                   8 = SMOKE OR HAZE
[NO. OF DAYS WITH]      [WEATHER - DAYS WITH]      9 = BLOWING SNOW
                                                   X = TORNADO
MAX 32 OR BELOW:   0    0.01 INCH OR MORE:   6
MAX 90 OR ABOVE:   0    0.10 INCH OR MORE:   5
MIN 32 OR BELOW:   0    0.50 INCH OR MORE:   2
MIN  0 OR BELOW:   0    1.00 INCH OR MORE:   1

[HDD (BASE 65) ]
TOTAL THIS MO.   113    CLEAR  (SCALE 0-3)   1
DPTR FM NORMAL    23    PTCLDY (SCALE 4-7)  13
TOTAL FM JUL 1  7336    CLOUDY (SCALE 8-10)  6
DPTR FM NORMAL  -507

[CDD (BASE 65) ]
TOTAL THIS MO.    21
DPTR FM NORMAL    -6    [PRESSURE DATA]
TOTAL FM JAN 1    30    HIGHEST SLP M ON M
DPTR FM NORMAL    -3    LOWEST  SLP 29.47 ON 18

[REMARKS]
