895
CXUS54 KBMX 212019
CF6BHM
PRELIMINARY LOCAL CLIMATOLOGICAL DATA (WS FORM: F-6)

                                          STATION:   BIRMINGHAM
                                          MONTH:     FEBRUARY
                                          YEAR:      2018
                                          LATITUDE:   33 34 N
                                          LONGITUDE:  86 45 W

  TEMPERATURE IN F:       :PCPN:    SNOW:  WIND      :SUNSHINE: SKY     :PK WND
================================================================================
1   2   3   4   5  6A  6B    7    8   9   10  11  12  13   14  15   16   17  18
                                     12Z  AVG MX 2MIN
DY MAX MIN AVG DEP HDD CDD  WTR  SNW DPTH SPD SPD DIR MIN PSBL S-S WX    SPD DR
================================================================================

 1  68  42  55  10  10   0 0.11  0.0    0 12.5 30 350   M    M   9 1      39 340
 2  43  28  36  -9  29   0 0.00  0.0    0 10.8 20 340   M    M   5        27 350
 3  56  32  44  -1  21   0    T  0.0    0  7.4 20 140   M    M   9        27 140
 4  51  35  43  -2  22   0 1.81  0.0    0  6.0 16 280   M    M   8 1      19 120
 5  53  33  43  -3  22   0 0.00  0.0    0  5.3 17  10   M    M   4 18     23  10
 6  70  48  59  13   6   0 0.12  0.0    0  4.0 12 150   M    M   9 1      16 140
 7  62  35  49   3  16   0 2.05  0.0    0  9.0 24 320   M    M   9 13     29 310
 8  59  30  45  -1  20   0 0.00  0.0    0  3.7 13 350   M    M   3 18     15 360
 9  68  37  53   7  12   0 0.05    M    0  6.2 16 130   M    M   5 1      22 140
10  66  54  60  14   5   0 0.68  0.0    0 10.2 18 190   M    M  10 1      25 180
11  68  50  59  12   6   0 0.84  0.0    0  6.9 20 280   M    M  10 1      22 280
12  50  39  45  -2  20   0 0.26    M    0  8.4 16 340   M    M  10 1      20 320
13  69  43  56   9   9   0    T    M    0  3.1  9 340   M    M   8 1      12  70
14  64  53  59  11   6   0 0.05  0.0    0  5.0  9 180   M    M  10 1      15 110
15  75  62  69  21   0   4 0.00  0.0    0 10.5 20 200   M    M   9 1      25 200
16  68  51  60  12   5   0 0.01  0.0    0 10.9 22 220   M    M   8 18     28 220
17  73  50  62  14   3   0 0.25  0.0    0  8.9 21 250   M    M  10 18     29 230
18  60  49  55   7  10   0 0.01    M    0  5.9 14  20   M    M   9 1      19  50
19  78  56  67  18   0   2 0.00  0.0    0  8.5 17 170   M    M   5 1      24 180
20  80  64  72  23   0   7 0.00  0.0    0  9.6 18 160   M    M   5        26 130
================================================================================
SM 1281  891       222  13  6.24     0.0 152.8          M      155
================================================================================
AV 64.1 44.6                               7.6 FASTST   M    M   8    MAX(MPH)
                                 MISC ---->  # 30 350               # 39  340
================================================================================
NOTES:
# LAST OF SEVERAL OCCURRENCES

COLUMN 17 PEAK WIND IN M.P.H.

PRELIMINARY LOCAL CLIMATOLOGICAL DATA (WS FORM: F-6) , PAGE 2

                                          STATION:  BIRMINGHAM
                                          MONTH:    FEBRUARY
                                          YEAR:     2018
                                          LATITUDE:   33 34 N
                                          LONGITUDE:  86 45 W

[TEMPERATURE DATA]      [PRECIPITATION DATA]       SYMBOLS USED IN COLUMN 16

AVERAGE MONTHLY: 54.3   TOTAL FOR MONTH:   6.24    1 = FOG OR MIST
DPTR FM NORMAL:   7.6   DPTR FM NORMAL:    3.06    2 = FOG REDUCING VISIBILITY
HIGHEST:    80 ON 20    GRTST 24HR  2.05 ON  7- 7      TO 1/4 MILE OR LESS
LOWEST:     28 ON  2                               3 = THUNDER
                        SNOW, ICE PELLETS, HAIL    4 = ICE PELLETS
                        TOTAL MONTH:   0.0 INCH    5 = HAIL
                        GRTST 24HR     0.0         6 = FREEZING RAIN OR DRIZZLE
                        GRTST DEPTH:   0           7 = DUSTSTORM OR SANDSTORM:
                                                       VSBY 1/2 MILE OR LESS
                                                   8 = SMOKE OR HAZE
[NO. OF DAYS WITH]      [WEATHER - DAYS WITH]      9 = BLOWING SNOW
                                                   X = TORNADO
MAX 32 OR BELOW:   0    0.01 INCH OR MORE:  12
MAX 90 OR ABOVE:   0    0.10 INCH OR MORE:   8
MIN 32 OR BELOW:   3    0.50 INCH OR MORE:   4
MIN  0 OR BELOW:   0    1.00 INCH OR MORE:   2

[HDD (BASE 65) ]
TOTAL THIS MO.   222    CLEAR  (SCALE 0-3)   1
DPTR FM NORMAL  -145    PTCLDY (SCALE 4-7)   7
TOTAL FM JUL 1  1984    CLOUDY (SCALE 8-10) 12
DPTR FM NORMAL   -88

[CDD (BASE 65) ]
TOTAL THIS MO.    13
DPTR FM NORMAL    13    [PRESSURE DATA]
TOTAL FM JAN 1    14    HIGHEST SLP M ON M
DPTR FM NORMAL    13    LOWEST  SLP 29.87 ON  4

[REMARKS]
