000
CXUS54 KBMX 201110
CF6BHM
PRELIMINARY LOCAL CLIMATOLOGICAL DATA (WS FORM: F-6)

                                          STATION:   BIRMINGHAM
                                          MONTH:     JUNE
                                          YEAR:      2018
                                          LATITUDE:   33 34 N
                                          LONGITUDE:  86 45 W

  TEMPERATURE IN F:       :PCPN:    SNOW:  WIND      :SUNSHINE: SKY     :PK WND
================================================================================
1   2   3   4   5  6A  6B    7    8   9   10  11  12  13   14  15   16   17  18
                                     12Z  AVG MX 2MIN
DY MAX MIN AVG DEP HDD CDD  WTR  SNW DPTH SPD SPD DIR MIN PSBL S-S WX    SPD DR
================================================================================

 1  88  71  80   5   0  15 0.14  0.0    0  6.9 18 350   M    M   7 13     25 340
 2  92  71  82   7   0  17 0.00  0.0    0  4.4 15 290   M    M   4 1      21 300
 3  91  69  80   5   0  15 0.01  0.0    0  7.9 18 300   M    M   3 3      24 300
 4  86  61  74  -1   0   9 0.00  0.0    0  3.9 16 350   M    M   1        23 320
 5  84  61  73  -3   0   8 0.00  0.0    0  2.3 10 280   M    M   6        13 300
 6  90  61  76   0   0  11 0.00  0.0    0  3.9 13 350   M    M   1        17 360
 7  92  63  78   2   0  13 0.00  0.0    0  3.6 13 350   M    M   3        17  50
 8  93  69  81   5   0  16 0.00  0.0    0  2.9  8  30   M    M   4        11 330
 9  92  70  81   5   0  16 0.23  0.0    0  4.2 18 220   M    M   4 138    25 220
10  90  69  80   3   0  15 1.29  0.0    0  3.9 23 320   M    M   5 13     28 320
11  87  69  78   1   0  13 0.02  0.0    0  5.3 25 250   M    M   6 13     30 250
12  87  68  78   1   0  13 0.56  0.0    0  3.6 25 260   M    M   6 13     35 270
13  83  70  77   0   0  12    T  0.0    0  5.3 15 260   M    M   7        16 270
14  89  72  81   3   0  16 0.00  0.0    0  4.0 10 330   M    M   6 1      19  50
15  93  71  82   4   0  17 0.07  0.0    0  3.3 13 240   M    M   5        15 240
16  92  73  83   5   0  18 0.00  0.0    0  4.2 14 170   M    M   4 3      18 180
17  92  70  81   3   0  16 0.61  0.0    0  3.8 32 140   M    M   6 13     44 130
18  91  70  81   3   0  16 0.00  0.0    0  3.8 12 290   M    M   3        17 300
19  92  72  82   4   0  17 0.00  0.0    0  3.7 17 340   M    M   3        22 340
================================================================================
SM 1704 1300         0 273  2.93     0.0  80.9          M       84
================================================================================
AV 89.7 68.4                               4.3 FASTST   M    M   4    MAX(MPH)
                                 MISC ---->  # 32 140               # 44  130
================================================================================
NOTES:
# LAST OF SEVERAL OCCURRENCES

COLUMN 17 PEAK WIND IN M.P.H.

PRELIMINARY LOCAL CLIMATOLOGICAL DATA (WS FORM: F-6) , PAGE 2

                                          STATION:  BIRMINGHAM
                                          MONTH:    JUNE
                                          YEAR:     2018
                                          LATITUDE:   33 34 N
                                          LONGITUDE:  86 45 W

[TEMPERATURE DATA]      [PRECIPITATION DATA]       SYMBOLS USED IN COLUMN 16

AVERAGE MONTHLY: 79.1   TOTAL FOR MONTH:   2.93    1 = FOG OR MIST
DPTR FM NORMAL:   2.4   DPTR FM NORMAL:    0.21    2 = FOG REDUCING VISIBILITY
HIGHEST:    93 ON 15, 8 GRTST 24HR  1.29 ON 10-10      TO 1/4 MILE OR LESS
LOWEST:     61 ON  6, 5                            3 = THUNDER
                        SNOW, ICE PELLETS, HAIL    4 = ICE PELLETS
                        TOTAL MONTH:   0.0 INCH    5 = HAIL
                        GRTST 24HR     0.0         6 = FREEZING RAIN OR DRIZZLE
                        GRTST DEPTH:   0           7 = DUSTSTORM OR SANDSTORM:
                                                       VSBY 1/2 MILE OR LESS
                                                   8 = SMOKE OR HAZE
[NO. OF DAYS WITH]      [WEATHER - DAYS WITH]      9 = BLOWING SNOW
                                                   X = TORNADO
MAX 32 OR BELOW:   0    0.01 INCH OR MORE:   8
MAX 90 OR ABOVE:  12    0.10 INCH OR MORE:   5
MIN 32 OR BELOW:   0    0.50 INCH OR MORE:   3
MIN  0 OR BELOW:   0    1.00 INCH OR MORE:   1

[HDD (BASE 65) ]
TOTAL THIS MO.     0    CLEAR  (SCALE 0-3)   5
DPTR FM NORMAL     0    PTCLDY (SCALE 4-7)  14
TOTAL FM JUL 1  2475    CLOUDY (SCALE 8-10)  0
DPTR FM NORMAL  -201

[CDD (BASE 65) ]
TOTAL THIS MO.   273
DPTR FM NORMAL    50    [PRESSURE DATA]
TOTAL FM JAN 1   695    HIGHEST SLP M ON M
DPTR FM NORMAL   190    LOWEST  SLP 29.83 ON  2

[REMARKS]
