000
CXUS54 KBMX 181110
CF6BHM
PRELIMINARY LOCAL CLIMATOLOGICAL DATA (WS FORM: F-6)

                                          STATION:   BIRMINGHAM
                                          MONTH:     DECEMBER
                                          YEAR:      2018
                                          LATITUDE:   33 34 N
                                          LONGITUDE:  86 45 W

  TEMPERATURE IN F:       :PCPN:    SNOW:  WIND      :SUNSHINE: SKY     :PK WND
================================================================================
1   2   3   4   5  6A  6B    7    8   9   10  11  12  13   14  15   16   17  18
                                     12Z  AVG MX 2MIN
DY MAX MIN AVG DEP HDD CDD  WTR  SNW DPTH SPD SPD DIR MIN PSBL S-S WX    SPD DR
================================================================================

 1  70  57  64  15   1   0 1.25  0.0    0 10.3 24 140   M    M  10 13     30 130
 2  75  46  61  12   4   0 0.00  0.0    0  7.0 23 240   M    M   1 1      30 240
 3  60  40  50   1  15   0 0.00  0.0    0  6.1 16 290   M    M   6        19 310
 4  50  32  41  -8  24   0 0.00  0.0    0  5.3 15 300   M    M   2        25 290
 5  45  26  36 -12  29   0 0.00  0.0    0  6.4 21 310   M    M   0        25 310
 6  50  25  38 -10  27   0 0.00  0.0    0  1.7  9 240   M    M   6        13 200
 7  46  41  44  -4  21   0 0.14  0.0    0  3.5  8  60   M    M  10 1      10  80
 8  47  41  44  -4  21   0 2.41  0.0    0  9.8 32  80   M    M  10 1      49  90
 9  42  38  40  -7  25   0 0.09  0.0    0  7.9 31  90   M    M   8 1      45 100
10  40  35  38  -9  27   0 0.03  0.0    0  7.1 15 350   M    M  10 1      19 350
11  49  25  37 -10  28   0 0.00  0.0    0  1.2  7 250   M    M   3 128    10 290
12  55  29  42  -5  23   0 0.00  0.0    0  4.0 14 180   M    M   7        18 180
13  58  46  52   6  13   0 0.00  0.0    0  7.6 17 110   M    M   9        24 120
14  58  52  55   9  10   0 0.31  0.0    0 10.3 21 210   M    M  10 1      26 190
15  52  47  50   4  15   0 0.04  0.0    0  8.7 15 210   M    M  10 18     20 220
16  58  45  52   6  13   0 0.00  0.0    0  7.4 15 320   M    M   9 1      20 320
17  62  38  50   4  15   0 0.00  0.0    0  3.5  9 280   M    M   5 12     12 300
================================================================================
SM  917  663       311   0  4.27     0.0 107.8          M      116
================================================================================
AV 53.9 39.0                               6.3 FASTST   M    M   7    MAX(MPH)
                                 MISC ---->  # 32  80               # 49   90
================================================================================
NOTES:
# LAST OF SEVERAL OCCURRENCES

COLUMN 17 PEAK WIND IN M.P.H.

PRELIMINARY LOCAL CLIMATOLOGICAL DATA (WS FORM: F-6) , PAGE 2

                                          STATION:  BIRMINGHAM
                                          MONTH:    DECEMBER
                                          YEAR:     2018
                                          LATITUDE:   33 34 N
                                          LONGITUDE:  86 45 W

[TEMPERATURE DATA]      [PRECIPITATION DATA]       SYMBOLS USED IN COLUMN 16

AVERAGE MONTHLY: 46.5   TOTAL FOR MONTH:   4.27    1 = FOG OR MIST
DPTR FM NORMAL:  -0.9   DPTR FM NORMAL:    1.66    2 = FOG REDUCING VISIBILITY
HIGHEST:    75 ON  2    GRTST 24HR  2.41 ON  8- 8      TO 1/4 MILE OR LESS
LOWEST:     25 ON 11, 6                            3 = THUNDER
                        SNOW, ICE PELLETS, HAIL    4 = ICE PELLETS
                        TOTAL MONTH:   0.0 INCH    5 = HAIL
                        GRTST 24HR     0.0         6 = FREEZING RAIN OR DRIZZLE
                        GRTST DEPTH:   0           7 = DUSTSTORM OR SANDSTORM:
                                                       VSBY 1/2 MILE OR LESS
                                                   8 = SMOKE OR HAZE
[NO. OF DAYS WITH]      [WEATHER - DAYS WITH]      9 = BLOWING SNOW
                                                   X = TORNADO
MAX 32 OR BELOW:   0    0.01 INCH OR MORE:   7
MAX 90 OR ABOVE:   0    0.10 INCH OR MORE:   4
MIN 32 OR BELOW:   5    0.50 INCH OR MORE:   2
MIN  0 OR BELOW:   0    1.00 INCH OR MORE:   2

[HDD (BASE 65) ]
TOTAL THIS MO.   311    CLEAR  (SCALE 0-3)   4
DPTR FM NORMAL     9    PTCLDY (SCALE 4-7)   4
TOTAL FM JUL 1   849    CLOUDY (SCALE 8-10)  9
DPTR FM NORMAL    89

[CDD (BASE 65) ]
TOTAL THIS MO.     0
DPTR FM NORMAL     0    [PRESSURE DATA]
TOTAL FM JAN 1  2589    HIGHEST SLP M ON M
DPTR FM NORMAL   534    LOWEST  SLP 29.63 ON  1

[REMARKS]
