000
CXUS55 KVEF 170940
CF6BIH
PRELIMINARY LOCAL CLIMATOLOGICAL DATA (WS FORM: F-6)

                                          STATION:   BISHOP CA
                                          MONTH:     FEBRUARY
                                          YEAR:      2018
                                          LATITUDE:   37 22 N
                                          LONGITUDE: 118 22 W

  TEMPERATURE IN F:       :PCPN:    SNOW:  WIND      :SUNSHINE: SKY     :PK WND
================================================================================
1   2   3   4   5  6A  6B    7    8   9   10  11  12  13   14  15   16   17  18
                                     12Z  AVG MX 2MIN
DY MAX MIN AVG DEP HDD CDD  WTR  SNW DPTH SPD SPD DIR MIN PSBL S-S WX    SPD DR
================================================================================

 1  71  29  50  10  15   0 0.00  0.0    0  5.6 10 350   M    M   0        13 320
 2  75  30  53  13  12   0 0.00  0.0    0  5.6 12 270   M    M   0        21 280
 3  76  35  56  16   9   0 0.00  0.0    0 10.5 24  10   M    M   0        33 360
 4  74  33  54  14  11   0 0.00  0.0    0  6.2 15 310   M    M   0        19 310
 5  73  28  51  11  14   0 0.00  0.0    0  5.8 15 360   M    M   0        19 360
 6  69  38  54  14  11   0 0.00  0.0    0 14.9 28 340   M    M   0        38 330
 7  69  23  46   5  19   0 0.00  0.0    0  4.1 10 340   M    M   0        11 330
 8  75  30  53  12  12   0 0.00  0.0    0  6.1 12 310   M    M   0        13 320
 9  78  28  53  12  12   0 0.00  0.0    0  6.0 12 160   M    M   0        17 320
10  72  30  51  10  14   0 0.00  0.0    0 14.9 43 360   M    M   2 8      54 340
11  56  14  35  -6  30   0 0.00  0.0    0  8.2 26 170   M    M   1        36 170
12  50  31  41  -1  24   0 0.00  0.0    0  8.7 22 360   M    M   6        27  20
13  51  26  39  -3  26   0 0.00  0.0    0  6.3 16 120   M    M   6        20 130
14  55  18  37  -5  28   0 0.00  0.0    0  5.5 14 150   M    M   0        16 150
15  58  21  40  -2  25   0 0.00  0.0    0 10.2 24 350   M    M   0        31 360
16  63  16  40  -2  25   0 0.00  0.0    0  3.5 10 310   M    M   0        12 310
================================================================================
SM 1065  430       287   0  0.00     0.0 122.1          M       15
================================================================================
AV 66.6 26.9                               7.6 FASTST   M    M   1    MAX(MPH)
                                 MISC ---->  # 43 360               # 54  340
================================================================================
NOTES:
# LAST OF SEVERAL OCCURRENCES

COLUMN 17 PEAK WIND IN M.P.H.

PRELIMINARY LOCAL CLIMATOLOGICAL DATA (WS FORM: F-6) , PAGE 2

                                          STATION:  BISHOP CA
                                          MONTH:    FEBRUARY
                                          YEAR:     2018
                                          LATITUDE:   37 22 N
                                          LONGITUDE: 118 22 W

[TEMPERATURE DATA]      [PRECIPITATION DATA]       SYMBOLS USED IN COLUMN 16

AVERAGE MONTHLY: 46.7   TOTAL FOR MONTH:   0.00    1 = FOG OR MIST
DPTR FM NORMAL:   5.8   DPTR FM NORMAL:   -0.47    2 = FOG REDUCING VISIBILITY
HIGHEST:    78 ON  9    GRTST 24HR  0.00 ON 16-16      TO 1/4 MILE OR LESS
LOWEST:     14 ON 11                               3 = THUNDER
                        SNOW, ICE PELLETS, HAIL    4 = ICE PELLETS
                        TOTAL MONTH:   0.0 INCH    5 = HAIL
                        GRTST 24HR     0.0         6 = FREEZING RAIN OR DRIZZLE
                        GRTST DEPTH:   0           7 = DUSTSTORM OR SANDSTORM:
                                                       VSBY 1/2 MILE OR LESS
                                                   8 = SMOKE OR HAZE
[NO. OF DAYS WITH]      [WEATHER - DAYS WITH]      9 = BLOWING SNOW
                                                   X = TORNADO
MAX 32 OR BELOW:   0    0.01 INCH OR MORE:   0
MAX 90 OR ABOVE:   0    0.10 INCH OR MORE:   0
MIN 32 OR BELOW:  13    0.50 INCH OR MORE:   0
MIN  0 OR BELOW:   0    1.00 INCH OR MORE:   0

[HDD (BASE 65) ]
TOTAL THIS MO.   287    CLEAR  (SCALE 0-3)  14
DPTR FM NORMAL   -97    PTCLDY (SCALE 4-7)   2
TOTAL FM JUL 1  2460    CLOUDY (SCALE 8-10)  0
DPTR FM NORMAL  -493

[CDD (BASE 65) ]
TOTAL THIS MO.     0
DPTR FM NORMAL     0    [PRESSURE DATA]
TOTAL FM JAN 1     0    HIGHEST SLP M ON M
DPTR FM NORMAL     0    LOWEST  SLP 29.55 ON 11

[REMARKS]
