000
CXUS55 KVEF 220940
CF6BIH
PRELIMINARY LOCAL CLIMATOLOGICAL DATA (WS FORM: F-6)

                                          STATION:   BISHOP CA
                                          MONTH:     OCTOBER
                                          YEAR:      2019
                                          LATITUDE:   37 22 N
                                          LONGITUDE: 118 22 W

  TEMPERATURE IN F:       :PCPN:    SNOW:  WIND      :SUNSHINE: SKY     :PK WND
================================================================================
1   2   3   4   5  6A  6B    7    8   9   10  11  12  13   14  15   16   17  18
                                     12Z  AVG MX 2MIN
DY MAX MIN AVG DEP HDD CDD  WTR  SNW DPTH SPD SPD DIR MIN PSBL S-S WX    SPD DR
================================================================================

 1  66  36  51 -11  14   0 0.00  0.0    0  7.6 16 360   M    M   0        21 360
 2  72  31  52 -10  13   0 0.00  0.0    0  6.9 16 160   M    M   0        22 160
 3  76  30  53  -9  12   0 0.00  0.0    0  6.8 21 150   M    M   0        28 150
 4  81  28  55  -6  10   0 0.00  0.0    0  6.6 17 340   M    M   0        20 150
 5  80  37  59  -2   6   0 0.00  0.0    0  7.1 14 150   M    M   0        19 140
 6  82  44  63   3   2   0 0.00  0.0    0  7.2 16 150   M    M   0        20 180
 7  83  36  60   0   5   0 0.00  0.0    0  5.8 13 160   M    M   0        17 150
 8  85  37  61   1   4   0 0.00  0.0    0  6.9 18 150   M    M   2 8      22 140
 9  86  39  63   4   2   0 0.00  0.0    0 15.4 41 340   M    M   0 8      52 340
10  69  31  50  -9  15   0 0.00  0.0    0 11.0 28 360   M    M   0        36  10
11  72  20  46 -13  19   0 0.00  0.0    0  6.5 17 180   M    M   0        22 160
12  74  24  49  -9  16   0 0.00  0.0    0  7.5 18 170   M    M   0        24 170
13  73  23  48 -10  17   0 0.00  0.0    0  7.2 21 150   M    M   0        25 170
14  77  32  55  -3  10   0 0.00  0.0    M  5.3 12 350   M    M   0        14 350
15  80  28  54  -3  11   0 0.00  0.0    0  5.6 14 180   M    M   0        18 180
16  78  31  55  -2  10   0 0.00  0.0    0  7.2 21 160   M    M   0        27 140
17  79  36  58   2   7   0 0.00  0.0    0 12.4 28 360   M    M   1        36 350
18  71  34  53  -3  12   0 0.00  0.0    0  7.7 16 340   M    M   0        21 330
19  74  28  51  -5  14   0 0.00  0.0    0  6.8 22 350   M    M   0        30 350
20  78  46  62   7   3   0 0.00  0.0    0 11.2 23 350   M    M   0        30 340
21  81  39  60   5   5   0 0.00  0.0    0 12.2 23  10   M    M   0        32 360
================================================================================
SM 1617  690       207   0  0.00     0.0 170.9          M        3
================================================================================
AV 77.0 32.9                               8.1 FASTST   M    M   0    MAX(MPH)
                                 MISC ---->  # 41 340               # 52  340
================================================================================
NOTES:
# LAST OF SEVERAL OCCURRENCES

COLUMN 17 PEAK WIND IN M.P.H.

PRELIMINARY LOCAL CLIMATOLOGICAL DATA (WS FORM: F-6) , PAGE 2

                                          STATION:  BISHOP CA
                                          MONTH:    OCTOBER
                                          YEAR:     2019
                                          LATITUDE:   37 22 N
                                          LONGITUDE: 118 22 W

[TEMPERATURE DATA]      [PRECIPITATION DATA]       SYMBOLS USED IN COLUMN 16

AVERAGE MONTHLY: 54.9   TOTAL FOR MONTH:   0.00    1 = FOG OR MIST
DPTR FM NORMAL:  -3.7   DPTR FM NORMAL:   -0.18    2 = FOG REDUCING VISIBILITY
HIGHEST:    86 ON  9    GRTST 24HR  0.00 ON 21-21      TO 1/4 MILE OR LESS
LOWEST:     20 ON 11                               3 = THUNDER
                        SNOW, ICE PELLETS, HAIL    4 = ICE PELLETS
                        TOTAL MONTH:   0.0 INCH    5 = HAIL
                        GRTST 24HR     0.0         6 = FREEZING RAIN OR DRIZZLE
                        GRTST DEPTH:   0           7 = DUSTSTORM OR SANDSTORM:
                                                       VSBY 1/2 MILE OR LESS
                                                   8 = SMOKE OR HAZE
[NO. OF DAYS WITH]      [WEATHER - DAYS WITH]      9 = BLOWING SNOW
                                                   X = TORNADO
MAX 32 OR BELOW:   0    0.01 INCH OR MORE:   0
MAX 90 OR ABOVE:   0    0.10 INCH OR MORE:   0
MIN 32 OR BELOW:  11    0.50 INCH OR MORE:   0
MIN  0 OR BELOW:   0    1.00 INCH OR MORE:   0

[HDD (BASE 65) ]
TOTAL THIS MO.   207    CLEAR  (SCALE 0-3)  21
DPTR FM NORMAL    65    PTCLDY (SCALE 4-7)   0
TOTAL FM JUL 1   262    CLOUDY (SCALE 8-10)  0
DPTR FM NORMAL    77

[CDD (BASE 65) ]
TOTAL THIS MO.     0
DPTR FM NORMAL    -7    [PRESSURE DATA]
TOTAL FM JAN 1  1078    HIGHEST SLP M ON M
DPTR FM NORMAL   -25    LOWEST  SLP 29.55 ON 17

[REMARKS]
