000
CXUS55 KVEF 210940
CF6BIH
PRELIMINARY LOCAL CLIMATOLOGICAL DATA (WS FORM: F-6)

                                          STATION:   BISHOP CA
                                          MONTH:     SEPTEMBER
                                          YEAR:      2018
                                          LATITUDE:   37 22 N
                                          LONGITUDE: 118 22 W

  TEMPERATURE IN F:       :PCPN:    SNOW:  WIND      :SUNSHINE: SKY     :PK WND
================================================================================
1   2   3   4   5  6A  6B    7    8   9   10  11  12  13   14  15   16   17  18
                                     12Z  AVG MX 2MIN
DY MAX MIN AVG DEP HDD CDD  WTR  SNW DPTH SPD SPD DIR MIN PSBL S-S WX    SPD DR
================================================================================

 1  94  52  73   1   0   8 0.00  0.0    0  5.2 10 310   M    M   0        14 240
 2  96  51  74   2   0   9 0.00  0.0    0  6.6 16 180   M    M   0        24 170
 3  95  51  73   2   0   8    T  0.0    0  8.8 28 150   M    M   1 3      37  80
 4  93  55  74   3   0   9 0.06  0.0    0  6.9 26  60   M    M   1 3      35 360
 5  91  50  71   0   0   6 0.00  0.0    0  7.0 18 160   M    M   0        24 160
 6  95  54  75   4   0  10 0.00  0.0    0  5.3 16 170   M    M   0        24 160
 7  97  55  76   6   0  11 0.00  0.0    0  6.7 20 160   M    M   0        25 150
 8  99  55  77   7   0  12 0.00  0.0    0  6.1 15 340   M    M   0        20 310
 9  99  48  74   4   0   9 0.00  0.0    0  6.2 14 170   M    M   0        19 150
10  98  48  73   3   0   8 0.00  0.0    0  6.5 16 150   M    M   0        21 160
11  97  49  73   4   0   8 0.00  0.0    0  8.1 26 330   M    M   0        32 330
12  90  52  71   2   0   6 0.00  0.0    0 11.4 25 250   M    M   0        33 250
13  90  47  69   0   0   4 0.00  0.0    0  7.0 20 170   M    M   0        25 160
14  90  45  68   0   0   3 0.00  0.0    0  9.7 23 150   M    M   0        29 160
15  91  51  71   3   0   6 0.00  0.0    0 12.0 23 150   M    M   0        29 140
16  88  40  64  -4   1   0 0.00  0.0    0  8.4 23 170   M    M   0        29 160
17  89  40  65  -2   0   0 0.00  0.0    0  8.1 21 160   M    M   0        26 160
18  90  39  65  -2   0   0 0.00  0.0    0  6.7 21 160   M    M   0        25 160
19  89  40  65  -2   0   0 0.00  0.0    0  5.3 16  10   M    M   0        22 350
20  88  43  66   0   0   1 0.00  0.0    0  7.7 15 170   M    M   0        22 140
================================================================================
SM 1859  965         1 118  0.06     0.0 149.7          M        2
================================================================================
AV 93.0 48.3                               7.5 FASTST   M    M   0    MAX(MPH)
                                 MISC ---->  # 28 150               # 37   80
================================================================================
NOTES:
# LAST OF SEVERAL OCCURRENCES

COLUMN 17 PEAK WIND IN M.P.H.

PRELIMINARY LOCAL CLIMATOLOGICAL DATA (WS FORM: F-6) , PAGE 2

                                          STATION:  BISHOP CA
                                          MONTH:    SEPTEMBER
                                          YEAR:     2018
                                          LATITUDE:   37 22 N
                                          LONGITUDE: 118 22 W

[TEMPERATURE DATA]      [PRECIPITATION DATA]       SYMBOLS USED IN COLUMN 16

AVERAGE MONTHLY: 70.6   TOTAL FOR MONTH:   0.06    1 = FOG OR MIST
DPTR FM NORMAL:   1.3   DPTR FM NORMAL:   -0.04    2 = FOG REDUCING VISIBILITY
HIGHEST:    99 ON  9, 8 GRTST 24HR  0.06 ON  4- 4      TO 1/4 MILE OR LESS
LOWEST:     39 ON 18                               3 = THUNDER
                        SNOW, ICE PELLETS, HAIL    4 = ICE PELLETS
                        TOTAL MONTH:   0.0 INCH    5 = HAIL
                        GRTST 24HR     0.0         6 = FREEZING RAIN OR DRIZZLE
                        GRTST DEPTH:   0           7 = DUSTSTORM OR SANDSTORM:
                                                       VSBY 1/2 MILE OR LESS
                                                   8 = SMOKE OR HAZE
[NO. OF DAYS WITH]      [WEATHER - DAYS WITH]      9 = BLOWING SNOW
                                                   X = TORNADO
MAX 32 OR BELOW:   0    0.01 INCH OR MORE:   1
MAX 90 OR ABOVE:  16    0.10 INCH OR MORE:   0
MIN 32 OR BELOW:   0    0.50 INCH OR MORE:   0
MIN  0 OR BELOW:   0    1.00 INCH OR MORE:   0

[HDD (BASE 65) ]
TOTAL THIS MO.     1    CLEAR  (SCALE 0-3)  20
DPTR FM NORMAL   -14    PTCLDY (SCALE 4-7)   0
TOTAL FM JUL 1     1    CLOUDY (SCALE 8-10)  0
DPTR FM NORMAL   -16

[CDD (BASE 65) ]
TOTAL THIS MO.   118
DPTR FM NORMAL    18    [PRESSURE DATA]
TOTAL FM JAN 1  1417    HIGHEST SLP M ON M
DPTR FM NORMAL   340    LOWEST  SLP 29.61 ON 12

[REMARKS]
