000
CXUS56 KBOI 191002
CF6BKE
PRELIMINARY LOCAL CLIMATOLOGICAL DATA (WS FORM: F-6)

                                          STATION:   BAKER OR
                                          MONTH:     SEPTEMBER
                                          YEAR:      2018
                                          LATITUDE:   44 50 N
                                          LONGITUDE: 117 49 W

  TEMPERATURE IN F:       :PCPN:    SNOW:  WIND      :SUNSHINE: SKY     :PK WND
================================================================================
1   2   3   4   5  6A  6B    7    8   9   10  11  12  13   14  15   16   17  18
                                     12Z  AVG MX 2MIN
DY MAX MIN AVG DEP HDD CDD  WTR  SNW DPTH SPD SPD DIR MIN PSBL S-S WX    SPD DR
================================================================================

 1  82  37  60  -1   5   0 0.00    M    M  5.8 15 310   M    M   0 1      21 340
 2  84  36  60   0   5   0 0.00    M    M  3.9 10 300   M    M   0         M  M
 3  83  39  61   1   4   0 0.00    M    M   M   M   M   M    M   M         M  M
 4  83  41  62   2   3   0 0.00    M    M  7.2 15 310   M    M   0        17 290
 5  92  38  65   6   0   0 0.00    M    M  3.4 20 350   M    M   0        24 300
 6  94  44  69  10   0   4 0.00    M    M  4.0 24  10   M    M   0        29 320
 7  89  42  66   7   0   1 0.00    M    M  4.9 16 330   M    M   0        20 330
 8  82  50  66   8   0   1 0.00    M    M  8.9 16 330   M    M   0        21 330
 9  84  41  63   5   2   0 0.00    M    M  3.6 10 270   M    M   0        11  20
10  78  40  59   1   6   0 0.00    M    M  8.7 23 340   M    M   0        29 330
11  64  39  52  -5  13   0 0.00    M    M  5.6 13 320   M    M   1        16 330
12  70  37  54  -3  11   0 0.00    M    M  5.8 15 310   M    M   2        19 310
13  69  40  55  -2  10   0    T    M    M  3.9 10 310   M    M   5 3      13 290
14  79  32  56   0   9   0 0.00    M    M  4.5 20 330   M    M   0 1      25 330
15  73  39  56   0   9   0 0.00    M    M  4.9 14 310   M    M   2        19 320
16  75  37  56   0   9   0 0.00    M    M  6.6 18 330   M    M   1        24 350
17  74  37  56   1   9   0 0.00    M    M  4.7 15 310   M    M   0        21 320
18  74  37  56   1   9   0 0.00    M    M  8.0 20 340   M    M   0        24 330
================================================================================
SM 1429  706       104   6    T     M     94.4          M       11
================================================================================
AV 79.4 39.2                               5.6 FASTST   M    M   1    MAX(MPH)
                                 MISC ---->  # 24  10               # 29  320
================================================================================
NOTES:
# LAST OF SEVERAL OCCURRENCES

COLUMN 17 PEAK WIND IN M.P.H.

PRELIMINARY LOCAL CLIMATOLOGICAL DATA (WS FORM: F-6) , PAGE 2

                                          STATION:  BAKER OR
                                          MONTH:    SEPTEMBER
                                          YEAR:     2018
                                          LATITUDE:   44 50 N
                                          LONGITUDE: 117 49 W

[TEMPERATURE DATA]      [PRECIPITATION DATA]       SYMBOLS USED IN COLUMN 16

AVERAGE MONTHLY: 59.3   TOTAL FOR MONTH:      T    1 = FOG OR MIST
DPTR FM NORMAL:   1.5   DPTR FM NORMAL:   -0.35    2 = FOG REDUCING VISIBILITY
HIGHEST:    94 ON  6    GRTST 24HR    T  ON 13-13      TO 1/4 MILE OR LESS
LOWEST:     32 ON 14                               3 = THUNDER
                        SNOW, ICE PELLETS, HAIL    4 = ICE PELLETS
                        TOTAL MONTH:    M          5 = HAIL
                        GRTST 24HR    M  ON   M    6 = FREEZING RAIN OR DRIZZLE
                        GRTST DEPTH:  M  ON   M    7 = DUSTSTORM OR SANDSTORM:
                                                       VSBY 1/2 MILE OR LESS
                                                   8 = SMOKE OR HAZE
[NO. OF DAYS WITH]      [WEATHER - DAYS WITH]      9 = BLOWING SNOW
                                                   X = TORNADO
MAX 32 OR BELOW:   0    0.01 INCH OR MORE:   0
MAX 90 OR ABOVE:   2    0.10 INCH OR MORE:   0
MIN 32 OR BELOW:   1    0.50 INCH OR MORE:   0
MIN  0 OR BELOW:   0    1.00 INCH OR MORE:   0

[HDD (BASE 65) ]
TOTAL THIS MO.   104    CLEAR  (SCALE 0-3)  16
DPTR FM NORMAL   -33    PTCLDY (SCALE 4-7)   1
TOTAL FM JUL 1   163    CLOUDY (SCALE 8-10)  0
DPTR FM NORMAL  -125

[CDD (BASE 65) ]
TOTAL THIS MO.     6
DPTR FM NORMAL    -1    [PRESSURE DATA]
TOTAL FM JAN 1   335    HIGHEST SLP M ON M
DPTR FM NORMAL   168    LOWEST  SLP 29.72 ON 11

[REMARKS]
