000
CXUS56 KBOI 181002
CF6BKE
PRELIMINARY LOCAL CLIMATOLOGICAL DATA (WS FORM: F-6)

                                          STATION:   BAKER OR
                                          MONTH:     JUNE
                                          YEAR:      2018
                                          LATITUDE:   44 50 N
                                          LONGITUDE: 117 49 W

  TEMPERATURE IN F:       :PCPN:    SNOW:  WIND      :SUNSHINE: SKY     :PK WND
================================================================================
1   2   3   4   5  6A  6B    7    8   9   10  11  12  13   14  15   16   17  18
                                     12Z  AVG MX 2MIN
DY MAX MIN AVG DEP HDD CDD  WTR  SNW DPTH SPD SPD DIR MIN PSBL S-S WX    SPD DR
================================================================================

 1  70  37  54  -1  11   0 0.00    M    M  3.8 10 330   M    M   1        14 330
 2  83  35  59   4   6   0 0.00    M    M  4.4 17 110   M    M   0 1      23 100
 3  91  43  67  12   0   2 0.01    M    M  7.4 32 310   M    M   1 3      40 320
 4  73  41  57   2   8   0 0.00    M    M 10.4 25 320   M    M   0        32 320
 5  79  41  60   4   5   0 0.00    M    M  5.9 14 300   M    M   0        17 310
 6  83  42  63   7   2   0 0.00    M    M  5.7 16 320   M    M   0        20 320
 7  78  50  64   8   1   0 0.13    M    M  7.4 39 210   M    M   1 3      50 220
 8  86  43  65   9   0   0 0.00    M    M  6.4 30 320   M    M   1 12     40 330
 9  57  44  51  -5  14   0 0.36    M    M 10.4 25 330   M    M   7 1      31 330
10  62  37  50  -7  15   0    T    M    M  5.3 16 110   M    M   6        22 110
11  67  44  56  -1   9   0 0.01    M    M  5.2 15 330   M    M   3        18 310
12  82  33  58   1   7   0 0.00    M    M  4.1 13 100   M    M   0 1      19 100
13  85  38  62   5   3   0 0.00    M    M 10.0 28 320   M    M   1 1      34 320
14  71  41  56  -2   9   0 0.00    M    M  9.4 23 330   M    M   1        30 330
15  75  37  56  -2   9   0 0.00    M    M  8.1 21 310   M    M   0        28 310
16  73  45  59   1   6   0    T    M    M 13.5 29 320   M    M   4        35 320
17  66  45  56  -2   9   0 0.04    M    M 11.0 21 300   M    M   5        26 300
================================================================================
SM 1281  696       114   2  0.55    M    128.4          M       31
================================================================================
AV 75.4 40.9                               7.6 FASTST   M    M   2    MAX(MPH)
                                 MISC ---->  # 39 210               # 50  220
================================================================================
NOTES:
# LAST OF SEVERAL OCCURRENCES

COLUMN 17 PEAK WIND IN M.P.H.

PRELIMINARY LOCAL CLIMATOLOGICAL DATA (WS FORM: F-6) , PAGE 2

                                          STATION:  BAKER OR
                                          MONTH:    JUNE
                                          YEAR:     2018
                                          LATITUDE:   44 50 N
                                          LONGITUDE: 117 49 W

[TEMPERATURE DATA]      [PRECIPITATION DATA]       SYMBOLS USED IN COLUMN 16

AVERAGE MONTHLY: 58.2   TOTAL FOR MONTH:   0.55    1 = FOG OR MIST
DPTR FM NORMAL:   1.7   DPTR FM NORMAL:   -0.20    2 = FOG REDUCING VISIBILITY
HIGHEST:    91 ON  3    GRTST 24HR  0.36 ON  9- 9      TO 1/4 MILE OR LESS
LOWEST:     33 ON 12                               3 = THUNDER
                        SNOW, ICE PELLETS, HAIL    4 = ICE PELLETS
                        TOTAL MONTH:    M          5 = HAIL
                        GRTST 24HR    M  ON   M    6 = FREEZING RAIN OR DRIZZLE
                        GRTST DEPTH:  M  ON   M    7 = DUSTSTORM OR SANDSTORM:
                                                       VSBY 1/2 MILE OR LESS
                                                   8 = SMOKE OR HAZE
[NO. OF DAYS WITH]      [WEATHER - DAYS WITH]      9 = BLOWING SNOW
                                                   X = TORNADO
MAX 32 OR BELOW:   0    0.01 INCH OR MORE:   5
MAX 90 OR ABOVE:   1    0.10 INCH OR MORE:   2
MIN 32 OR BELOW:   0    0.50 INCH OR MORE:   0
MIN  0 OR BELOW:   0    1.00 INCH OR MORE:   0

[HDD (BASE 65) ]
TOTAL THIS MO.   114    CLEAR  (SCALE 0-3)  12
DPTR FM NORMAL   -36    PTCLDY (SCALE 4-7)   5
TOTAL FM JUL 1  6392    CLOUDY (SCALE 8-10)  0
DPTR FM NORMAL -1205

[CDD (BASE 65) ]
TOTAL THIS MO.     2
DPTR FM NORMAL     0    [PRESSURE DATA]
TOTAL FM JAN 1     2    HIGHEST SLP M ON M
DPTR FM NORMAL    -2    LOWEST  SLP 29.55 ON 13

[REMARKS]
