000
CXUS55 KTBW 201000
CF6BKV
PRELIMINARY LOCAL CLIMATOLOGICAL DATA (WS FORM: F-6)

                                          STATION:   Brooksville
                                          MONTH:     JANUARY
                                          YEAR:      2019
                                          LATITUDE:   28 28 N
                                          LONGITUDE:  82 27 W

  TEMPERATURE IN F:       :PCPN:    SNOW:  WIND      :SUNSHINE: SKY     :PK WND
================================================================================
1   2   3   4   5  6A  6B    7    8   9   10  11  12  13   14  15   16   17  18
                                     12Z  AVG MX 2MIN
DY MAX MIN AVG DEP HDD CDD  WTR  SNW DPTH SPD SPD DIR MIN PSBL S-S WX    SPD DR
================================================================================

 1  82  57  70  13   0   5 0.00  0.0    0  3.1 14 260   M    M   4 12     18 190
 2  84  57  71  14   0   6 0.00  0.0    0  2.2 15 180   M    M   5 12     17 180
 3  83  58  71  14   0   6 0.00  0.0    0  4.5 14 180   M    M   5 12     17 190
 4  81  60  71  14   0   6 0.52  0.0    0  9.4 26 270   M    M   7 12     33 280
 5  64  43  54  -3  11   0 0.00  0.0    0  9.6 22 290   M    M   6 1      29 310
 6  73  38  56  -1   9   0 0.00  0.0    0  2.0 10 310   M    M   0 1      12 340
 7  78  41  60   3   5   0 0.00  0.0    0  2.5 10 150   M    M   0 1      14 150
 8  77  48  63   6   2   0 0.00  0.0    0  2.6 14 290   M    M   2 12     18 270
 9  70  48  59   3   6   0 0.00  0.0    0  6.2 17 290   M    M   2 12     21 290
10  62  34  48  -8  17   0 0.00  0.0    0  4.7 15 360   M    M   0        20  10
11  72  32  52  -4  13   0 0.00  0.0    0  6.6 16  70   M    M   2 1      20 100
12  78  50  64   8   1   0 0.00  0.0    0  5.7 16 110   M    M   5        22 120
13  81  55  68  12   0   3    T  0.0    0  6.4 17 250   M    M   4 12     21 260
14  65  43  54  -2  11   0 0.00  0.0    0  5.1 15 290   M    M   5 12     21 280
15  59  36  48  -8  17   0 0.00  0.0    0  5.5 12 360   M    M   6 1      15 340
16  60  32  46 -10  19   0 0.00  0.0    0  3.0 10 310   M    M   0 1      14 270
17  73  27  50  -6  15   0 0.00  0.0    0  2.1 10  80   M    M   0        14  70
18  75  39  57   0   8   0 0.00  0.0    0  2.0 10 260   M    M   1 128    14 270
19  80  46  63   6   2   0 0.27    M    0  9.9 23 190   M    M   1 1      29 190
================================================================================
SM 1397  844       136  26  0.79     0.0  93.1          M       55
================================================================================
AV 73.5 44.4                               4.9 FASTST   M    M   3    MAX(MPH)
                                 MISC ---->  # 26 270               # 33  280
================================================================================
NOTES:
# LAST OF SEVERAL OCCURRENCES

COLUMN 17 PEAK WIND IN M.P.H.

PRELIMINARY LOCAL CLIMATOLOGICAL DATA (WS FORM: F-6) , PAGE 2

                                          STATION:  Brooksville
                                          MONTH:    JANUARY
                                          YEAR:     2019
                                          LATITUDE:   28 28 N
                                          LONGITUDE:  82 27 W

[TEMPERATURE DATA]      [PRECIPITATION DATA]       SYMBOLS USED IN COLUMN 16

AVERAGE MONTHLY: 59.0   TOTAL FOR MONTH:   0.79    1 = FOG OR MIST
DPTR FM NORMAL:   2.4   DPTR FM NORMAL:   -0.96    2 = FOG REDUCING VISIBILITY
HIGHEST:    84 ON  2    GRTST 24HR  0.52 ON  4- 4      TO 1/4 MILE OR LESS
LOWEST:     27 ON 17                               3 = THUNDER
                        SNOW, ICE PELLETS, HAIL    4 = ICE PELLETS
                        TOTAL MONTH:   0.0 INCH    5 = HAIL
                        GRTST 24HR     0.0         6 = FREEZING RAIN OR DRIZZLE
                        GRTST DEPTH:   0           7 = DUSTSTORM OR SANDSTORM:
                                                       VSBY 1/2 MILE OR LESS
                                                   8 = SMOKE OR HAZE
[NO. OF DAYS WITH]      [WEATHER - DAYS WITH]      9 = BLOWING SNOW
                                                   X = TORNADO
MAX 32 OR BELOW:   0    0.01 INCH OR MORE:   2
MAX 90 OR ABOVE:   0    0.10 INCH OR MORE:   2
MIN 32 OR BELOW:   3    0.50 INCH OR MORE:   1
MIN  0 OR BELOW:   0    1.00 INCH OR MORE:   0

[HDD (BASE 65) ]
TOTAL THIS MO.   136    CLEAR  (SCALE 0-3)  10
DPTR FM NORMAL   -35    PTCLDY (SCALE 4-7)   9
TOTAL FM JUL 1   411    CLOUDY (SCALE 8-10)  0
DPTR FM NORMAL   136

[CDD (BASE 65) ]
TOTAL THIS MO.    26
DPTR FM NORMAL     7    [PRESSURE DATA]
TOTAL FM JAN 1    26    HIGHEST SLP M ON M
DPTR FM NORMAL     7    LOWEST  SLP 29.91 ON 19

[REMARKS]
