000
CXUS55 KTBW 221000
CF6BKV
PRELIMINARY LOCAL CLIMATOLOGICAL DATA (WS FORM: F-6)

                                          STATION:   Brooksville
                                          MONTH:     FEBRUARY
                                          YEAR:      2018
                                          LATITUDE:   28 28 N
                                          LONGITUDE:  82 27 W

  TEMPERATURE IN F:       :PCPN:    SNOW:  WIND      :SUNSHINE: SKY     :PK WND
================================================================================
1   2   3   4   5  6A  6B    7    8   9   10  11  12  13   14  15   16   17  18
                                     12Z  AVG MX 2MIN
DY MAX MIN AVG DEP HDD CDD  WTR  SNW DPTH SPD SPD DIR MIN PSBL S-S WX    SPD DR
================================================================================

 1  76  40  58   0   7   0 0.00  0.0    0  2.8 13 300   M    M   1        16 200
 2  74  48  61   3   4   0 0.00  0.0    0  4.9 20  30   M    M   3        26  30
 3  71  51  61   3   4   0 0.00  0.0    0 10.4 20  50   M    M   9        26  30
 4  72  54  63   5   2   0 0.93  0.0    0  8.5 21 160   M    M   5 1      26 150
 5  78  57  68  10   0   3 0.00  0.0    0  6.9 12  60   M    M   4 1      17  10
 6  84  51  68  10   0   3 0.00  0.0    0  5.8 14 110   M    M   3        19 110
 7  84  59  72  14   0   7 0.00  0.0    0  7.2 18 210   M    M   3 1      25 180
 8  80  59  70  11   0   5 0.00  0.0    0  5.5 20  60   M    M   7 128    25  60
 9  84  59  72  13   0   7 0.00  0.0    0  6.2 15 130   M    M   7 1      21 110
10  85  63  74  15   0   9 0.00  0.0    0  6.4 16 150   M    M   5 1      20 160
11  86  65  76  17   0  11 0.00  0.0    0  6.9 20 170   M    M   4 1      26 180
12  83  63  73  14   0   8 0.00  0.0    0  4.5 15 290   M    M   5 12     17 280
13  84  63  74  15   0   9 0.00  0.0    0  6.8 16  60   M    M   7 1      22  60
14  82  61  72  13   0   7 0.00  0.0    0  5.9 13  70   M    M   6 1      15  40
15  84  62  73  13   0   8 0.00  0.0    0  4.8 15 290   M    M   5 12     18 290
16  81  58  70  10   0   5 0.00  0.0    0  5.4 18 280   M    M   5 1      21 290
17  82  53  68   8   0   3 0.00  0.0    0  3.7 17 290   M    M   5 12     22 290
18  85  51  68   8   0   3 0.00  0.0    0  2.5 13 280   M    M   4 128    15 280
19  87  65  76  16   0  11 0.00  0.0    0  7.4 17 120   M    M   4 12     22  90
20  87  67  77  17   0  12 0.00  0.0    0  8.5 17 150   M    M   1        24 150
21  88  70  79  19   0  14 0.00  0.0    0  9.2 17 120   M    M   3        22 120
================================================================================
SM 1717 1219        17 125  0.93     0.0 130.2          M       96
================================================================================
AV 81.8 58.1                               6.2 FASTST   M    M   5    MAX(MPH)
                                 MISC ---->  # 21 160               # 26   30
================================================================================
NOTES:
# LAST OF SEVERAL OCCURRENCES

COLUMN 17 PEAK WIND IN M.P.H.

PRELIMINARY LOCAL CLIMATOLOGICAL DATA (WS FORM: F-6) , PAGE 2

                                          STATION:  Brooksville
                                          MONTH:    FEBRUARY
                                          YEAR:     2018
                                          LATITUDE:   28 28 N
                                          LONGITUDE:  82 27 W

[TEMPERATURE DATA]      [PRECIPITATION DATA]       SYMBOLS USED IN COLUMN 16

AVERAGE MONTHLY: 69.9   TOTAL FOR MONTH:   0.93    1 = FOG OR MIST
DPTR FM NORMAL:  10.9   DPTR FM NORMAL:   -1.46    2 = FOG REDUCING VISIBILITY
HIGHEST:    88 ON 21    GRTST 24HR  0.93 ON  4- 4      TO 1/4 MILE OR LESS
LOWEST:     40 ON  1                               3 = THUNDER
                        SNOW, ICE PELLETS, HAIL    4 = ICE PELLETS
                        TOTAL MONTH:   0.0 INCH    5 = HAIL
                        GRTST 24HR     0.0         6 = FREEZING RAIN OR DRIZZLE
                        GRTST DEPTH:   0           7 = DUSTSTORM OR SANDSTORM:
                                                       VSBY 1/2 MILE OR LESS
                                                   8 = SMOKE OR HAZE
[NO. OF DAYS WITH]      [WEATHER - DAYS WITH]      9 = BLOWING SNOW
                                                   X = TORNADO
MAX 32 OR BELOW:   0    0.01 INCH OR MORE:   1
MAX 90 OR ABOVE:   0    0.10 INCH OR MORE:   1
MIN 32 OR BELOW:   0    0.50 INCH OR MORE:   1
MIN  0 OR BELOW:   0    1.00 INCH OR MORE:   0

[HDD (BASE 65) ]
TOTAL THIS MO.    17    CLEAR  (SCALE 0-3)   6
DPTR FM NORMAL  -132    PTCLDY (SCALE 4-7)  14
TOTAL FM JUL 1   553    CLOUDY (SCALE 8-10)  1
DPTR FM NORMAL    23

[CDD (BASE 65) ]
TOTAL THIS MO.   125
DPTR FM NORMAL   104    [PRESSURE DATA]
TOTAL FM JAN 1   151    HIGHEST SLP M ON M
DPTR FM NORMAL    99    LOWEST  SLP 29.98 ON  4

[REMARKS]
