000
CXUS55 KPSR 201005
CF6BLH
PRELIMINARY LOCAL CLIMATOLOGICAL DATA (WS FORM: F-6)

                                          STATION:   BLYTHE CA
                                          MONTH:     OCTOBER
                                          YEAR:      2020
                                          LATITUDE:   33 37 N
                                          LONGITUDE: 114 43 W

  TEMPERATURE IN F:       :PCPN:    SNOW:  WIND      :SUNSHINE: SKY     :PK WND
================================================================================
1   2   3   4   5  6A  6B    7    8   9   10  11  12  13   14  15   16   17  18
                                     12Z  AVG MX 2MIN
DY MAX MIN AVG DEP HDD CDD  WTR  SNW DPTH SPD SPD DIR MIN PSBL S-S WX    SPD DR
================================================================================

 1 107  68  88   8   0  23 0.00    M    M  4.6 10  10   M    M   0        12 170
 2 106  66  86   6   0  21 0.00    M    M  3.7  9 330   M    M   0        10 220
 3 106  65  86   6   0  21 0.00    M    M  3.9 12 240   M    M   0        13 250
 4 105  64  85   6   0  20 0.00    M    M  5.4 12 250   M    M   0        13 190
 5 105  68  87   8   0  22 0.00    M    M  4.4 10 130   M    M   0        12 140
 6 103  62  83   5   0  18 0.00    M    M  3.1 10 180   M    M   0        13 220
 7 102  66  84   6   0  19 0.00    M    M  3.2 12 170   M    M   0        13 170
 8 102  69  86   8   0  21 0.00    M    M  7.0 21 220   M    M   0        26 160
 9  96  68  82   5   0  17 0.00    M    M  4.5 12 150   M    M   0        12 140
10  93  62  78   1   0  13 0.00    M    M  5.3 12 170   M    M   0        14 150
11  96  63  80   4   0  15 0.00    M    M  4.2 10 320   M    M   0        15 360
12 101  64  83   7   0  18 0.00    M    M  4.1 12 270   M    M   0        17 340
13 103  63  83   7   0  18 0.00    M    M  3.7  8 120   M    M   0        10 120
14 102  64  83   8   0  18 0.00    M    M  5.0 12 230   M    M   0        13 210
15 103  62  83   8   0  18 0.00    M    M  5.6 17 350   M    M   0        19 350
16 100  74  87  13   0  22 0.00    M    M 12.5 23 350   M    M   0        32 350
17  97  64  81   7   0  16 0.00    M    M  3.5 10 340   M    M   0        11 340
18  98  59  79   5   0  14 0.00    M    M  3.7 10 330   M    M   0        11 330
19  98  63  81   8   0  16 0.00    M    M  3.3  7 130   M    M   0         M   M
================================================================================
SM 1923 1234         0 350  0.00    M     90.7          M        0
================================================================================
AV101.2 64.9                               4.8 FASTST   M    M   0    MAX(MPH)
                                 MISC ---->    23 350                 32 350
================================================================================
NOTES:
# LAST OF SEVERAL OCCURRENCES

COLUMN 17 PEAK WIND IN M.P.H.

PRELIMINARY LOCAL CLIMATOLOGICAL DATA (WS FORM: F-6) , PAGE 2

                                          STATION:   BLYTHE CA
                                          MONTH:     OCTOBER
                                          YEAR:      2020
                                          LATITUDE:   33 37 N
                                          LONGITUDE: 114 43 W

[TEMPERATURE DATA]      [PRECIPITATION DATA]       SYMBOLS USED IN COLUMN 16

AVERAGE MONTHLY: 83.1   TOTAL FOR MONTH:   0.00    1 = FOG OR MIST
DPTR FM NORMAL:   6.3   DPTR FM NORMAL:   -0.11    2 = FOG REDUCING VISIBILITY
HIGHEST:   107 ON  1    GRTST 24HR  0.00 ON  1- 1      TO 1/4 MILE OR LESS
LOWEST:     59 ON 18                               3 = THUNDER
                        SNOW, ICE PELLETS, HAIL    4 = ICE PELLETS
                        TOTAL MONTH:  M            5 = HAIL
                        GRTST 24HR    M  ON   M    6 = FREEZING RAIN OR DRIZZLE
                        GRTST DEPTH:  M  ON   M    7 = DUSTSTORM OR SANDSTORM:
                                                       VSBY 1/2 MILE OR LESS
                                                   8 = SMOKE OR HAZE
[NO. OF DAYS WITH]      [WEATHER - DAYS WITH]      9 = BLOWING SNOW
                                                   X = TORNADO
MAX 32 OR BELOW:   0    0.01 INCH OR MORE:   0
MAX 90 OR ABOVE:  19    0.10 INCH OR MORE:   0
MIN 32 OR BELOW:   0    0.50 INCH OR MORE:   0
MIN  0 OR BELOW:   0    1.00 INCH OR MORE:   0

[HDD (BASE 65) ]
TOTAL THIS MO.     0    CLEAR  (SCALE 0-3)  19
DPTR FM NORMAL     0    PTCLDY (SCALE 4-7)   0
TOTAL FM JUL 1     0    CLOUDY (SCALE 8-10)  0
DPTR FM NORMAL     0

[CDD (BASE 65) ]
TOTAL THIS MO.   350
DPTR FM NORMAL   125    [PRESSURE DATA]
TOTAL FM JAN 1  4734    HIGHEST SLP M ON M
DPTR FM NORMAL   599    LOWEST  SLP 29.69 ON  8

[REMARKS]
