000
CXUS53 KILX 160900
CF6BMI
PRELIMINARY LOCAL CLIMATOLOGICAL DATA (WS FORM: F-6)

                                          STATION:   BLOOMINGTON IL AIRPORT
                                          MONTH:     OCTOBER
                                          YEAR:      2018
                                          LATITUDE:   40 28 N
                                          LONGITUDE:  88 56 W

  TEMPERATURE IN F:       :PCPN:    SNOW:  WIND      :SUNSHINE: SKY     :PK WND
================================================================================
1   2   3   4   5  6A  6B    7    8   9   10  11  12  13   14  15   16   17  18
                                     12Z  AVG MX 2MIN
DY MAX MIN AVG DEP HDD CDD  WTR  SNW DPTH SPD SPD DIR MIN PSBL S-S WX    SPD DR
================================================================================

 1  82  55  69   M   0   4 0.00    M    M  9.8 17 190   M    M   3        24 200
 2  72  64  68   M   0   3 0.01    M    M  6.7 13 210   M    M   6         M  M
 3  88  65  77   M   0  12 0.00    M    M 16.5 28 210   M    M   3        37 190
 4  77  52  65   M   0   0 0.06    M    M 16.3 21  50   M    M   6        30 340
 5  76  51  64   M   1   0 0.89    M    M  7.5 15 220   M    M   7 13     17 260
 6  79  57  68   M   0   3 0.45    M    M 10.7 18  40   M    M   6 13     21  40
 7  75  56  66   M   0   1 2.35    M    M  8.9 13  80   M    M   9 123     M  M
 8  84  63  74   M   0   9 0.00    M    M 11.6 21 210   M    M   1        28 210
 9  83  67  75   M   0  10    T    M    M 13.5 18 160   M    M   2        22 170
10  73  49  61   M   4   0 0.27    M    M 18.2 22 290   M    M   7 1      36 250
11  52  38  45   M  20   0 0.00    M    M 13.8 20 300   M    M   4        33 310
12  39  33  36   M  29   0 0.16    M    M  6.8 10 250   M    M   7 1       M  M
13  50  37  44   M  21   0 0.00    M    M  7.6 14 180   M    M   6         M  M
14  56  38  47   M  18   0 0.04    M    M  4.8 15 340   M    M   9 1       M  M
15  48  35  42   M  23   0 0.03    M    M 11.9 21 340   M    M   4 1      27 340
================================================================================
SM 1034  760       116  42  4.26    M    164.6          M       80
================================================================================
AV 68.9 50.7                              11.0 FASTST   M    M   5    MAX(MPH)
                                 MISC ---->  # 28 210               # 37  190
================================================================================
NOTES:
# LAST OF SEVERAL OCCURRENCES

COLUMN 17 PEAK WIND IN M.P.H.

PRELIMINARY LOCAL CLIMATOLOGICAL DATA (WS FORM: F-6) , PAGE 2

                                          STATION:  BLOOMINGTON IL AIRPORT
                                          MONTH:    OCTOBER
                                          YEAR:     2018
                                          LATITUDE:   40 28 N
                                          LONGITUDE:  88 56 W

[TEMPERATURE DATA]      [PRECIPITATION DATA]       SYMBOLS USED IN COLUMN 16

AVERAGE MONTHLY: 59.8   TOTAL FOR MONTH:   4.26    1 = FOG OR MIST
DPTR FM NORMAL:     M   DPTR FM NORMAL:       M    2 = FOG REDUCING VISIBILITY
HIGHEST:    88 ON  3    GRTST 24HR  2.35 ON  7- 7      TO 1/4 MILE OR LESS
LOWEST:     33 ON 12                               3 = THUNDER
                        SNOW, ICE PELLETS, HAIL    4 = ICE PELLETS
                        TOTAL MONTH:    M          5 = HAIL
                        GRTST 24HR    M  ON   M    6 = FREEZING RAIN OR DRIZZLE
                        GRTST DEPTH:  M  ON   M    7 = DUSTSTORM OR SANDSTORM:
                                                       VSBY 1/2 MILE OR LESS
                                                   8 = SMOKE OR HAZE
[NO. OF DAYS WITH]      [WEATHER - DAYS WITH]      9 = BLOWING SNOW
                                                   X = TORNADO
MAX 32 OR BELOW:   0    0.01 INCH OR MORE:   9
MAX 90 OR ABOVE:   0    0.10 INCH OR MORE:   5
MIN 32 OR BELOW:   0    0.50 INCH OR MORE:   2
MIN  0 OR BELOW:   0    1.00 INCH OR MORE:   1

[HDD (BASE 65) ]
TOTAL THIS MO.   116    CLEAR  (SCALE 0-3)   4
DPTR FM NORMAL     M    PTCLDY (SCALE 4-7)   9
TOTAL FM JUL 1   167    CLOUDY (SCALE 8-10)  2
DPTR FM NORMAL     M

[CDD (BASE 65) ]
TOTAL THIS MO.    42
DPTR FM NORMAL     M    [PRESSURE DATA]
TOTAL FM JAN 1  1307    HIGHEST SLP M ON M
DPTR FM NORMAL     M    LOWEST  SLP M ON M

[REMARKS]
