000
CXUS53 KILX 232300
CF6BMI
PRELIMINARY LOCAL CLIMATOLOGICAL DATA (WS FORM: F-6)

                                          STATION:   BLOOMINGTON IL AIRPORT
                                          MONTH:     JANUARY
                                          YEAR:      2019
                                          LATITUDE:   40 28 N
                                          LONGITUDE:  88 56 W

  TEMPERATURE IN F:       :PCPN:    SNOW:  WIND      :SUNSHINE: SKY     :PK WND
================================================================================
1   2   3   4   5  6A  6B    7    8   9   10  11  12  13   14  15   16   17  18
                                     12Z  AVG MX 2MIN
DY MAX MIN AVG DEP HDD CDD  WTR  SNW DPTH SPD SPD DIR MIN PSBL S-S WX    SPD DR
================================================================================

 1  35  30  33   M  32   0    T    M    M  8.1 15 290   M    M  10 16      M  M
 2  30  25  28   M  37   0    T    M    M  9.4 17 230   M    M   9 16     21 260
 3  39  22  31   M  34   0 0.00    M    M 11.7 18 220   M    M   0         M  M
 4  51  26  39   M  26   0 0.00    M    M  7.6 12 290   M    M   0         M  M
 5  51  32  42   M  23   0 0.00    M    M 10.5 14 240   M    M   0         M  M
 6  46  32  39   M  26   0 0.00  0.0    0 14.8 22 140   M    M   1        29 130
 7  58  46  52   M  13   0 0.12    M    M 17.5 27 200   M    M   4        37 200
 8  47  28  38   M  27   0 0.00  0.0    M 20.1 36 300   M    M   2        58 300
 9  28  17  23   M  42   0 0.00    M    M 19.1 27 310   M    M   1        41 300
10  27  14  21   M  44   0 0.00    M    M  6.1 12  20   M    M   0         M  M
11  30  16  23   M  42   0 0.01    M    M 10.5 17 140   M    M   6 1       M  M
12  31  26  29   M  36   0    M    M    M 16.0 23  60   M    M  10 12      M  M
13  32  15  24   M  41   0    M    M    M 14.8 22  40   M    M   6 18      M  M
14  30   6  18   M  47   0    T    M    M  5.6 12 240   M    M   7 12      M  M
15  31  25  28   M  37   0    T    M    M 11.9 20 240   M    M  10 16     25 240
16  35  30  33   M  32   0    T    M    M  6.6 12 110   M    M   9 1       M  M
17  33  29  31   M  34   0 0.01    M    M  8.4 12 310   M    M  10 126     M  M
18  34  28  31   M  34   0    T    M    M  9.5 23  80   M    M  10 168    23  80
19  30  12  21   M  44   0999.00   M    M 26.9 33  20   M    M   9 169    41  30
20  12   0   6   M  59   0 0.00    M    M 14.6 22 340   M    M   3        32 340
21  17  -5   6   M  59   0 0.00    M    M 14.8 22 140   M    M   1        31 130
22  35  16  26   M  39   0 0.53    M    M 18.4 28 150   M    M   8 16     36 150
================================================================================
SM  762  470       808   0999.67     0.0 282.9          M      116
================================================================================
AV 34.6 21.4                              12.9 FASTST   M    M   5    MAX(MPH)
                                 MISC ---->  # 36 300               # 58  300
================================================================================
NOTES:
# LAST OF SEVERAL OCCURRENCES

COLUMN 17 PEAK WIND IN M.P.H.

PRELIMINARY LOCAL CLIMATOLOGICAL DATA (WS FORM: F-6) , PAGE 2

                                          STATION:  BLOOMINGTON IL AIRPORT
                                          MONTH:    JANUARY
                                          YEAR:     2019
                                          LATITUDE:   40 28 N
                                          LONGITUDE:  88 56 W

[TEMPERATURE DATA]      [PRECIPITATION DATA]       SYMBOLS USED IN COLUMN 16

AVERAGE MONTHLY: 28.0   TOTAL FOR MONTH: 999.67    1 = FOG OR MIST
DPTR FM NORMAL:     M   DPTR FM NORMAL:       M    2 = FOG REDUCING VISIBILITY
HIGHEST:    58 ON  7    GRTST 24HR 999.00ON 19-19      TO 1/4 MILE OR LESS
LOWEST:     -5 ON 21                               3 = THUNDER
                        SNOW, ICE PELLETS, HAIL    4 = ICE PELLETS
                        TOTAL MONTH:   0.0 INCH    5 = HAIL
                        GRTST 24HR     0.0         6 = FREEZING RAIN OR DRIZZLE
                        GRTST DEPTH:   0           7 = DUSTSTORM OR SANDSTORM:
                                                       VSBY 1/2 MILE OR LESS
                                                   8 = SMOKE OR HAZE
[NO. OF DAYS WITH]      [WEATHER - DAYS WITH]      9 = BLOWING SNOW
                                                   X = TORNADO
MAX 32 OR BELOW:  11    0.01 INCH OR MORE:   5
MAX 90 OR ABOVE:   0    0.10 INCH OR MORE:   3
MIN 32 OR BELOW:  21    0.50 INCH OR MORE:   2
MIN  0 OR BELOW:   2    1.00 INCH OR MORE:   1

[HDD (BASE 65) ]
TOTAL THIS MO.   808    CLEAR  (SCALE 0-3)   9
DPTR FM NORMAL     M    PTCLDY (SCALE 4-7)   5
TOTAL FM JUL 1  3144    CLOUDY (SCALE 8-10)  8
DPTR FM NORMAL     M

[CDD (BASE 65) ]
TOTAL THIS MO.     0
DPTR FM NORMAL     M    [PRESSURE DATA]
TOTAL FM JAN 1     0    HIGHEST SLP M ON M
DPTR FM NORMAL     M    LOWEST  SLP M ON M

[REMARKS]
