000
CXUS55 KOHX 201010
CF6BNA
PRELIMINARY LOCAL CLIMATOLOGICAL DATA (WS FORM: F-6)

                                          STATION:   NASHVILLE
                                          MONTH:     NOVEMBER
                                          YEAR:      2018
                                          LATITUDE:   36  7 N
                                          LONGITUDE:  86 41 W

  TEMPERATURE IN F:       :PCPN:    SNOW:  WIND      :SUNSHINE: SKY     :PK WND
================================================================================
1   2   3   4   5  6A  6B    7    8   9   10  11  12  13   14  15   16   17  18
                                     12Z  AVG MX 2MIN
DY MAX MIN AVG DEP HDD CDD  WTR  SNW DPTH SPD SPD DIR MIN PSBL S-S WX    SPD DR
================================================================================

 1  71  50  61   6   4   0 0.30  0.0    0 13.9 31 180   M    M  10 18     39 170
 2  56  44  50  -5  15   0    T  0.0    0  6.2 16 320   M    M   9        20 330
 3  64  38  51  -3  14   0 0.00  0.0    0  5.8 13 160   M    M   6        16 190
 4  64  46  55   1  10   0 0.18  0.0    0 13.0 28 170   M    M   8        39 160
 5  72  52  62   8   3   0 1.33  0.0    0 11.3 29 190   M    M   9 13     39 200
 6  71  50  61   8   4   0 0.13  0.0    0  4.8 14 320   M    M   3 1      20 300
 7  57  45  51  -2  14   0 0.01  0.0    0  6.1 14  10   M    M   7        21 330
 8  58  43  51  -2  14   0 0.00  0.0    0  9.2 16  30   M    M   7        21  10
 9  52  37  45  -7  20   0 0.51  0.0    0  9.1 18 320   M    M  10 18     24 330
10  41  29  35 -17  30   0 0.00  0.0    0  8.5 20  10   M    M   1        23  10
11  53  25  39 -13  26   0 0.00  0.0    0  2.4  9 220   M    M   5        12 230
12  49  40  45  -6  20   0 0.52  0.0    0  7.4 15 360   M    M  10 1      22 320
13  44  34  39 -12  26   0 0.06  0.0    0 11.9 18 350   M    M  10 18     29 330
14  37  32  35 -15  30   0 0.97  0.0    0 10.7 17  40   M    M  10 1      24  10
15  37  29  33 -17  32   0    T    T    0  6.1 15 260   M    M  10 1      23 270
16  58  27  43  -7  22   0 0.00  0.0    0  4.7 13 200   M    M   4        16 200
17  65  30  48  -1  17   0 0.00  0.0    0  4.0 12 180   M    M   4 12     14 190
18  65  39  52   3  13   0 0.00  0.0    0  4.6 14 210   M    M   7 1      19 190
19  60  45  53   5  12   0    T    M    0  6.6 15 270   M    M  10 18     20 250
================================================================================
SM 1074  735       326   0  4.01    T    146.3          M      140
================================================================================
AV 56.5 38.7                               7.7 FASTST   M    M   7    MAX(MPH)
                                 MISC ---->  # 31 180               # 39  170
================================================================================
NOTES:
# LAST OF SEVERAL OCCURRENCES

COLUMN 17 PEAK WIND IN M.P.H.

PRELIMINARY LOCAL CLIMATOLOGICAL DATA (WS FORM: F-6) , PAGE 2

                                          STATION:  NASHVILLE
                                          MONTH:    NOVEMBER
                                          YEAR:     2018
                                          LATITUDE:   36  7 N
                                          LONGITUDE:  86 41 W

[TEMPERATURE DATA]      [PRECIPITATION DATA]       SYMBOLS USED IN COLUMN 16

AVERAGE MONTHLY: 47.6   TOTAL FOR MONTH:   4.01    1 = FOG OR MIST
DPTR FM NORMAL:  -4.2   DPTR FM NORMAL:    1.49    2 = FOG REDUCING VISIBILITY
HIGHEST:    72 ON  5    GRTST 24HR  1.33 ON  5- 5      TO 1/4 MILE OR LESS
LOWEST:     25 ON 11                               3 = THUNDER
                        SNOW, ICE PELLETS, HAIL    4 = ICE PELLETS
                        TOTAL MONTH:    T          5 = HAIL
                        GRTST 24HR    T  ON 15-15  6 = FREEZING RAIN OR DRIZZLE
                        GRTST DEPTH:   0           7 = DUSTSTORM OR SANDSTORM:
                                                       VSBY 1/2 MILE OR LESS
                                                   8 = SMOKE OR HAZE
[NO. OF DAYS WITH]      [WEATHER - DAYS WITH]      9 = BLOWING SNOW
                                                   X = TORNADO
MAX 32 OR BELOW:   0    0.01 INCH OR MORE:   9
MAX 90 OR ABOVE:   0    0.10 INCH OR MORE:   7
MIN 32 OR BELOW:   6    0.50 INCH OR MORE:   4
MIN  0 OR BELOW:   0    1.00 INCH OR MORE:   1

[HDD (BASE 65) ]
TOTAL THIS MO.   326    CLEAR  (SCALE 0-3)   1
DPTR FM NORMAL    72    PTCLDY (SCALE 4-7)   9
TOTAL FM JUL 1   518    CLOUDY (SCALE 8-10)  9
DPTR FM NORMAL    49

[CDD (BASE 65) ]
TOTAL THIS MO.     0
DPTR FM NORMAL     0    [PRESSURE DATA]
TOTAL FM JAN 1  2336    HIGHEST SLP  0.00 ON M
DPTR FM NORMAL   696    LOWEST  SLP 29.59 ON  1

[REMARKS]
