000
CXUS55 KOHX 241010
CF6BNA
PRELIMINARY LOCAL CLIMATOLOGICAL DATA (WS FORM: F-6)

                                          STATION:   NASHVILLE
                                          MONTH:     MAY
                                          YEAR:      2018
                                          LATITUDE:   36  7 N
                                          LONGITUDE:  86 41 W

  TEMPERATURE IN F:       :PCPN:    SNOW:  WIND      :SUNSHINE: SKY     :PK WND
================================================================================
1   2   3   4   5  6A  6B    7    8   9   10  11  12  13   14  15   16   17  18
                                     12Z  AVG MX 2MIN
DY MAX MIN AVG DEP HDD CDD  WTR  SNW DPTH SPD SPD DIR MIN PSBL S-S WX    SPD DR
================================================================================

 1  84  48  66   2   0   1 0.00  0.0    0  7.7 18 180   M    M   2        23 180
 2  86  60  73   9   0   8 0.00  0.0    0  8.1 20 200   M    M   3        26 200
 3  87  65  76  12   0  11 0.00  0.0    0  9.8 18 190   M    M   8 8      24 180
 4  78  69  74  10   0   9 0.04  0.0    0  7.2 17 190   M    M  10 1      24 200
 5  71  57  64   0   1   0 1.15  0.0    0  4.0 13 310   M    M   9 1      17 320
 6  83  54  69   4   0   4 0.05  0.0    0  5.7 29 330   M    M   6 123    36 320
 7  83  56  70   5   0   5 0.00  0.0    0  5.1 16  20   M    M   3 3      21  20
 8  83  53  68   3   0   3 0.00  0.0    0  2.5  8  50   M    M   1         M  M
 9  88  56  72   6   0   7 0.00  0.0    0  8.1 18 200   M    M   5        25 210
10  89  67  78  12   0  13 0.14  0.0    0  6.5 13  80   M    M   6 13     18 190
11  89  68  79  13   0  14 0.00  0.0    0  6.3 16 190   M    M   4        23 200
12  90  65  78  12   0  13 0.00  0.0    0  5.7 13 220   M    M   5        19 280
13  91  62  77  10   0  12 0.00  0.0    0  4.3 13 270   M    M   2        16 280
14  92  66  79  12   0  14 0.00  0.0    0  3.4  9  20   M    M   2        13 310
15  93  69  81  14   0  16    T  0.0    0  5.0 17 160   M    M   5 3      22  40
16  87  66  77   9   0  12 1.83  0.0    0  5.3 20 160   M    M   8 138    27 170
17  83  67  75   7   0  10 0.50  0.0    0  2.8 23 170   M    M   9 13     27 170
18  84  68  76   8   0  11 0.38  0.0    0  5.1 26 190   M    M   8 13     34 190
19  88  67  78  10   0  13 0.03  0.0    0  6.9 17 320   M    M   6 1      26 280
20  92  64  78  10   0  13 0.14  0.0    0  5.3 17 330   M    M   6 13     22 340
21  87  67  77   8   0  12    T  0.0    0  5.7 17 160   M    M   8 3      21 160
22  87  66  77   8   0  12 0.39  0.0    0  4.6 26 360   M    M   7 13     33 350
23  89  66  78   9   0  13 0.00  0.0    0  4.4 14  20   M    M   6 1      16 320
================================================================================
SM 1984 1446         1 226  4.65     0.0 129.5          M      129
================================================================================
AV 86.3 62.9                               5.6 FASTST   M    M   6    MAX(MPH)
                                 MISC ---->  # 29 330               # 36  320
================================================================================
NOTES:
# LAST OF SEVERAL OCCURRENCES

COLUMN 17 PEAK WIND IN M.P.H.

PRELIMINARY LOCAL CLIMATOLOGICAL DATA (WS FORM: F-6) , PAGE 2

                                          STATION:  NASHVILLE
                                          MONTH:    MAY
                                          YEAR:     2018
                                          LATITUDE:   36  7 N
                                          LONGITUDE:  86 41 W

[TEMPERATURE DATA]      [PRECIPITATION DATA]       SYMBOLS USED IN COLUMN 16

AVERAGE MONTHLY: 74.6   TOTAL FOR MONTH:   4.65    1 = FOG OR MIST
DPTR FM NORMAL:   8.2   DPTR FM NORMAL:    0.45    2 = FOG REDUCING VISIBILITY
HIGHEST:    93 ON 15    GRTST 24HR  1.83 ON 16-16      TO 1/4 MILE OR LESS
LOWEST:     48 ON  1                               3 = THUNDER
                        SNOW, ICE PELLETS, HAIL    4 = ICE PELLETS
                        TOTAL MONTH:   0.0 INCH    5 = HAIL
                        GRTST 24HR     0.0         6 = FREEZING RAIN OR DRIZZLE
                        GRTST DEPTH:   0           7 = DUSTSTORM OR SANDSTORM:
                                                       VSBY 1/2 MILE OR LESS
                                                   8 = SMOKE OR HAZE
[NO. OF DAYS WITH]      [WEATHER - DAYS WITH]      9 = BLOWING SNOW
                                                   X = TORNADO
MAX 32 OR BELOW:   0    0.01 INCH OR MORE:  10
MAX 90 OR ABOVE:   5    0.10 INCH OR MORE:   7
MIN 32 OR BELOW:   0    0.50 INCH OR MORE:   3
MIN  0 OR BELOW:   0    1.00 INCH OR MORE:   2

[HDD (BASE 65) ]
TOTAL THIS MO.     1    CLEAR  (SCALE 0-3)   5
DPTR FM NORMAL   -49    PTCLDY (SCALE 4-7)  15
TOTAL FM JUL 1  3387    CLOUDY (SCALE 8-10)  3
DPTR FM NORMAL  -291

[CDD (BASE 65) ]
TOTAL THIS MO.   226
DPTR FM NORMAL   144    [PRESSURE DATA]
TOTAL FM JAN 1   260    HIGHEST SLP M ON M
DPTR FM NORMAL   133    LOWEST  SLP 29.84 ON 18

[REMARKS]
