000
CXUS55 KRIW 190945
CF6BPI
PRELIMINARY LOCAL CLIMATOLOGICAL DATA (WS FORM: F-6)

                                          STATION:   BIG PINEY  WY
                                          MONTH:     OCTOBER
                                          YEAR:      2019
                                          LATITUDE:   42 34 N
                                          LONGITUDE: 110  6 W

  TEMPERATURE IN F:       :PCPN:    SNOW:  WIND      :SUNSHINE: SKY     :PK WND
================================================================================
1   2   3   4   5  6A  6B    7    8   9   10  11  12  13   14  15   16   17  18
                                     12Z  AVG MX 2MIN
DY MAX MIN AVG DEP HDD CDD  WTR  SNW DPTH SPD SPD DIR MIN PSBL S-S WX    SPD DR
================================================================================

 1  52  22  37  -7  28   0 0.00    M    M  5.7 17 190   M    M   2        23 180
 2  44  18  31 -13  34   0    T    M    M  8.2 30 280   M    M   4        39 290
 3  59  14  37  -6  28   0 0.00    M    M  5.0 15 180   M    M   0        21 190
 4  60  21  41  -2  24   0 0.04    M    M 10.2 44 260   M    M   2 128    62 260
 5  48  22  35  -7  30   0 0.00    M    M  7.5 23 320   M    M   2        30 320
 6  55  20  38  -4  27   0 0.00    M    M  6.8 16  10   M    M   0        21  10
 7  62  16  39  -3  26   0 0.00    M    M  4.3 15 270   M    M   0        19 270
 8  65  19  42   1  23   0 0.00    M    M  8.7 26 270   M    M   0        37 260
 9  47  11  29 -12  36   0 0.00    M    M 12.1 31 260   M    M   2        45 250
10  34  11  23 -18  42   0    T    M    M 10.1 24 350   M    M   5 18     33 360
11  48   4  26 -14  39   0 0.00    M    M  6.7 20  30   M    M   0        25  30
12  60   9  35  -5  30   0 0.00    M    M  5.8 17 360   M    M   0        23  20
13  59  14  37  -3  28   0 0.00    M    M  6.5 13 200   M    M   0        16 190
14  60  13  37  -2  28   0 0.00    M    M  8.2 23 290   M    M   0        33 300
15  62  16  39   0  26   0 0.00    M    M  5.1 15  10   M    M   0        19  20
16  70  21  46   8  19   0 0.00    M    M  6.4 21 280   M    M   0        28 260
17  64  22  43   5  22   0    T    M    M 10.4 25 260   M    M   2        34 250
18  45  25  35  -3  30   0    T    M    M  9.7 24 290   M    M   5 8      43 290
================================================================================
SM  994  298       520   0  0.04    M    137.4          M       24
================================================================================
AV 55.2 16.6                               7.6 FASTST   M    M   1    MAX(MPH)
                                 MISC ---->  # 44 260               # 62  260
================================================================================
NOTES:
# LAST OF SEVERAL OCCURRENCES

COLUMN 17 PEAK WIND IN M.P.H.

PRELIMINARY LOCAL CLIMATOLOGICAL DATA (WS FORM: F-6) , PAGE 2

                                          STATION:  BIG PINEY  WY
                                          MONTH:    OCTOBER
                                          YEAR:     2019
                                          LATITUDE:   42 34 N
                                          LONGITUDE: 110  6 W

[TEMPERATURE DATA]      [PRECIPITATION DATA]       SYMBOLS USED IN COLUMN 16

AVERAGE MONTHLY: 35.9   TOTAL FOR MONTH:   0.04    1 = FOG OR MIST
DPTR FM NORMAL:  -4.9   DPTR FM NORMAL:   -0.34    2 = FOG REDUCING VISIBILITY
HIGHEST:    70 ON 16    GRTST 24HR  0.04 ON  4- 4      TO 1/4 MILE OR LESS
LOWEST:      4 ON 11                               3 = THUNDER
                        SNOW, ICE PELLETS, HAIL    4 = ICE PELLETS
                        TOTAL MONTH:    M          5 = HAIL
                        GRTST 24HR    M  ON   M    6 = FREEZING RAIN OR DRIZZLE
                        GRTST DEPTH:  M  ON   M    7 = DUSTSTORM OR SANDSTORM:
                                                       VSBY 1/2 MILE OR LESS
                                                   8 = SMOKE OR HAZE
[NO. OF DAYS WITH]      [WEATHER - DAYS WITH]      9 = BLOWING SNOW
                                                   X = TORNADO
MAX 32 OR BELOW:   0    0.01 INCH OR MORE:   1
MAX 90 OR ABOVE:   0    0.10 INCH OR MORE:   0
MIN 32 OR BELOW:  18    0.50 INCH OR MORE:   0
MIN  0 OR BELOW:   0    1.00 INCH OR MORE:   0

[HDD (BASE 65) ]
TOTAL THIS MO.   520    CLEAR  (SCALE 0-3)  15
DPTR FM NORMAL    85    PTCLDY (SCALE 4-7)   3
TOTAL FM JUL 1  1156    CLOUDY (SCALE 8-10)  0
DPTR FM NORMAL   -30

[CDD (BASE 65) ]
TOTAL THIS MO.     0
DPTR FM NORMAL     0    [PRESSURE DATA]
TOTAL FM JAN 1    12    HIGHEST SLP M ON M
DPTR FM NORMAL   -23    LOWEST  SLP 29.51 ON  9

[REMARKS]
