000
CXUS55 KRIW 230902
CF6BPI
PRELIMINARY LOCAL CLIMATOLOGICAL DATA (WS FORM: F-6)

                                          STATION:   BIG PINEY  WY
                                          MONTH:     JANUARY
                                          YEAR:      2019
                                          LATITUDE:   42 34 N
                                          LONGITUDE: 110  6 W

  TEMPERATURE IN F:       :PCPN:    SNOW:  WIND      :SUNSHINE: SKY     :PK WND
================================================================================
1   2   3   4   5  6A  6B    7    8   9   10  11  12  13   14  15   16   17  18
                                     12Z  AVG MX 2MIN
DY MAX MIN AVG DEP HDD CDD  WTR  SNW DPTH SPD SPD DIR MIN PSBL S-S WX    SPD DR
================================================================================

 1   5 -27 -11 -22  76   0 0.00    M    M  2.2  7  90   M    M   0         8  90
 2  15 -23  -4 -15  69   0 0.00    M    M  4.0 12 180   M    M   0        13 180
 3  20 -10   5  -6  60   0 0.00    M    M  3.3  9 320   M    M   0        10 330
 4  30  -3  14   3  51   0 0.00    M    M  2.0 12 300   M    M   0        12  70
 5  23  -6   9  -2  56   0    T    M    M  4.0 17  60   M    M   3        18  60
 6  30   0  15   4  50   0    T    M    M  4.4 15 320   M    M   7 18     18 330
 7  27  -9   9  -2  56   0    T    M    M 10.2 37 300   M    M   4 129    44 310
 8  23 -14   5  -6  60   0 0.00    M    M  3.8 13 340   M    M   0        13 330
 9  31   1  16   5  49   0 0.00    M    M  2.3  8  90   M    M   2 18      9  60
10  26   0  13   2  52   0    T    M    M  2.9 12 320   M    M   4        12 320
11  33  -3  15   4  50   0 0.00    M    M  4.0 12 320   M    M   3 128    12 320
12  19 -11   4  -7  61   0 0.00    M    M  2.4 12 340   M    M   1 128    12 340
13  13 -14   0 -11  65   0 0.00    M    M  1.8  8 350   M    M   4 18     10 170
14  16 -15   1 -10  64   0 0.00    M    M  1.9  9  70   M    M   0        10  70
15  16 -18  -1 -12  66   0 0.00    M    M  2.9 10  70   M    M   6 18     11  60
16  25   8  17   6  48   0    T    M    M  4.0  8  70   M    M   8 18      9 180
17  29  14  22  11  43   0 0.01    M    M  2.6 13 340   M    M  10 12     14 340
18  32   4  18   7  47   0    T    M    M 13.0 28 340   M    M   3 1      33 330
19  28  -2  13   2  52   0 0.00    M  999  2.5  9 170   M    M   2        10 170
20  32   7  20   9  45   0    T    M    M  4.4 12  50   M    M   7 12     14  40
21  32   8  20   9  45   0 0.10    M    M 11.7 28 340   M    M   8 12     34 330
22  24   5  15   4  50   0 0.00    M    M 12.4 24 350   M    M   3        29 350
================================================================================
SM  529 -108      1215   0  0.11    M    102.7          M       75
================================================================================
AV 24.1 -4.9                               4.7 FASTST   M    M   3    MAX(MPH)
                                 MISC ---->  # 37 300               # 44  310
================================================================================
NOTES:
# LAST OF SEVERAL OCCURRENCES

COLUMN 17 PEAK WIND IN M.P.H.

PRELIMINARY LOCAL CLIMATOLOGICAL DATA (WS FORM: F-6) , PAGE 2

                                          STATION:  BIG PINEY  WY
                                          MONTH:    JANUARY
                                          YEAR:     2019
                                          LATITUDE:   42 34 N
                                          LONGITUDE: 110  6 W

[TEMPERATURE DATA]      [PRECIPITATION DATA]       SYMBOLS USED IN COLUMN 16

AVERAGE MONTHLY:  9.6   TOTAL FOR MONTH:   0.11    1 = FOG OR MIST
DPTR FM NORMAL:  -1.4   DPTR FM NORMAL:   -0.12    2 = FOG REDUCING VISIBILITY
HIGHEST:    33 ON 11    GRTST 24HR  0.10 ON 21-21      TO 1/4 MILE OR LESS
LOWEST:    -27 ON  1                               3 = THUNDER
                        SNOW, ICE PELLETS, HAIL    4 = ICE PELLETS
                        TOTAL MONTH:    M          5 = HAIL
                        GRTST 24HR    M  ON   M    6 = FREEZING RAIN OR DRIZZLE
                        GRTST DEPTH: 999 ON 19     7 = DUSTSTORM OR SANDSTORM:
                                                       VSBY 1/2 MILE OR LESS
                                                   8 = SMOKE OR HAZE
[NO. OF DAYS WITH]      [WEATHER - DAYS WITH]      9 = BLOWING SNOW
                                                   X = TORNADO
MAX 32 OR BELOW:  21    0.01 INCH OR MORE:   2
MAX 90 OR ABOVE:   0    0.10 INCH OR MORE:   1
MIN 32 OR BELOW:  22    0.50 INCH OR MORE:   0
MIN  0 OR BELOW:  15    1.00 INCH OR MORE:   0

[HDD (BASE 65) ]
TOTAL THIS MO.  1215    CLEAR  (SCALE 0-3)  11
DPTR FM NORMAL    27    PTCLDY (SCALE 4-7)   8
TOTAL FM JUL 1  5502    CLOUDY (SCALE 8-10)  3
DPTR FM NORMAL  -125

[CDD (BASE 65) ]
TOTAL THIS MO.     0
DPTR FM NORMAL     0    [PRESSURE DATA]
TOTAL FM JAN 1     0    HIGHEST SLP M ON M
DPTR FM NORMAL     0    LOWEST  SLP 29.53 ON 21

[REMARKS]
