000
CXUS55 KRIW 260945
CF6BPI
PRELIMINARY LOCAL CLIMATOLOGICAL DATA (WS FORM: F-6)

                                          STATION:   BIG PINEY  WY
                                          MONTH:     MAY
                                          YEAR:      2018
                                          LATITUDE:   42 34 N
                                          LONGITUDE: 110  6 W

  TEMPERATURE IN F:       :PCPN:    SNOW:  WIND      :SUNSHINE: SKY     :PK WND
================================================================================
1   2   3   4   5  6A  6B    7    8   9   10  11  12  13   14  15   16   17  18
                                     12Z  AVG MX 2MIN
DY MAX MIN AVG DEP HDD CDD  WTR  SNW DPTH SPD SPD DIR MIN PSBL S-S WX    SPD DR
================================================================================

 1  50  25  38  -3  27   0    T    M    M  5.4 29 250   M    M   8 128    36 250
 2  50  23  37  -5  28   0 0.01    M    M  5.4 20 180   M    M   7        23 190
 3  60  25  43   1  22   0 0.00  0.0    M 11.0 23 320   M    M   2        33 350
 4  67  23  45   3  20   0 0.00  0.0    M  6.6 15 340   M    M   0        23 320
 5  69  32  51   9  14   0    T    M    M  6.3 22 290   M    M   2        27 280
 6  75  33  54  11  11   0 0.00    M    M  7.5 21 210   M    M   1        25 230
 7  72  29  51   8  14   0 0.00    M    M 10.1 29 280   M    M   0        36 280
 8  72  27  50   7  15   0 0.00    M    M  8.2 17 320   M    M   0        30 340
 9  76  33  55  11  10   0 0.00    M    M 10.2 25 350   M    M   2        33 340
10  61  40  51   7  14   0 0.12    M    M 10.6 33 340   M    M   5 13     42 350
11  48  37  43  -1  22   0 0.28    M    M  5.9 17 150   M    M   8 1      23 150
12  59  35  47   2  18   0 0.52    M    M  8.9 29 280   M    M   9 13     35 290
13  54  27  41  -4  24   0 0.00    M    M  6.6 25 280   M    M   2 1      32 290
14  64  29  47   2  18   0 0.01    M    M  6.6 23 330   M    M   2        29 330
15  69  32  51   5  14   0 0.01    M    M  5.7 28 270   M    M   2        34 280
16  69  31  50   4  15   0 0.05    M    M  8.1 31 220   M    M   3 3      39 210
17  66  38  52   6  13   0    T    M    M 12.0 40 280   M    M   2        48 270
18  64  36  50   4  15   0 0.32    M    M  9.4 33 210   M    M   3 13     41 210
19  58  35  47   0  18   0    T    M    M  7.7 18 160   M    M   8        24 150
20  66  34  50   3  15   0    T    M    M  4.6 26 280   M    M   4 3      33 280
21  69  37  53   6  12   0    T    M    M  6.3 32 200   M    M   2        42 200
22  66  36  51   3  14   0 0.09    M    M  7.7 29 110   M    M   3 3      39 110
23  62  41  52   4  13   0 0.30    M    M  9.0 28 290   M    M   6 13     34 290
24  71  38  55   7  10   0 0.00    M    M  8.2 23 330   M    M   1        27 320
25  77  37  57   9   8   0 0.00    M    M  5.4 18 220   M    M   0        24 210
================================================================================
SM 1614  813       404   0  1.71     0.0 193.4          M       82
================================================================================
AV 64.6 32.5                               7.7 FASTST   M    M   3    MAX(MPH)
                                 MISC ---->  # 40 280               # 48  270
================================================================================
NOTES:
# LAST OF SEVERAL OCCURRENCES

COLUMN 17 PEAK WIND IN M.P.H.

PRELIMINARY LOCAL CLIMATOLOGICAL DATA (WS FORM: F-6) , PAGE 2

                                          STATION:  BIG PINEY  WY
                                          MONTH:    MAY
                                          YEAR:     2018
                                          LATITUDE:   42 34 N
                                          LONGITUDE: 110  6 W

[TEMPERATURE DATA]      [PRECIPITATION DATA]       SYMBOLS USED IN COLUMN 16

AVERAGE MONTHLY: 48.5   TOTAL FOR MONTH:   1.71    1 = FOG OR MIST
DPTR FM NORMAL:   3.7   DPTR FM NORMAL:    1.04    2 = FOG REDUCING VISIBILITY
HIGHEST:    77 ON 25    GRTST 24HR  0.52 ON 12-12      TO 1/4 MILE OR LESS
LOWEST:     23 ON  4, 2                            3 = THUNDER
                        SNOW, ICE PELLETS, HAIL    4 = ICE PELLETS
                        TOTAL MONTH:   0.0 INCH    5 = HAIL
                        GRTST 24HR     0.0         6 = FREEZING RAIN OR DRIZZLE
                        GRTST DEPTH:  M  ON   M    7 = DUSTSTORM OR SANDSTORM:
                                                       VSBY 1/2 MILE OR LESS
                                                   8 = SMOKE OR HAZE
[NO. OF DAYS WITH]      [WEATHER - DAYS WITH]      9 = BLOWING SNOW
                                                   X = TORNADO
MAX 32 OR BELOW:   0    0.01 INCH OR MORE:  10
MAX 90 OR ABOVE:   0    0.10 INCH OR MORE:   5
MIN 32 OR BELOW:  11    0.50 INCH OR MORE:   1
MIN  0 OR BELOW:   0    1.00 INCH OR MORE:   0

[HDD (BASE 65) ]
TOTAL THIS MO.   404    CLEAR  (SCALE 0-3)  16
DPTR FM NORMAL   -99    PTCLDY (SCALE 4-7)   7
TOTAL FM JUL 1  8858    CLOUDY (SCALE 8-10)  2
DPTR FM NORMAL -1176

[CDD (BASE 65) ]
TOTAL THIS MO.     0
DPTR FM NORMAL     0    [PRESSURE DATA]
TOTAL FM JAN 1     0    HIGHEST SLP M ON M
DPTR FM NORMAL     0    LOWEST  SLP 29.64 ON 10

[REMARKS]
