000
CXUS53 KDLH 251308
CF6BRD
PRELIMINARY LOCAL CLIMATOLOGICAL DATA (WS FORM: F-6)

                                          STATION:   BRAINERD
                                          MONTH:     FEBRUARY
                                          YEAR:      2020
                                          LATITUDE:   46 24 N
                                          LONGITUDE:  94  8 W

  TEMPERATURE IN F:       :PCPN:    SNOW:  WIND      :SUNSHINE: SKY     :PK WND
================================================================================
1   2   3   4   5  6A  6B    7    8   9   10  11  12  13   14  15   16   17  18
                                     12Z  AVG MX 2MIN
DY MAX MIN AVG DEP HDD CDD  WTR  SNW DPTH SPD SPD DIR MIN PSBL S-S WX    SPD DR
================================================================================

 1  36  11  24  12  41   0 0.00  0.0   20  8.9 20 230   M    M   5 128    25 220
 2  45  31  38  25  27   0 0.00  0.0   20 12.5 22 320   M    M   5        32 300
 3  31   7  19   6  46   0 0.00  0.0   19 10.6 20 320   M    M   2        24 320
 4  22  -5   9  -4  56   0 0.00  0.0   18  4.8 12 240   M    M   0        19 270
 5  31   1  16   3  49   0 0.00  0.0   18  8.7 16 200   M    M   1        21 220
 6  29  10  20   6  45   0 0.01  0.5   18  6.6 15 200   M    M   4 18     21 180
 7  23  -7   8  -6  57   0    T    T   18  6.7 13 350   M    M   7 18     17 360
 8  18 -17   1 -13  64   0    T    T   18  5.0 15 180   M    M   6        19 180
 9  24   6  15   0  50   0 0.00  0.0   18  5.2 16 340   M    M   5 18     20 330
10  30  17  24   9  41   0 0.00  0.0   18 11.2 21 200   M    M   9 18     26 200
11  31  20  26  11  39   0    T    T   17 12.2 22 240   M    M   6 8      32 240
12  27 -10   9  -7  56   0    T    T   17 15.1 29 330   M    M   5 89     35 320
13   2 -20  -9 -25  74   0 0.00  0.0   17  7.8 13 290   M    M   0        18 270
14  19 -18   1 -15  64   0 0.00  0.0   17 15.5 31 180   M    M   2 8      42 170
15  33  13  23   6  42   0 0.00  0.0   17 10.6 21 280   M    M   3 8      29 270
16  19  -5   7 -10  58   0 0.00  0.0   17  3.2 12 330   M    M   4 8      14 330
17  28  15  22   5  43   0 0.02  0.4   17  5.9 17 350   M    M   9 18     23 350
18  20  -1  10  -8  55   0    T    T   17 10.8 23 330   M    M   5 8      32 320
19  10 -18  -4 -22  69   0 0.00  0.0   16  5.2 13 310   M    M   0 8      16 310
20  20 -22  -1 -20  66   0 0.00  0.0   16  8.0 18 210   M    M   0 8      23 210
21  38   8  23   4  42   0 0.00  0.0   16 10.1 18 230   M    M   0 18     23 220
22  42  11  27   8  38   0 0.00  0.0   16  6.0 14 180   M    M   0 128    16 180
23  43  20  32  12  33   0 0.00  0.0   16 11.3 24 310   M    M   0 18     36 320
24  42  10  26   6  39   0 0.00  0.0   16  3.4 12 340   M    M   0 18     15 340
================================================================================
SM  663   57      1194   0  0.03     0.9 205.3          M       78
================================================================================
AV 27.6  2.4                               8.6 FASTST   M    M   3    MAX(MPH)
                                 MISC ---->  # 31 180               # 42  170
================================================================================
NOTES:
# LAST OF SEVERAL OCCURRENCES

COLUMN 17 PEAK WIND IN M.P.H.

PRELIMINARY LOCAL CLIMATOLOGICAL DATA (WS FORM: F-6) , PAGE 2

                                          STATION:  BRAINERD
                                          MONTH:    FEBRUARY
                                          YEAR:     2020
                                          LATITUDE:   46 24 N
                                          LONGITUDE:  94  8 W

[TEMPERATURE DATA]      [PRECIPITATION DATA]       SYMBOLS USED IN COLUMN 16

AVERAGE MONTHLY: 15.0   TOTAL FOR MONTH:   0.03    1 = FOG OR MIST
DPTR FM NORMAL:  -0.9   DPTR FM NORMAL:   -0.51    2 = FOG REDUCING VISIBILITY
HIGHEST:    45 ON  2    GRTST 24HR  0.02 ON 17-17      TO 1/4 MILE OR LESS
LOWEST:    -22 ON 20                               3 = THUNDER
                        SNOW, ICE PELLETS, HAIL    4 = ICE PELLETS
                        TOTAL MONTH:   0.9 INCH    5 = HAIL
                        GRTST 24HR   0.5 ON  6- 6  6 = FREEZING RAIN OR DRIZZLE
                        GRTST DEPTH:  20 ON  2, 1  7 = DUSTSTORM OR SANDSTORM:
                                                       VSBY 1/2 MILE OR LESS
                                                   8 = SMOKE OR HAZE
[NO. OF DAYS WITH]      [WEATHER - DAYS WITH]      9 = BLOWING SNOW
                                                   X = TORNADO
MAX 32 OR BELOW:  17    0.01 INCH OR MORE:   2
MAX 90 OR ABOVE:   0    0.10 INCH OR MORE:   0
MIN 32 OR BELOW:  24    0.50 INCH OR MORE:   0
MIN  0 OR BELOW:  10    1.00 INCH OR MORE:   0

[HDD (BASE 65) ]
TOTAL THIS MO.  1194    CLEAR  (SCALE 0-3)  11
DPTR FM NORMAL    15    PTCLDY (SCALE 4-7)  11
TOTAL FM JUL 1  6050    CLOUDY (SCALE 8-10)  2
DPTR FM NORMAL  -287

[CDD (BASE 65) ]
TOTAL THIS MO.     0
DPTR FM NORMAL     0    [PRESSURE DATA]
TOTAL FM JAN 1     0    HIGHEST SLP M ON M
DPTR FM NORMAL     0    LOWEST  SLP 29.29 ON  2

[REMARKS]
PRECIPITATION AND SNOWFALL TOTALS REFLECT VALUES FROM 7 AM TO 7 AM
