000
CXUS53 KDLH 190633
CF6BRD
PRELIMINARY LOCAL CLIMATOLOGICAL DATA (WS FORM: F-6)

                                          STATION:   BRAINERD
                                          MONTH:     AUGUST
                                          YEAR:      2018
                                          LATITUDE:   46 24 N
                                          LONGITUDE:  94  8 W

  TEMPERATURE IN F:       :PCPN:    SNOW:  WIND      :SUNSHINE: SKY     :PK WND
================================================================================
1   2   3   4   5  6A  6B    7    8   9   10  11  12  13   14  15   16   17  18
                                     12Z  AVG MX 2MIN
DY MAX MIN AVG DEP HDD CDD  WTR  SNW DPTH SPD SPD DIR MIN PSBL S-S WX    SPD DR
================================================================================

 1  70  56  63  -7   2   0 0.13  0.0    0  8.5 16  30   M    M   8 18     20  20
 2  73  47  60 -10   5   0    T  0.0    0  4.2 10 190   M    M   3 12     16 170
 3  73  55  64  -6   1   0 1.40  0.0    0  8.4 22 320   M    M   6 13     29 320
 4  80  66  73   4   0   8 0.01  0.0    0  8.6 20 210   M    M   5 1      25 210
 5  87  65  76   7   0  11 0.00  0.0    0  6.3 18 230   M    M   2 12     22 230
 6  79  59  69   0   0   4 0.00  0.0    0  4.7 15 320   M    M   2 1      19 300
 7  81  56  69   0   0   4 0.00  0.0    0  2.8  8 200   M    M   3 1      11 200
 8  88  61  75   6   0  10    T  0.0    0  6.3 15 240   M    M   0 1      19 240
 9  84  60  72   3   0   7 0.00  0.0    0  4.6 15 340   M    M   0 18     19 330
10  86  56  71   2   0   6 0.00  0.0    0  1.4  7 310   M    M   0 18     10 310
11  86  60  73   4   0   8 0.00  0.0    0  2.5  8 200   M    M   2 128    11 190
12  87  60  74   5   0   9 0.00  0.0    0  7.3 16 190   M    M   1 128    22 180
13  92  68  80  12   0  15 0.00  0.0    0 10.5 21 210   M    M   0 1      27 210
14  76  64  70   2   0   5 0.01  0.0    0  6.0 16 340   M    M   5 3      19  20
15  80  55  68   0   0   3 0.00  0.0    0  2.2  8  20   M    M   0 1      11  30
16  84  54  69   1   0   4 0.00  0.0    0  2.1 10  10   M    M   1 12     15 340
17  84  56  70   2   0   5 0.00  0.0    0  1.8  9  20   M    M   0 12     12 360
18  83  59  71   3   0   6 0.00  0.0    0  4.0 13 190   M    M   2 128    17 180
================================================================================
SM 1473 1057         8 105  1.55     0.0  92.2          M       40
================================================================================
AV 81.8 58.7                               5.1 FASTST   M    M   2    MAX(MPH)
                                 MISC ---->  # 22 320               # 29  320
================================================================================
NOTES:
# LAST OF SEVERAL OCCURRENCES

COLUMN 17 PEAK WIND IN M.P.H.

PRELIMINARY LOCAL CLIMATOLOGICAL DATA (WS FORM: F-6) , PAGE 2

                                          STATION:  BRAINERD
                                          MONTH:    AUGUST
                                          YEAR:     2018
                                          LATITUDE:   46 24 N
                                          LONGITUDE:  94  8 W

[TEMPERATURE DATA]      [PRECIPITATION DATA]       SYMBOLS USED IN COLUMN 16

AVERAGE MONTHLY: 70.3   TOTAL FOR MONTH:   1.55    1 = FOG OR MIST
DPTR FM NORMAL:   1.5   DPTR FM NORMAL:   -0.17    2 = FOG REDUCING VISIBILITY
HIGHEST:    92 ON 13    GRTST 24HR  1.40 ON  3- 3      TO 1/4 MILE OR LESS
LOWEST:     47 ON  2                               3 = THUNDER
                        SNOW, ICE PELLETS, HAIL    4 = ICE PELLETS
                        TOTAL MONTH:   0.0 INCH    5 = HAIL
                        GRTST 24HR     0.0         6 = FREEZING RAIN OR DRIZZLE
                        GRTST DEPTH:   0           7 = DUSTSTORM OR SANDSTORM:
                                                       VSBY 1/2 MILE OR LESS
                                                   8 = SMOKE OR HAZE
[NO. OF DAYS WITH]      [WEATHER - DAYS WITH]      9 = BLOWING SNOW
                                                   X = TORNADO
MAX 32 OR BELOW:   0    0.01 INCH OR MORE:   4
MAX 90 OR ABOVE:   1    0.10 INCH OR MORE:   2
MIN 32 OR BELOW:   0    0.50 INCH OR MORE:   1
MIN  0 OR BELOW:   0    1.00 INCH OR MORE:   1

[HDD (BASE 65) ]
TOTAL THIS MO.     8    CLEAR  (SCALE 0-3)  14
DPTR FM NORMAL   -10    PTCLDY (SCALE 4-7)   4
TOTAL FM JUL 1    16    CLOUDY (SCALE 8-10)  0
DPTR FM NORMAL   -24

[CDD (BASE 65) ]
TOTAL THIS MO.   105
DPTR FM NORMAL    21    [PRESSURE DATA]
TOTAL FM JAN 1   477    HIGHEST SLP M ON M
DPTR FM NORMAL   122    LOWEST  SLP 29.71 ON  4

[REMARKS]
