000
CXUS53 KDLH 181338
CF6BRD
PRELIMINARY LOCAL CLIMATOLOGICAL DATA (WS FORM: F-6)

                                          STATION:   BRAINERD
                                          MONTH:     NOVEMBER
                                          YEAR:      2018
                                          LATITUDE:   46 24 N
                                          LONGITUDE:  94  8 W

  TEMPERATURE IN F:       :PCPN:    SNOW:  WIND      :SUNSHINE: SKY     :PK WND
================================================================================
1   2   3   4   5  6A  6B    7    8   9   10  11  12  13   14  15   16   17  18
                                     12Z  AVG MX 2MIN
DY MAX MIN AVG DEP HDD CDD  WTR  SNW DPTH SPD SPD DIR MIN PSBL S-S WX    SPD DR
================================================================================

 1  45  22  34  -5  31   0 0.00  0.0    0  2.4  8  30   M    M   2        10  50
 2  46  26  36  -2  29   0 0.00  0.0    0  3.5  9  50   M    M   3        11  50
 3  43  28  36  -2  29   0 0.00  0.0    0  4.9 12 120   M    M   8        18 100
 4  39  31  35  -2  30   0 0.01  0.0    0  7.1 15  40   M    M   8 18     19  30
 5  41  33  37   1  28   0 0.39    T    0  4.5  9 180   M    M  10 1      12 190
 6  37  29  33  -3  32   0 0.12  0.6    T  9.5 20 260   M    M  10 18     24 280
 7  32  21  27  -8  38   0    T    T    1 12.2 22 320   M    M   9 18     31 300
 8  22  12  17 -18  48   0    T    T    T  5.8 14 260   M    M   7 8      17 290
 9  22  13  18 -16  47   0    T    T    T 11.3 25 310   M    M   8 8      32 310
10  21   8  15 -19  50   0 0.08  1.5    T  7.2 16 180   M    M   9 8      21 170
11  24  19  22 -11  43   0    T    T    2  8.7 15 320   M    M  10 18     21 310
12  20   4  12 -20  53   0 0.00  0.0    2 11.5 23 320   M    M   7 8      30 320
13  20  -2   9 -23  56   0 0.00  0.0    2  5.1 13 310   M    M   7 8      16 310
14  38  10  24  -7  41   0 0.00  0.0    2  9.7 23 180   M    M   1 18     29 180
15  43  28  36   5  29   0    T    T    1 11.2 23 320   M    M   4 18     27 330
16  29  19  24  -6  41   0    T    T    T 10.7 21 330   M    M   8 18     26 320
17  21   8  15 -14  50   0 0.00  0.0    T  8.9 16 340   M    M   5 8      20 350
================================================================================
SM  543  309       675   0  0.60     2.1 134.2          M      116
================================================================================
AV 31.9 18.2                               7.9 FASTST   M    M   7    MAX(MPH)
                                 MISC ---->  # 25 310               # 32  310
================================================================================
NOTES:
# LAST OF SEVERAL OCCURRENCES

COLUMN 17 PEAK WIND IN M.P.H.

PRELIMINARY LOCAL CLIMATOLOGICAL DATA (WS FORM: F-6) , PAGE 2

                                          STATION:  BRAINERD
                                          MONTH:    NOVEMBER
                                          YEAR:     2018
                                          LATITUDE:   46 24 N
                                          LONGITUDE:  94  8 W

[TEMPERATURE DATA]      [PRECIPITATION DATA]       SYMBOLS USED IN COLUMN 16

AVERAGE MONTHLY: 25.1   TOTAL FOR MONTH:   0.60    1 = FOG OR MIST
DPTR FM NORMAL:  -9.0   DPTR FM NORMAL:   -0.36    2 = FOG REDUCING VISIBILITY
HIGHEST:    46 ON  2    GRTST 24HR  0.39 ON  5- 5      TO 1/4 MILE OR LESS
LOWEST:     -2 ON 13                               3 = THUNDER
                        SNOW, ICE PELLETS, HAIL    4 = ICE PELLETS
                        TOTAL MONTH:   2.1 INCHES  5 = HAIL
                        GRTST 24HR   1.5 ON 10-10  6 = FREEZING RAIN OR DRIZZLE
                        GRTST DEPTH:   2 ON 14,13  7 = DUSTSTORM OR SANDSTORM:
                                                       VSBY 1/2 MILE OR LESS
                                                   8 = SMOKE OR HAZE
[NO. OF DAYS WITH]      [WEATHER - DAYS WITH]      9 = BLOWING SNOW
                                                   X = TORNADO
MAX 32 OR BELOW:   9    0.01 INCH OR MORE:   4
MAX 90 OR ABOVE:   0    0.10 INCH OR MORE:   2
MIN 32 OR BELOW:  16    0.50 INCH OR MORE:   0
MIN  0 OR BELOW:   1    1.00 INCH OR MORE:   0

[HDD (BASE 65) ]
TOTAL THIS MO.   675    CLEAR  (SCALE 0-3)   2
DPTR FM NORMAL   148    PTCLDY (SCALE 4-7)   9
TOTAL FM JUL 1  1664    CLOUDY (SCALE 8-10)  6
DPTR FM NORMAL   235

[CDD (BASE 65) ]
TOTAL THIS MO.     0
DPTR FM NORMAL     0    [PRESSURE DATA]
TOTAL FM JAN 1   569    HIGHEST SLP M ON M
DPTR FM NORMAL   147    LOWEST  SLP 29.61 ON  6

[REMARKS]
PRECIPITATION AND SNOWFALL TOTALS REFLECT VALUES FROM 7 AM UNTIL 7 AM.
