000
CXUS53 KDLH 241327
CF6BRD
PRELIMINARY LOCAL CLIMATOLOGICAL DATA (WS FORM: F-6)

                                          STATION:   BRAINERD
                                          MONTH:     FEBRUARY
                                          YEAR:      2018
                                          LATITUDE:   46 24 N
                                          LONGITUDE:  94  8 W

  TEMPERATURE IN F:       :PCPN:    SNOW:  WIND      :SUNSHINE: SKY     :PK WND
================================================================================
1   2   3   4   5  6A  6B    7    8   9   10  11  12  13   14  15   16   17  18
                                     12Z  AVG MX 2MIN
DY MAX MIN AVG DEP HDD CDD  WTR  SNW DPTH SPD SPD DIR MIN PSBL S-S WX    SPD DR
================================================================================

 1   4  -9  -2 -14  67   0 0.00  0.0    6 10.8 21 320   M    M   1 8      27 320
 2  10 -18  -4 -17  69   0 0.01  0.3    9  4.7 12 180   M    M   5 8      15 180
 3  11  -4   4  -9  61   0 0.11  3.0    7  8.9 21  10   M    M   9 18     26  10
 4   2 -19  -8 -21  73   0 0.00  0.0   10 10.1 21 260   M    M   0 8      26 260
 5  10 -10   0 -13  65   0 0.00  0.0   10  8.1 17 320   M    M   1 8      23 320
 6  10 -24  -7 -21  72   0 0.03  1.0   10  5.5 15 220   M    M   3 18     21 210
 7  11 -12   0 -14  65   0 0.00  0.0   10  5.8 14 260   M    M   5 18     17 250
 8   9 -11  -1 -15  66   0 0.00  0.0   10  5.5 13 360   M    M   2 8      15 350
 9   9 -18  -4 -19  69   0 0.00  0.0   10  7.1 13 270   M    M   0        18 280
10  13 -12   1 -14  64   0 0.00  0.0   10  6.1 12 210   M    M   0 18     14 210
11  17  -8   5 -10  60   0 0.00  0.0    9  9.8 22 310   M    M   2        31 300
12   8 -21  -6 -22  71   0    T  0.4   10  5.3 13 330   M    M   1 18     15 320
13  28   4  16   0  49   0 0.00  0.0    9 14.1 23 210   M    M   4 8      30 200
14  41  17  29  13  36   0 0.00  0.0    8  7.9 17 190   M    M   1 8      19 180
15  39   0  20   3  45   0 0.00  0.0    8 14.8 24 340   M    M   7        29 330
16  22  -8   7 -10  58   0 0.00  0.0    8 10.8 22 200   M    M   0        27 200
17  29   4  17   0  48   0 0.00  0.0    8  8.9 22 260   M    M   2 8      28 300
18  27   3  15  -3  50   0 0.01    T    7  9.2 20  10   M    M   9 8      26  10
19  15   9  12  -6  53   0 0.15  1.9    7 14.1 21  20   M    M  10 8      26  20
20  18   0   9 -10  56   0    T    T    9 10.0 16 290   M    M   7 8      23 290
21  22  -8   7 -12  58   0 0.00  0.0    9  6.5 14 180   M    M   0        16 210
22  26 -10   8 -11  57   0 0.50  7.0    9  4.1 14 180   M    M   5 128    19 150
23  32   5  19  -1  46   0    T    T   15  6.9 16 260   M    M   7 18     19 260
================================================================================
SM  413 -150      1358   0  0.81    13.6 195.0          M       81
================================================================================
AV 18.0 -6.5                               8.5 FASTST   M    M   4    MAX(MPH)
                                 MISC ---->  # 24 340               # 31  300
================================================================================
NOTES:
# LAST OF SEVERAL OCCURRENCES

COLUMN 17 PEAK WIND IN M.P.H.

PRELIMINARY LOCAL CLIMATOLOGICAL DATA (WS FORM: F-6) , PAGE 2

                                          STATION:  BRAINERD
                                          MONTH:    FEBRUARY
                                          YEAR:     2018
                                          LATITUDE:   46 24 N
                                          LONGITUDE:  94  8 W

[TEMPERATURE DATA]      [PRECIPITATION DATA]       SYMBOLS USED IN COLUMN 16

AVERAGE MONTHLY:  5.7   TOTAL FOR MONTH:   0.81    1 = FOG OR MIST
DPTR FM NORMAL: -10.0   DPTR FM NORMAL:    0.31    2 = FOG REDUCING VISIBILITY
HIGHEST:    41 ON 14    GRTST 24HR  0.50 ON 22-22      TO 1/4 MILE OR LESS
LOWEST:    -24 ON  6                               3 = THUNDER
                        SNOW, ICE PELLETS, HAIL    4 = ICE PELLETS
                        TOTAL MONTH:  13.6 INCHES  5 = HAIL
                        GRTST 24HR   7.0 ON 22-22  6 = FREEZING RAIN OR DRIZZLE
                        GRTST DEPTH:  15 ON 23     7 = DUSTSTORM OR SANDSTORM:
                                                       VSBY 1/2 MILE OR LESS
                                                   8 = SMOKE OR HAZE
[NO. OF DAYS WITH]      [WEATHER - DAYS WITH]      9 = BLOWING SNOW
                                                   X = TORNADO
MAX 32 OR BELOW:  21    0.01 INCH OR MORE:   6
MAX 90 OR ABOVE:   0    0.10 INCH OR MORE:   3
MIN 32 OR BELOW:  23    0.50 INCH OR MORE:   1
MIN  0 OR BELOW:  17    1.00 INCH OR MORE:   0

[HDD (BASE 65) ]
TOTAL THIS MO.  1358    CLEAR  (SCALE 0-3)  13
DPTR FM NORMAL   224    PTCLDY (SCALE 4-7)   7
TOTAL FM JUL 1  6521    CLOUDY (SCALE 8-10)  3
DPTR FM NORMAL   223

[CDD (BASE 65) ]
TOTAL THIS MO.     0
DPTR FM NORMAL     0    [PRESSURE DATA]
TOTAL FM JAN 1     0    HIGHEST SLP M ON M
DPTR FM NORMAL     0    LOWEST  SLP 29.56 ON 14

[REMARKS]
PRECIPITATION AND SNOWFALL TOTALS REFLECT VALUES FROM 7 AM UNTIL 7 AM.
