000
CXAK56 PAFG 170944
CF6BRW
PRELIMINARY LOCAL CLIMATOLOGICAL DATA (WS FORM: F-6)

                                          STATION:   UTQIAGVIK (BARROW) AK
                                          MONTH:     OCTOBER
                                          YEAR:      2019
                                          LATITUDE:   71 17 N
                                          LONGITUDE: 156 47 W

  TEMPERATURE IN F:       :PCPN:    SNOW:  WIND      :SUNSHINE: SKY     :PK WND
================================================================================
1   2   3   4   5  6A  6B    7    8   9   10  11  12  13   14  15   16   17  18
                                     12Z  AVG MX 2MIN
DY MAX MIN AVG DEP HDD CDD  WTR  SNW DPTH SPD SPD DIR MIN PSBL S-S WX    SPD DR
================================================================================

 1  43  30  37  11  28   0 0.03  0.0    0  9.7 20 300   M    M   7 1      23 300
 2  35  29  32   7  33   0 0.00  0.0    0 14.2 22 120   M    M   7 12     27 110
 3  41  29  35  10  30   0 0.00  0.0    0  9.0 18 120   M    M   7 1      22 120
 4  42  30  36  12  29   0    T  0.0    0 16.7 29  80   M    M   6 1      33  80
 5  37  31  34  10  31   0 0.06    M    M 14.1 24  20   M    M   9 1      31  20
 6  35  32  34  11  31   0 0.02    M    M 16.1 25  10   M    M  10 189    32  10
 7  37  24  31   8  34   0 0.04    M    M  9.5 21 310   M    M   9 18     27 300
 8  33  26  30   8  35   0 0.08    M    M  8.3 15 120   M    M   7 12     18 120
 9  36  27  32  10  33   0 0.08    M    M 10.2 21 280   M    M  10 128    25 280
10  38  34  36  15  29   0 0.04    M    M 14.0 26 280   M    M   8 18     31 280
11  37  32  35  15  30   0 0.08    M    M 21.5 33 280   M    M   9 189    42 280
12  36  19  28   8  37   0 0.04    M    M  5.7 24 310   M    M   9 1      30 320
13  31  15  23   4  42   0    T    M    M  9.3 15 200   M    M   8 12     18 200
14  36  14  25   6  40   0 0.00  0.0    M 10.1 17 230   M    M   5        21 230
15  33  16  25   7  40   0 0.00  0.0    M 10.8 16 100   M    M   1 1      21 100
16  34  33  34  17  31   0 0.00  0.0    0 20.3 29  70   M    M  10        34  80
================================================================================
SM  584  421       533   0  0.47     0.0 199.5          M      122
================================================================================
AV 36.5 26.3                              12.5 FASTST   M    M   8    MAX(MPH)
                                 MISC ---->  # 33 280               # 42  280
================================================================================
NOTES:
# LAST OF SEVERAL OCCURRENCES

COLUMN 17 PEAK WIND IN M.P.H.

PRELIMINARY LOCAL CLIMATOLOGICAL DATA (WS FORM: F-6) , PAGE 2

                                          STATION:  UTQIAGVIK (BARROW) AK
                                          MONTH:    OCTOBER
                                          YEAR:     2019
                                          LATITUDE:   71 17 N
                                          LONGITUDE: 156 47 W

[TEMPERATURE DATA]      [PRECIPITATION DATA]       SYMBOLS USED IN COLUMN 16

AVERAGE MONTHLY: 31.4   TOTAL FOR MONTH:   0.47    1 = FOG OR MIST
DPTR FM NORMAL:   9.7   DPTR FM NORMAL:    0.23    2 = FOG REDUCING VISIBILITY
HIGHEST:    43 ON  1    GRTST 24HR  0.11 ON 30- 1      TO 1/4 MILE OR LESS
LOWEST:     14 ON 14                               3 = THUNDER
                        SNOW, ICE PELLETS, HAIL    4 = ICE PELLETS
                        TOTAL MONTH:   0.0 INCH    5 = HAIL
                        GRTST 24HR     0.0         6 = FREEZING RAIN OR DRIZZLE
                        GRTST DEPTH:   0           7 = DUSTSTORM OR SANDSTORM:
                                                       VSBY 1/2 MILE OR LESS
                                                   8 = SMOKE OR HAZE
[NO. OF DAYS WITH]      [WEATHER - DAYS WITH]      9 = BLOWING SNOW
                                                   X = TORNADO
MAX 32 OR BELOW:   1    0.01 INCH OR MORE:   9
MAX 90 OR ABOVE:   0    0.10 INCH OR MORE:   0
MIN 32 OR BELOW:  14    0.50 INCH OR MORE:   0
MIN  0 OR BELOW:   0    1.00 INCH OR MORE:   0

[HDD (BASE 65) ]
TOTAL THIS MO.   533    CLEAR  (SCALE 0-3)   1
DPTR FM NORMAL  -159    PTCLDY (SCALE 4-7)   7
TOTAL FM JUL 1  2442    CLOUDY (SCALE 8-10)  8
DPTR FM NORMAL  -791

[CDD (BASE 65) ]
TOTAL THIS MO.     0
DPTR FM NORMAL     0    [PRESSURE DATA]
TOTAL FM JAN 1     0    HIGHEST SLP M ON M
DPTR FM NORMAL     0    LOWEST  SLP 29.17 ON  4

[REMARKS]
