000
CXAK56 PAFG 241300
CF6BRW
PRELIMINARY LOCAL CLIMATOLOGICAL DATA (WS FORM: F-6)

                                          STATION:   BARROW AK
                                          MONTH:     JUNE
                                          YEAR:      2018
                                          LATITUDE:   71 17 N
                                          LONGITUDE: 156 47 W

  TEMPERATURE IN F:       :PCPN:    SNOW:  WIND      :SUNSHINE: SKY     :PK WND
================================================================================
1   2   3   4   5  6A  6B    7    8   9   10  11  12  13   14  15   16   17  18
                                     12Z  AVG MX 2MIN
DY MAX MIN AVG DEP HDD CDD  WTR  SNW DPTH SPD SPD DIR MIN PSBL S-S WX    SPD DR
================================================================================

 1  28  24  26  -4  39   0    M    M    5  4.1  8 110   M    M  10 1      10  70
 2  32  22  27  -3  38   0    M    M    5  9.5 18 110   M    M  10 12     20 110
 3  34  25  30  -1  35   0    M    M    5 13.7 17  70   M    M   7 12     20  90
 4  33  28  31   0  34   0    M    M    4 10.6 17  70   M    M  10 12     19  90
 5  37  28  33   1  32   0 0.00  0.0    3 12.7 18  50   M    M   7 12     21  40
 6  34  28  31  -1  34   0    T    T    2 15.8 21  60   M    M   9 1      23  40
 7  36  31  34   1  31   0 0.01    T    2 16.0 22  60   M    M   9 1      26  60
 8  34  29  32  -1  33   0 0.00  0.0    2 10.3 18  50   M    M   8 1      22  60
 9  35  29  32  -2  33   0 0.06    T    1 20.6 29 270   M    M  10 1      35 270
10  36  33  35   1  30   0    T    T    1 17.6 22 300   M    M  10 1      28 300
11  35  31  33  -1  32   0 0.08  0.2    1 10.2 20 340   M    M  10 1      24 330
12  35  32  34  -1  31   0    T    T    T  9.4 15 240   M    M  10 12     17 240
13  35  31  33  -2  32   0 0.01  0.1    T  6.9 13  30   M    M  10 12     15  40
14  33  29  31  -5  34   0 0.01    T    T 10.8 16 310   M    M  10 1      19 310
15  35  31  33  -3  32   0 0.18    T    T 14.5 20 360   M    M   9 1      24  10
16  34  30  32  -4  33   0    T    T    T 11.3 18 360   M    M   9 128    23 350
17  37  29  33  -4  32   0 0.00  0.0    0  6.0 10 270   M    M   7 12     12 280
18  37  31  34  -3  31   0 0.00  0.0    0  8.4 15 340   M    M   7 128    19 340
19  35  27  31  -6  34   0 0.00  0.0    0  9.4 14  60   M    M  10 12     16  30
20  35  28  32  -6  33   0 0.00  0.0    0  6.7 10  40   M    M   5 12     12  40
21  39  27  33  -5  32   0 0.00  0.0    0  6.9 12 100   M    M   1 12     14 100
22  42  29  36  -2  29   0 0.00  0.0    0  5.6  9  60   M    M   2 12     12  40
23  44  30  37  -2  28   0 0.00  0.0    0  7.7 16 220   M    M   3 12     20 220
================================================================================
SM  815  662       752   0  0.35     0.3 244.7          M      183
================================================================================
AV 35.4 28.8                              10.6 FASTST   M    M   8    MAX(MPH)
                                 MISC ---->  # 29 270               # 35  270
================================================================================
NOTES:
# LAST OF SEVERAL OCCURRENCES

COLUMN 17 PEAK WIND IN M.P.H.

PRELIMINARY LOCAL CLIMATOLOGICAL DATA (WS FORM: F-6) , PAGE 2

                                          STATION:  BARROW AK
                                          MONTH:    JUNE
                                          YEAR:     2018
                                          LATITUDE:   71 17 N
                                          LONGITUDE: 156 47 W

[TEMPERATURE DATA]      [PRECIPITATION DATA]       SYMBOLS USED IN COLUMN 16

AVERAGE MONTHLY: 32.1   TOTAL FOR MONTH:   0.35    1 = FOG OR MIST
DPTR FM NORMAL:  -2.5   DPTR FM NORMAL:    0.14    2 = FOG REDUCING VISIBILITY
HIGHEST:    44 ON 23    GRTST 24HR  0.18 ON 15-15      TO 1/4 MILE OR LESS
LOWEST:     22 ON  2                               3 = THUNDER
                        SNOW, ICE PELLETS, HAIL    4 = ICE PELLETS
                        TOTAL MONTH:   0.3 INCH    5 = HAIL
                        GRTST 24HR   0.2 ON 11-11  6 = FREEZING RAIN OR DRIZZLE
                        GRTST DEPTH:   5 ON  3, 2  7 = DUSTSTORM OR SANDSTORM:
                                                       VSBY 1/2 MILE OR LESS
                                                   8 = SMOKE OR HAZE
[NO. OF DAYS WITH]      [WEATHER - DAYS WITH]      9 = BLOWING SNOW
                                                   X = TORNADO
MAX 32 OR BELOW:   2    0.01 INCH OR MORE:   6
MAX 90 OR ABOVE:   0    0.10 INCH OR MORE:   1
MIN 32 OR BELOW:  22    0.50 INCH OR MORE:   0
MIN  0 OR BELOW:   0    1.00 INCH OR MORE:   0

[HDD (BASE 65) ]
TOTAL THIS MO.   752    CLEAR  (SCALE 0-3)   2
DPTR FM NORMAL    51    PTCLDY (SCALE 4-7)   6
TOTAL FM JUL 1 16483    CLOUDY (SCALE 8-10) 15
DPTR FM NORMAL -2737

[CDD (BASE 65) ]
TOTAL THIS MO.     0
DPTR FM NORMAL     0    [PRESSURE DATA]
TOTAL FM JAN 1     0    HIGHEST SLP M ON M
DPTR FM NORMAL     0    LOWEST  SLP 29.65 ON  9

[REMARKS]
