000
CXUS53 KGRR 251017
CF6BTL
PRELIMINARY LOCAL CLIMATOLOGICAL DATA (WS FORM: F-6)

                                          STATION:   BATTLE CREEK
                                          MONTH:     SEPTEMBER
                                          YEAR:      2018
                                          LATITUDE:   42 17 N
                                          LONGITUDE:  85 14 W

  TEMPERATURE IN F:       :PCPN:    SNOW:  WIND      :SUNSHINE: SKY     :PK WND
================================================================================
1   2   3   4   5  6A  6B    7    8   9   10  11  12  13   14  15   16   17  18
                                     12Z  AVG MX 2MIN
DY MAX MIN AVG DEP HDD CDD  WTR  SNW DPTH SPD SPD DIR MIN PSBL S-S WX    SPD DR
================================================================================

 1  82  70  76   9   0  11 0.34    M    M  7.9 25 280   M    M   4 138    31 280
 2  88  70  79  12   0  14 0.10    M    M  8.9 21 220   M    M   4 13     26 230
 3  86  69  78  12   0  13 0.51    M    M  4.9 29 260   M    M   4 13     38 220
 4  90  69  80  14   0  15 0.00    M    M  7.8 14 230   M    M   1        18 230
 5  89  72  81  15   0  16 0.18    M    M 10.1 24 230   M    M   2 13     29 230
 6  72  64  68   3   0   3 0.07    M    M  8.1 14  30   M    M   7        17  40
 7  69  57  63  -2   2   0 0.00    M    M  8.8 16  50   M    M   4        20  40
 8  68  56  62  -3   3   0 0.00    M    M 10.4 18  50   M    M   0        26  50
 9  66  53  60  -4   5   0    T    M    M 13.3 23  40   M    M   4        28  50
10  69  54  62  -2   3   0 0.02    M    M  7.5 15  20   M    M   8 1      20 360
11  77  50  64   0   1   0 0.00    M    M  2.7  8 170   M    M   2 12     12 250
12  79  51  65   2   0   0 0.00    M    M  3.4 12 130   M    M   0 1      14 130
13  80  58  69   6   0   4 0.00    M    M  2.2 10  50   M    M   6 1      13 120
14  83  60  72  10   0   7 0.00    M    M  2.0  9  10   M    M   4 128    12 360
15  84  58  71   9   0   6 0.00    M    M  3.9 10  20   M    M   4 128    13  40
16  87  64  76  14   0  11 0.00    M    M  5.4 13 140   M    M   2 1      18 150
17  90  64  77  16   0  12 0.00    M    M  2.6 10 360   M    M   1        14 340
18  86  64  75  14   0  10    T    M    M  5.5 16 310   M    M   1        21 300
19  82  63  73  13   0   8 0.00    M    M  5.5 10 150   M    M   5 1      14 130
20  89  65  77  17   0  12    T    M    M  9.1 17 180   M    M   5        22 190
21  78  56  67   7   0   2 0.11    M    M 16.1 28 270   M    M   4        37 280
22  65  49  57  -2   8   0 0.00    M    M  7.4 18  10   M    M   1        25  20
23  74  43  59   0   6   0 0.00    M    M  4.9 12  70   M    M   0        16 120
24  71  50  61   3   4   0 0.05    M    M  8.1 15 110   M    M   5 18     22 110
================================================================================
SM 1904 1429        32 144  1.38    M    166.5          M       78
================================================================================
AV 79.3 59.5                               6.9 FASTST   M    M   3    MAX(MPH)
                                 MISC ---->  # 29 260               # 38  220
================================================================================
NOTES:
# LAST OF SEVERAL OCCURRENCES

COLUMN 17 PEAK WIND IN M.P.H.

PRELIMINARY LOCAL CLIMATOLOGICAL DATA (WS FORM: F-6) , PAGE 2

                                          STATION:  BATTLE CREEK
                                          MONTH:    SEPTEMBER
                                          YEAR:     2018
                                          LATITUDE:   42 17 N
                                          LONGITUDE:  85 14 W

[TEMPERATURE DATA]      [PRECIPITATION DATA]       SYMBOLS USED IN COLUMN 16

AVERAGE MONTHLY: 69.4   TOTAL FOR MONTH:   1.38    1 = FOG OR MIST
DPTR FM NORMAL:   6.6   DPTR FM NORMAL:   -1.55    2 = FOG REDUCING VISIBILITY
HIGHEST:    90 ON 17, 4 GRTST 24HR  0.51 ON  3- 3      TO 1/4 MILE OR LESS
LOWEST:     43 ON 23                               3 = THUNDER
                        SNOW, ICE PELLETS, HAIL    4 = ICE PELLETS
                        TOTAL MONTH:    M          5 = HAIL
                        GRTST 24HR    M  ON   M    6 = FREEZING RAIN OR DRIZZLE
                        GRTST DEPTH:  M  ON   M    7 = DUSTSTORM OR SANDSTORM:
                                                       VSBY 1/2 MILE OR LESS
                                                   8 = SMOKE OR HAZE
[NO. OF DAYS WITH]      [WEATHER - DAYS WITH]      9 = BLOWING SNOW
                                                   X = TORNADO
MAX 32 OR BELOW:   0    0.01 INCH OR MORE:   8
MAX 90 OR ABOVE:   2    0.10 INCH OR MORE:   5
MIN 32 OR BELOW:   0    0.50 INCH OR MORE:   1
MIN  0 OR BELOW:   0    1.00 INCH OR MORE:   0

[HDD (BASE 65) ]
TOTAL THIS MO.    32    CLEAR  (SCALE 0-3)  10
DPTR FM NORMAL   -70    PTCLDY (SCALE 4-7)  14
TOTAL FM JUL 1    34    CLOUDY (SCALE 8-10)  0
DPTR FM NORMAL  -109

[CDD (BASE 65) ]
TOTAL THIS MO.   144
DPTR FM NORMAL    94    [PRESSURE DATA]
TOTAL FM JAN 1   968    HIGHEST SLP M ON M
DPTR FM NORMAL   400    LOWEST  SLP 29.71 ON 21

[REMARKS]
