000
CXUS53 KGRR 271017
CF6BTL
PRELIMINARY LOCAL CLIMATOLOGICAL DATA (WS FORM: F-6)

                                          STATION:   BATTLE CREEK
                                          MONTH:     MAY
                                          YEAR:      2020
                                          LATITUDE:   42 17 N
                                          LONGITUDE:  85 14 W

  TEMPERATURE IN F:       :PCPN:    SNOW:  WIND      :SUNSHINE: SKY     :PK WND
================================================================================
1   2   3   4   5  6A  6B    7    8   9   10  11  12  13   14  15   16   17  18
                                     12Z  AVG MX 2MIN
DY MAX MIN AVG DEP HDD CDD  WTR  SNW DPTH SPD SPD DIR MIN PSBL S-S WX    SPD DR
================================================================================

 1  66  39  53  -1  12   0 0.00    M    M  5.3 14 350   M    M   1        19 350
 2  77  50  64  10   1   0 0.00    M    M 11.5 23 270   M    M   3        33 260
 3  71  49  60   6   5   0 0.00    M    M  9.8 24 300   M    M   1        31 290
 4  60  37  49  -6  16   0 0.00    M    M  7.0 17  10   M    M   1        24 360
 5  52  42  47  -8  18   0 0.00    M    M  9.0 16  40   M    M   7        26 120
 6  61  34  48  -7  17   0 0.00    M    M  9.2 18 290   M    M   0        25 350
 7  62  40  51  -5  14   0 0.00    M    M 11.5 29 290   M    M   1        45 290
 8  46  28  37 -19  28   0 0.00    M    M 12.6 25 320   M    M   3        33 330
 9  52  23  38 -18  27   0 0.00    M    M 12.3 30 260   M    M   4        45 270
10  56  37  47  -9  18   0 0.62    M    M 12.0 29 230   M    M   9 1      39 230
11  47  32  40 -17  25   0 0.00    M    M 11.0 23 290   M    M   7        30 290
12  58  32  45 -12  20   0 0.00    M    M 10.2 24 270   M    M   1        32 290
13  64  37  51  -6  14   0 0.00    M    M  7.6 17 130   M    M   1        24 130
14  66  47  57  -1   8   0 0.63    M    M 10.0 21 170   M    M   9 13     29 230
15  72  55  64   6   1   0 1.21    M    M  7.4 15 180   M    M   6 13     23 180
16  70  51  61   3   4   0 0.00    M    M  7.7 15 100   M    M   6        19 100
17  61  55  58   0   7   0 1.30    M    M 10.8 16  90   M    M   8 1      28  70
18  63  57  60   1   5   0 1.96    M    M  8.1 16  90   M    M  10 13     26 100
19  62  58  60   1   5   0 0.02    M    M 10.2 20 110   M    M  10 1      36 120
20  69  54  62   3   3   0 0.00    M    M  9.6 20 110   M    M   6        28 110
21  72  54  63   3   2   0 0.00    M    M  7.7 15 160   M    M   7        23 140
22  69  58  64   4   1   0 0.02    M    M  3.9 10 160   M    M  10 18     14 100
23  78  54  66   6   0   1    T    M    M  6.5 15 130   M    M   2 12     22 150
24  86  64  75  15   0  10 0.20    M    M  8.7 20 260   M    M   3 18     27 270
25  86  64  75  14   0  10    T    M    M  6.9 23 210   M    M   2 3      31 210
26  88  66  77  16   0  12    T    M    M  5.6 18 200   M    M   1 3      26 190
================================================================================
SM 1714 1217       251  33  5.96    M    232.1          M      119
================================================================================
AV 65.9 46.8                               8.9 FASTST   M    M   5    MAX(MPH)
                                 MISC ---->  # 30 260               # 45  290
================================================================================
NOTES:
# LAST OF SEVERAL OCCURRENCES

COLUMN 17 PEAK WIND IN M.P.H.

PRELIMINARY LOCAL CLIMATOLOGICAL DATA (WS FORM: F-6) , PAGE 2

                                          STATION:  BATTLE CREEK
                                          MONTH:    MAY
                                          YEAR:     2020
                                          LATITUDE:   42 17 N
                                          LONGITUDE:  85 14 W

[TEMPERATURE DATA]      [PRECIPITATION DATA]       SYMBOLS USED IN COLUMN 16

AVERAGE MONTHLY: 56.4   TOTAL FOR MONTH:   5.96    1 = FOG OR MIST
DPTR FM NORMAL:  -1.1   DPTR FM NORMAL:    2.81    2 = FOG REDUCING VISIBILITY
HIGHEST:    88 ON 26    GRTST 24HR  1.96 ON 18-18      TO 1/4 MILE OR LESS
LOWEST:     23 ON  9                               3 = THUNDER
                        SNOW, ICE PELLETS, HAIL    4 = ICE PELLETS
                        TOTAL MONTH:    M          5 = HAIL
                        GRTST 24HR    M  ON   M    6 = FREEZING RAIN OR DRIZZLE
                        GRTST DEPTH:  M  ON   M    7 = DUSTSTORM OR SANDSTORM:
                                                       VSBY 1/2 MILE OR LESS
                                                   8 = SMOKE OR HAZE
[NO. OF DAYS WITH]      [WEATHER - DAYS WITH]      9 = BLOWING SNOW
                                                   X = TORNADO
MAX 32 OR BELOW:   0    0.01 INCH OR MORE:   8
MAX 90 OR ABOVE:   0    0.10 INCH OR MORE:   6
MIN 32 OR BELOW:   4    0.50 INCH OR MORE:   5
MIN  0 OR BELOW:   0    1.00 INCH OR MORE:   3

[HDD (BASE 65) ]
TOTAL THIS MO.   251    CLEAR  (SCALE 0-3)  11
DPTR FM NORMAL    29    PTCLDY (SCALE 4-7)   9
TOTAL FM JUL 1  6072    CLOUDY (SCALE 8-10)  6
DPTR FM NORMAL  -539

[CDD (BASE 65) ]
TOTAL THIS MO.    33
DPTR FM NORMAL    11    [PRESSURE DATA]
TOTAL FM JAN 1    33    HIGHEST SLP M ON M
DPTR FM NORMAL     4    LOWEST  SLP 29.73 ON 15

[REMARKS]
