000
CXUS53 KGRR 201017
CF6BTL
PRELIMINARY LOCAL CLIMATOLOGICAL DATA (WS FORM: F-6)

                                          STATION:   BATTLE CREEK
                                          MONTH:     JUNE
                                          YEAR:      2018
                                          LATITUDE:   42 17 N
                                          LONGITUDE:  85 14 W

  TEMPERATURE IN F:       :PCPN:    SNOW:  WIND      :SUNSHINE: SKY     :PK WND
================================================================================
1   2   3   4   5  6A  6B    7    8   9   10  11  12  13   14  15   16   17  18
                                     12Z  AVG MX 2MIN
DY MAX MIN AVG DEP HDD CDD  WTR  SNW DPTH SPD SPD DIR MIN PSBL S-S WX    SPD DR
================================================================================

 1  85  63  74  11   0   9 0.00    M    M  7.0 18  50   M    M   3 1      24  50
 2  70  57  64   1   1   0 0.00    M    M  8.1 16  40   M    M   8        22  40
 3  72  61  67   3   0   2 0.32    M    M 10.3 24 290   M    M   9 138    30 260
 4  71  57  64   0   1   0 0.02    M    M 13.8 25 300   M    M   4        34 350
 5  72  54  63  -1   2   0 0.02    M    M  7.4 16 300   M    M   6        21 290
 6  73  48  61  -4   4   0 0.00    M    M  3.8 13 200   M    M   1        18 210
 7  83  60  72   7   0   7 0.00    M    M  4.1 12 330   M    M   2        15 340
 8  82  61  72   7   0   7    T    M    M  5.9 13 150   M    M   2        16 150
 9  75  65  70   4   0   5 1.11    M    M  7.7 14  80   M    M   9 138    21 110
10  70  60  65  -1   0   0 0.20    M    M  7.7 14  70   M    M  10 1      18 110
11  78  58  68   2   0   3 0.00    M    M 10.3 18 120   M    M   5        26 150
12  74  62  68   1   0   3 0.02    M    M  5.1 12 150   M    M   7 12     15 130
13  78   M   M   M   M   M 0.01    M    M  9.6 21 310   M    M   5 12     31 290
14  82   M   M   M   M   M 0.00    M    M  6.3 12 270   M    M   0        17 280
15  84  58  71   4   0   6 0.00    M    M  4.9 15 190   M    M   1        19 190
16  86  67  77   9   0  12 0.06    M    M  4.2 15 260   M    M   2        19 330
17  93  69  81  13   0  16 0.00    M    M  8.6 16 240   M    M   1        20 250
18  93  76  85  17   0  20 0.00    M    M 11.4 24 310   M    M   1        30 290
19  76  68  72   4   0   7 0.20    M    M  7.7 20  90   M    M   9        23  90
================================================================================
SM 1497 1044         8  97  1.96    M    143.9          M       85
================================================================================
AV 78.8 61.4                               7.6 FASTST   M    M   4    MAX(MPH)
                                 MISC ---->  # 25 300               # 34  350
================================================================================
NOTES:
# LAST OF SEVERAL OCCURRENCES

COLUMN 17 PEAK WIND IN M.P.H.

PRELIMINARY LOCAL CLIMATOLOGICAL DATA (WS FORM: F-6) , PAGE 2

                                          STATION:  BATTLE CREEK
                                          MONTH:    JUNE
                                          YEAR:     2018
                                          LATITUDE:   42 17 N
                                          LONGITUDE:  85 14 W

[TEMPERATURE DATA]      [PRECIPITATION DATA]       SYMBOLS USED IN COLUMN 16

AVERAGE MONTHLY: 70.1   TOTAL FOR MONTH:   1.96    1 = FOG OR MIST
DPTR FM NORMAL:   4.3   DPTR FM NORMAL:   -0.13    2 = FOG REDUCING VISIBILITY
HIGHEST:    93 ON 18,17 GRTST 24HR  1.11 ON  9- 9      TO 1/4 MILE OR LESS
LOWEST:     48 ON  6                               3 = THUNDER
                        SNOW, ICE PELLETS, HAIL    4 = ICE PELLETS
                        TOTAL MONTH:    M          5 = HAIL
                        GRTST 24HR    M  ON   M    6 = FREEZING RAIN OR DRIZZLE
                        GRTST DEPTH:  M  ON   M    7 = DUSTSTORM OR SANDSTORM:
                                                       VSBY 1/2 MILE OR LESS
                                                   8 = SMOKE OR HAZE
[NO. OF DAYS WITH]      [WEATHER - DAYS WITH]      9 = BLOWING SNOW
                                                   X = TORNADO
MAX 32 OR BELOW:   0    0.01 INCH OR MORE:   9
MAX 90 OR ABOVE:   2    0.10 INCH OR MORE:   4
MIN 32 OR BELOW:   0    0.50 INCH OR MORE:   1
MIN  0 OR BELOW:   0    1.00 INCH OR MORE:   1

[HDD (BASE 65) ]
TOTAL THIS MO.     8    CLEAR  (SCALE 0-3)   9
DPTR FM NORMAL   -39    PTCLDY (SCALE 4-7)   6
TOTAL FM JUL 1  6420    CLOUDY (SCALE 8-10)  4
DPTR FM NORMAL  -261

[CDD (BASE 65) ]
TOTAL THIS MO.    97
DPTR FM NORMAL    33    [PRESSURE DATA]
TOTAL FM JAN 1   211    HIGHEST SLP M ON M
DPTR FM NORMAL   109    LOWEST  SLP 29.74 ON  1

[REMARKS]
