000
CXUS51 KCLE 190800
CF6CAK
PRELIMINARY LOCAL CLIMATOLOGICAL DATA (WS FORM: F-6)

                                          STATION:   AKRON CANTON OH
                                          MONTH:     JANUARY
                                          YEAR:      2019
                                          LATITUDE:   40 55 N
                                          LONGITUDE:  81 26 W

  TEMPERATURE IN F:       :PCPN:    SNOW:  WIND      :SUNSHINE: SKY     :PK WND
================================================================================
1   2   3   4   5  6A  6B    7    8   9   10  11  12  13   14  15   16   17  18
                                     12Z  AVG MX 2MIN
DY MAX MIN AVG DEP HDD CDD  WTR  SNW DPTH SPD SPD DIR MIN PSBL S-S WX    SPD DR
================================================================================

 1  59  35  47  20  18   0    T  0.0    0 10.6 38 260   M    M  10 18     53 260
 2  41  34  38  11  27   0    T  0.0    0  7.4 24 280   M    M  10 128    30 290
 3  36  29  33   7  32   0 0.01  0.0    0 10.3 23 280   M    M   7 18     27 280
 4  48  28  38  12  27   0 0.00  0.0    0  7.8 13 210   M    M   4 18     16 200
 5  48  32  40  14  25   0 0.00  0.0    0  9.5 16 260   M    M   2 8      21 250
 6  42  30  36  10  29   0 0.00  0.0    0  9.3 16 330   M    M   6        22 300
 7  55  31  43  17  22   0 0.01    T    0 14.3 24 210   M    M  10 4      32 210
 8  59  39  49  23  16   0 0.09  0.0    0 16.1 30 280   M    M   9 3      40 290
 9  39  21  30   4  35   0 0.05  0.6    0 15.6 24 290   M    M  10        31 300
10  24  20  22  -4  43   0 0.08  1.8    2 10.6 18 300   M    M  10 8      24 290
11  30  19  25  -1  40   0 0.01  0.2    2  3.6 12 300   M    M   7 18     13 320
12  28  22  25  -1  40   0 0.18  2.5    T  7.5 14  70   M    M  10 1      17  60
13  31  19  25  -1  40   0 0.02  0.5    3 10.4 18  70   M    M   7 18     21  50
14  29  13  21  -5  44   0 0.00  0.0    2  6.8 12 280   M    M   6 8      15 280
15  23  19  21  -5  44   0    T    T    2 11.5 20 220   M    M  10 18     23 210
16  33  24  29   3  36   0    T    T    2 10.1 20 280   M    M  10 168    27 270
17  34  23  29   3  36   0 0.10  1.0    2  8.0 13 170   M    M  10 18     16 180
18  34  25  30   4  35   0    T    T    3  7.0 14 290   M    M  10 168    17 300
================================================================================
SM  693  463       589   0  0.55     6.6 176.4          M      148
================================================================================
AV 38.5 25.7                               9.8 FASTST   M    M   8    MAX(MPH)
                                 MISC ---->  # 38 260               # 53  260
================================================================================
NOTES:
# LAST OF SEVERAL OCCURRENCES

COLUMN 17 PEAK WIND IN M.P.H.

PRELIMINARY LOCAL CLIMATOLOGICAL DATA (WS FORM: F-6) , PAGE 2

                                          STATION:  AKRON CANTON OH
                                          MONTH:    JANUARY
                                          YEAR:     2019
                                          LATITUDE:   40 55 N
                                          LONGITUDE:  81 26 W

[TEMPERATURE DATA]      [PRECIPITATION DATA]       SYMBOLS USED IN COLUMN 16

AVERAGE MONTHLY: 32.1   TOTAL FOR MONTH:   0.55    1 = FOG OR MIST
DPTR FM NORMAL:   6.0   DPTR FM NORMAL:   -1.00    2 = FOG REDUCING VISIBILITY
HIGHEST:    59 ON  8, 1 GRTST 24HR  1.10 ON 31- 1      TO 1/4 MILE OR LESS
LOWEST:     13 ON 14                               3 = THUNDER
                        SNOW, ICE PELLETS, HAIL    4 = ICE PELLETS
                        TOTAL MONTH:   6.6 INCHES  5 = HAIL
                        GRTST 24HR   2.5 ON 12-12  6 = FREEZING RAIN OR DRIZZLE
                        GRTST DEPTH:   3 ON 18,13  7 = DUSTSTORM OR SANDSTORM:
                                                       VSBY 1/2 MILE OR LESS
                                                   8 = SMOKE OR HAZE
[NO. OF DAYS WITH]      [WEATHER - DAYS WITH]      9 = BLOWING SNOW
                                                   X = TORNADO
MAX 32 OR BELOW:   6    0.01 INCH OR MORE:   9
MAX 90 OR ABOVE:   0    0.10 INCH OR MORE:   2
MIN 32 OR BELOW:  15    0.50 INCH OR MORE:   0
MIN  0 OR BELOW:   0    1.00 INCH OR MORE:   0

[HDD (BASE 65) ]
TOTAL THIS MO.   589    CLEAR  (SCALE 0-3)   1
DPTR FM NORMAL  -111    PTCLDY (SCALE 4-7)   6
TOTAL FM JUL 1  2752    CLOUDY (SCALE 8-10) 11
DPTR FM NORMAL  -278

[CDD (BASE 65) ]
TOTAL THIS MO.     0
DPTR FM NORMAL     0    [PRESSURE DATA]
TOTAL FM JAN 1     0    HIGHEST SLP M ON M
DPTR FM NORMAL     0    LOWEST  SLP 29.58 ON M

[REMARKS]
