000
CXUS51 KCAR 210600
CF6CAR
PRELIMINARY LOCAL CLIMATOLOGICAL DATA (WS FORM: F-6)

                                          STATION:   CARIBOU ME
                                          MONTH:     OCTOBER
                                          YEAR:      2019
                                          LATITUDE:   46 52 N
                                          LONGITUDE:  68  1 W

  TEMPERATURE IN F:       :PCPN:    SNOW:  WIND      :SUNSHINE: SKY     :PK WND
================================================================================
1   2   3   4   5  6A  6B    7    8   9   10  11  12  13   14  15   16   17  18
                                     12Z  AVG MX 2MIN
DY MAX MIN AVG DEP HDD CDD  WTR  SNW DPTH SPD SPD DIR MIN PSBL S-S WX    SPD DR
================================================================================

 1  52  43  48  -1  17   0 0.09  0.0    0  6.3 14 180   M    M  10 1      19 170
 2  52  37  45  -3  20   0    T  0.0    0  9.1 17 360   M    M  10 1      25 350
 3  52  31  42  -6  23   0 0.00  0.0    0  5.2 14 330   M    M   2        20 330
 4  49  37  43  -5  22   0 0.08    T    0  8.0 21 330   M    M   9        29 330
 5  57  33  45  -2  20   0 0.00  0.0    0  7.2 18 330   M    M   1        26 320
 6  57  30  44  -3  21   0    T  0.0    0  6.9 15 190   M    M   4        22 180
 7  58  50  54   7  11   0 0.35  0.0    0  5.3 10 190   M    M   8 1      17 190
 8  62  41  52   6  13   0    T  0.0    0  6.4 15 330   M    M   2        22 330
 9  61  32  47   1  18   0 0.00  0.0    0  1.5  8  10   M    M   1 12     10 360
10  61  32  47   1  18   0 0.00  0.0    0  3.7  8  10   M    M   0        10 360
11  65  36  51   6  14   0 0.00  0.0    0  5.0 10  70   M    M   1        13  60
12  59  49  54   9  11   0    T  0.0    0  6.9 15  60   M    M  10        20  60
13  61  41  51   7  14   0 0.00  0.0    0  2.2  7 310   M    M   8 1      10 330
14  63  33  48   4  17   0 0.01  0.0    0  6.3 20 160   M    M   7 12     24 160
15  56  37  47   3  18   0    T  0.0    0  5.8 16 240   M    M   2        22 240
16  59  33  46   3  19   0 0.00  0.0    0  6.2 14 140   M    M   0        18 150
17  50  45  48   5  17   0 0.28  0.0    0 11.0 29  60   M    M   9 1      47  50
18  48  38  43   1  22   0 0.06  0.0    0  8.8 20 310   M    M   9 1      29 320
19  49  34  42   0  23   0 0.01  0.0    0  8.5 20 310   M    M   6        30 300
20  57  30  44   2  21   0 0.00  0.0    0  1.4  7  10   M    M   0        10  20
================================================================================
SM 1128  742       359   0  0.88    T    121.7          M       99
================================================================================
AV 56.4 37.1                               6.1 FASTST   M    M   5    MAX(MPH)
                                 MISC ---->  # 29  60               # 47   50
================================================================================
NOTES:
# LAST OF SEVERAL OCCURRENCES

COLUMN 17 PEAK WIND IN M.P.H.

PRELIMINARY LOCAL CLIMATOLOGICAL DATA (WS FORM: F-6) , PAGE 2

                                          STATION:  CARIBOU ME
                                          MONTH:    OCTOBER
                                          YEAR:     2019
                                          LATITUDE:   46 52 N
                                          LONGITUDE:  68  1 W

[TEMPERATURE DATA]      [PRECIPITATION DATA]       SYMBOLS USED IN COLUMN 16

AVERAGE MONTHLY: 46.8   TOTAL FOR MONTH:   0.88    1 = FOG OR MIST
DPTR FM NORMAL:   1.5   DPTR FM NORMAL:   -1.38    2 = FOG REDUCING VISIBILITY
HIGHEST:    65 ON 11    GRTST 24HR  0.35 ON  7- 7      TO 1/4 MILE OR LESS
LOWEST:     30 ON 20, 6                            3 = THUNDER
                        SNOW, ICE PELLETS, HAIL    4 = ICE PELLETS
                        TOTAL MONTH:    T          5 = HAIL
                        GRTST 24HR    T  ON  4- 4  6 = FREEZING RAIN OR DRIZZLE
                        GRTST DEPTH:   0           7 = DUSTSTORM OR SANDSTORM:
                                                       VSBY 1/2 MILE OR LESS
                                                   8 = SMOKE OR HAZE
[NO. OF DAYS WITH]      [WEATHER - DAYS WITH]      9 = BLOWING SNOW
                                                   X = TORNADO
MAX 32 OR BELOW:   0    0.01 INCH OR MORE:   7
MAX 90 OR ABOVE:   0    0.10 INCH OR MORE:   2
MIN 32 OR BELOW:   5    0.50 INCH OR MORE:   0
MIN  0 OR BELOW:   0    1.00 INCH OR MORE:   0

[HDD (BASE 65) ]
TOTAL THIS MO.   359    CLEAR  (SCALE 0-3)   9
DPTR FM NORMAL   -34    PTCLDY (SCALE 4-7)   4
TOTAL FM JUL 1   725    CLOUDY (SCALE 8-10)  7
DPTR FM NORMAL  -135

[CDD (BASE 65) ]
TOTAL THIS MO.     0
DPTR FM NORMAL     0    [PRESSURE DATA]
TOTAL FM JAN 1   208    HIGHEST SLP M ON M
DPTR FM NORMAL    28    LOWEST  SLP 29.12 ON 17

[REMARKS]
