000
CXUS51 KCAR 220600
CF6CAR
PRELIMINARY LOCAL CLIMATOLOGICAL DATA (WS FORM: F-6)

                                          STATION:   CARIBOU ME
                                          MONTH:     SEPTEMBER
                                          YEAR:      2018
                                          LATITUDE:   46 52 N
                                          LONGITUDE:  68  1 W

  TEMPERATURE IN F:       :PCPN:    SNOW:  WIND      :SUNSHINE: SKY     :PK WND
================================================================================
1   2   3   4   5  6A  6B    7    8   9   10  11  12  13   14  15   16   17  18
                                     12Z  AVG MX 2MIN
DY MAX MIN AVG DEP HDD CDD  WTR  SNW DPTH SPD SPD DIR MIN PSBL S-S WX    SPD DR
================================================================================

 1  75  47  61   1   4   0 0.00  0.0    0  5.8 16 180   M    M   2        23 180
 2  75  56  66   6   0   1    T  0.0    0  6.7 13 170   M    M   5        17 180
 3  84  62  73  13   0   8 0.08  0.0    0  6.4 16 250   M    M   7 18     23 240
 4  79  53  66   7   0   1 0.00  0.0    0  6.4 17 320   M    M   1 1      26 310
 5  79  48  64   5   1   0    T  0.0    0  5.2 14 180   M    M   4        18 210
 6  76  51  64   6   1   0 0.01  0.0    0  9.2 18 330   M    M   2        28 310
 7  73  43  58   0   7   0 0.00  0.0    0  4.8 14 240   M    M   0        19 250
 8  60  39  50  -8  15   0 0.00  0.0    0  7.8 16 330   M    M   3        26 350
 9  63  35  49  -9  16   0 0.00  0.0    0  4.6 13  10   M    M   1 12     17 360
10  67  35  51  -6  14   0 0.00  0.0    0  4.8 15 170   M    M   0        20 170
11  61  52  57   0   8   0 0.16  0.0    0  4.6 13 150   M    M   9 1      18 150
12  74  51  63   7   2   0 0.00  0.0    0  2.0  9 360   M    M   6 12     12 340
13  84  47  66  10   0   1 0.00  0.0    0  1.7 10 330   M    M   3 12     14 320
14  84  53  69  13   0   4 0.00  0.0    0  3.1 12 180   M    M   0 12     14 180
15  87  58  73  18   0   8 0.00  0.0    0  3.6 10 330   M    M   1        13 330
16  78  57  68  13   0   3 0.01  0.0    0  4.6 16 360   M    M   4 1      22 360
17  88  57  73  19   0   8 0.00  0.0    0  9.0 23 250   M    M   1        34 240
18  68  48  58   4   7   0 0.29  0.0    0  7.0 17  70   M    M   8 1      23  70
19  58  46  52  -2  13   0 0.01  0.0    0  6.6 13  60   M    M  10 18     16  20
20  58  44  51  -2  14   0    T  0.0    0  2.3  8 180   M    M   9 12     12 170
21  59  44  52  -1  13   0 0.32  0.0    0 12.2 29 160   M    M  10 12     39 160
================================================================================
SM 1530 1026       115  34  0.88     0.0 118.4          M       86
================================================================================
AV 72.9 48.9                               5.6 FASTST   M    M   4    MAX(MPH)
                                 MISC ---->  # 29 160               # 39  160
================================================================================
NOTES:
# LAST OF SEVERAL OCCURRENCES

COLUMN 17 PEAK WIND IN M.P.H.

PRELIMINARY LOCAL CLIMATOLOGICAL DATA (WS FORM: F-6) , PAGE 2

                                          STATION:  CARIBOU ME
                                          MONTH:    SEPTEMBER
                                          YEAR:     2018
                                          LATITUDE:   46 52 N
                                          LONGITUDE:  68  1 W

[TEMPERATURE DATA]      [PRECIPITATION DATA]       SYMBOLS USED IN COLUMN 16

AVERAGE MONTHLY: 60.9   TOTAL FOR MONTH:   0.88    1 = FOG OR MIST
DPTR FM NORMAL:   4.2   DPTR FM NORMAL:   -1.41    2 = FOG REDUCING VISIBILITY
HIGHEST:    88 ON 17    GRTST 24HR  0.32 ON 21-21      TO 1/4 MILE OR LESS
LOWEST:     35 ON 10, 9                            3 = THUNDER
                        SNOW, ICE PELLETS, HAIL    4 = ICE PELLETS
                        TOTAL MONTH:   0.0 INCH    5 = HAIL
                        GRTST 24HR     0.0         6 = FREEZING RAIN OR DRIZZLE
                        GRTST DEPTH:   0           7 = DUSTSTORM OR SANDSTORM:
                                                       VSBY 1/2 MILE OR LESS
                                                   8 = SMOKE OR HAZE
[NO. OF DAYS WITH]      [WEATHER - DAYS WITH]      9 = BLOWING SNOW
                                                   X = TORNADO
MAX 32 OR BELOW:   0    0.01 INCH OR MORE:   7
MAX 90 OR ABOVE:   0    0.10 INCH OR MORE:   3
MIN 32 OR BELOW:   0    0.50 INCH OR MORE:   0
MIN  0 OR BELOW:   0    1.00 INCH OR MORE:   0

[HDD (BASE 65) ]
TOTAL THIS MO.   115    CLEAR  (SCALE 0-3)  10
DPTR FM NORMAL   -69    PTCLDY (SCALE 4-7)   7
TOTAL FM JUL 1   152    CLOUDY (SCALE 8-10)  4
DPTR FM NORMAL  -186

[CDD (BASE 65) ]
TOTAL THIS MO.    34
DPTR FM NORMAL    24    [PRESSURE DATA]
TOTAL FM JAN 1   410    HIGHEST SLP M ON M
DPTR FM NORMAL   231    LOWEST  SLP 29.54 ON 21

[REMARKS]
