000
CXUS51 KCAR 210600
CF6CAR
PRELIMINARY LOCAL CLIMATOLOGICAL DATA (WS FORM: F-6)

                                          STATION:   CARIBOU ME
                                          MONTH:     JANUARY
                                          YEAR:      2019
                                          LATITUDE:   46 52 N
                                          LONGITUDE:  68  1 W

  TEMPERATURE IN F:       :PCPN:    SNOW:  WIND      :SUNSHINE: SKY     :PK WND
================================================================================
1   2   3   4   5  6A  6B    7    8   9   10  11  12  13   14  15   16   17  18
                                     12Z  AVG MX 2MIN
DY MAX MIN AVG DEP HDD CDD  WTR  SNW DPTH SPD SPD DIR MIN PSBL S-S WX    SPD DR
================================================================================

 1  32   5  19   7  46   0 0.65  8.9   13 13.6 30 330   M    M   9 12     44 320
 2  10 -12  -1 -13  66   0 0.00  0.0   16  4.4 18 320   M    M   0        28 330
 3  15 -15   0 -12  65   0 0.12  2.2   16  1.2  6 160   M    M   9 1       7 130
 4  32  14  23  12  42   0 0.05  1.1   18  6.5 13 180   M    M  10 1      16 180
 5  34  30  32  21  33   0    T    T   19  2.9  8  10   M    M  10 16     11 220
 6  33  13  23  12  42   0 0.01  0.1   18 13.2 24 320   M    M   9 18     35 330
 7  13  -1   6  -5  59   0    T    T   17 12.7 28 330   M    M   0        36 330
 8  30   2  16   5  49   0 0.23  2.7   16  6.4 15 170   M    M   8 18     20 170
 9  32  26  29  19  36   0 0.68  8.0   18 12.7 21  50   M    M  10 128    28  70
10  27  20  24  14  41   0 0.05  1.5   22 12.1 22 330   M    M  10 18     30 330
11  20   0  10   0  55   0    T    T   21 10.0 18 300   M    M   7 8      27 290
12   9  -3   3  -7  62   0 0.00  0.0   20  6.5 17 300   M    M   7        25 310
13  14 -10   2  -8  63   0    T    T   20  5.6 13 310   M    M   1 18     19 310
14  12 -11   1  -9  64   0    T    T   20  2.5  7 130   M    M   3 18      9 170
15  20  -5   8  -2  57   0 0.00  0.0   20  2.4 14 330   M    M   5 18     19 330
16  27  -8  10   0  55   0 0.08  1.4   20  8.3 22 330   M    M   8 189    30 240
17   6 -11  -2 -12  67   0 0.00  0.0   21  4.7 14 300   M    M   0        21 290
18  24  -7   9   0  56   0 0.15  3.2   21  8.1 23 260   M    M   9 18     33 250
19  14 -11   2  -7  63   0    T    T   24  9.1 23 330   M    M   3        32 320
20  14  -9   3  -6  62   0 1.45 16.9   23 13.6 25  20   M    M  10 128    37  20
================================================================================
SM  418    7      1083   0  3.47    46.0 156.5          M      128
================================================================================
AV 20.9  0.4                               7.8 FASTST   M    M   6    MAX(MPH)
                                 MISC ---->  # 30 330               # 44  320
================================================================================
NOTES:
# LAST OF SEVERAL OCCURRENCES

COLUMN 17 PEAK WIND IN M.P.H.

PRELIMINARY LOCAL CLIMATOLOGICAL DATA (WS FORM: F-6) , PAGE 2

                                          STATION:  CARIBOU ME
                                          MONTH:    JANUARY
                                          YEAR:     2019
                                          LATITUDE:   46 52 N
                                          LONGITUDE:  68  1 W

[TEMPERATURE DATA]      [PRECIPITATION DATA]       SYMBOLS USED IN COLUMN 16

AVERAGE MONTHLY: 10.6   TOTAL FOR MONTH:   3.47    1 = FOG OR MIST
DPTR FM NORMAL:   0.2   DPTR FM NORMAL:    1.70    2 = FOG REDUCING VISIBILITY
HIGHEST:    34 ON  5    GRTST 24HR  1.45 ON 20-20      TO 1/4 MILE OR LESS
LOWEST:    -15 ON  3                               3 = THUNDER
                        SNOW, ICE PELLETS, HAIL    4 = ICE PELLETS
                        TOTAL MONTH:  46.0 INCHES  5 = HAIL
                        GRTST 24HR  16.9 ON 20-20  6 = FREEZING RAIN OR DRIZZLE
                        GRTST DEPTH:  24 ON 19     7 = DUSTSTORM OR SANDSTORM:
                                                       VSBY 1/2 MILE OR LESS
                                                   8 = SMOKE OR HAZE
[NO. OF DAYS WITH]      [WEATHER - DAYS WITH]      9 = BLOWING SNOW
                                                   X = TORNADO
MAX 32 OR BELOW:  18    0.01 INCH OR MORE:  10
MAX 90 OR ABOVE:   0    0.10 INCH OR MORE:   6
MIN 32 OR BELOW:  20    0.50 INCH OR MORE:   3
MIN  0 OR BELOW:  13    1.00 INCH OR MORE:   1

[HDD (BASE 65) ]
TOTAL THIS MO.  1083    CLEAR  (SCALE 0-3)   6
DPTR FM NORMAL   -10    PTCLDY (SCALE 4-7)   5
TOTAL FM JUL 1  4746    CLOUDY (SCALE 8-10)  9
DPTR FM NORMAL    59

[CDD (BASE 65) ]
TOTAL THIS MO.     0
DPTR FM NORMAL     0    [PRESSURE DATA]
TOTAL FM JAN 1     0    HIGHEST SLP M ON M
DPTR FM NORMAL     0    LOWEST  SLP 29.09 ON M

[REMARKS]
