000
CXUS51 KCAR 210600
CF6CAR
PRELIMINARY LOCAL CLIMATOLOGICAL DATA (WS FORM: F-6)

                                          STATION:   CARIBOU ME
                                          MONTH:     MARCH
                                          YEAR:      2019
                                          LATITUDE:   46 52 N
                                          LONGITUDE:  68  1 W

  TEMPERATURE IN F:       :PCPN:    SNOW:  WIND      :SUNSHINE: SKY     :PK WND
================================================================================
1   2   3   4   5  6A  6B    7    8   9   10  11  12  13   14  15   16   17  18
                                     12Z  AVG MX 2MIN
DY MAX MIN AVG DEP HDD CDD  WTR  SNW DPTH SPD SPD DIR MIN PSBL S-S WX    SPD DR
================================================================================

 1  29  -4  13  -6  52   0 0.00  0.0   42  6.4 16 240   M    M   0        22 250
 2  30  -3  14  -5  51   0 0.00  0.0   42  3.2 12  20   M    M   2        14  10
 3  31  10  21   2  44   0 0.00  0.0   42  3.8 10 190   M    M   6        13 210
 4  29  22  26   6  39   0 0.26  4.2   43  4.2 13 300   M    M  10 128    18 300
 5  23   2  13  -7  52   0 0.01  0.3   45  5.5 16 250   M    M   6 18     22 260
 6  17  -8   5 -15  60   0    T    T   45  5.6 17 300   M    M   4 8      23 300
 7  13 -10   2 -19  63   0 0.00  0.0   45  6.6 15 310   M    M   2        22 300
 8  26  -5  11 -10  54   0 0.00  0.0   44  9.8 22 210   M    M   1        28 220
 9  24   4  14  -8  51   0    T    T   43  8.5 23 330   M    M   2 8      30 310
10  28  -9  10 -12  55   0 0.09  1.2   43  8.9 22 140   M    M   4 18     30 140
11  38  23  31   9  34   0 0.05  0.5   44  8.7 26 250   M    M   9 18     36 250
12  33  14  24   1  41   0    T    T   43  9.4 20 330   M    M   5        25 330
13  41   6  24   1  41   0 0.00  0.0   42  3.7 12 170   M    M   3        15 210
14  45  21  33   9  32   0    T  0.0   42  6.5 15 170   M    M   1        20 150
15  44  35  40  16  25   0 0.09  0.0   41 10.4 20 160   M    M   9 1      26 150
16  42  22  32   8  33   0    T    T   39 12.4 29 250   M    M  10        41 260
17  24  14  19  -6  46   0 0.00  0.0   39 10.2 22 290   M    M   5        30 300
18  26   8  17  -8  48   0    T  0.1   38  6.1 17 300   M    M   6 8      25 300
19  30   3  17  -9  48   0 0.00  0.0   38  4.1 13 240   M    M   2 8      18 240
20  41   1  21  -5  44   0 0.00  0.0   38  5.8 17 250   M    M   2 8      26 210
================================================================================
SM  614  146       913   0  0.50     6.3 139.8          M       89
================================================================================
AV 30.7  7.3                               7.0 FASTST   M    M   4    MAX(MPH)
                                 MISC ---->  # 29 250               # 41  260
================================================================================
NOTES:
# LAST OF SEVERAL OCCURRENCES

COLUMN 17 PEAK WIND IN M.P.H.

PRELIMINARY LOCAL CLIMATOLOGICAL DATA (WS FORM: F-6) , PAGE 2

                                          STATION:  CARIBOU ME
                                          MONTH:    MARCH
                                          YEAR:     2019
                                          LATITUDE:   46 52 N
                                          LONGITUDE:  68  1 W

[TEMPERATURE DATA]      [PRECIPITATION DATA]       SYMBOLS USED IN COLUMN 16

AVERAGE MONTHLY: 19.0   TOTAL FOR MONTH:   0.50    1 = FOG OR MIST
DPTR FM NORMAL:  -3.2   DPTR FM NORMAL:   -1.11    2 = FOG REDUCING VISIBILITY
HIGHEST:    45 ON 14    GRTST 24HR  0.26 ON  4- 4      TO 1/4 MILE OR LESS
LOWEST:    -10 ON  7                               3 = THUNDER
                        SNOW, ICE PELLETS, HAIL    4 = ICE PELLETS
                        TOTAL MONTH:   6.3 INCHES  5 = HAIL
                        GRTST 24HR   4.2 ON  4- 4  6 = FREEZING RAIN OR DRIZZLE
                        GRTST DEPTH:  45 ON  7, 6  7 = DUSTSTORM OR SANDSTORM:
                                                       VSBY 1/2 MILE OR LESS
                                                   8 = SMOKE OR HAZE
[NO. OF DAYS WITH]      [WEATHER - DAYS WITH]      9 = BLOWING SNOW
                                                   X = TORNADO
MAX 32 OR BELOW:  13    0.01 INCH OR MORE:   5
MAX 90 OR ABOVE:   0    0.10 INCH OR MORE:   1
MIN 32 OR BELOW:  19    0.50 INCH OR MORE:   0
MIN  0 OR BELOW:   6    1.00 INCH OR MORE:   0

[HDD (BASE 65) ]
TOTAL THIS MO.   913    CLEAR  (SCALE 0-3)   9
DPTR FM NORMAL    59    PTCLDY (SCALE 4-7)   7
TOTAL FM JUL 1  7743    CLOUDY (SCALE 8-10)  4
DPTR FM NORMAL   168

[CDD (BASE 65) ]
TOTAL THIS MO.     0
DPTR FM NORMAL     0    [PRESSURE DATA]
TOTAL FM JAN 1     0    HIGHEST SLP M ON M
DPTR FM NORMAL     0    LOWEST  SLP 29.44 ON 16

[REMARKS]
