000
CXUS51 KCAR 190600
CF6CAR
PRELIMINARY LOCAL CLIMATOLOGICAL DATA (WS FORM: F-6)

                                          STATION:   CARIBOU ME
                                          MONTH:     NOVEMBER
                                          YEAR:      2018
                                          LATITUDE:   46 52 N
                                          LONGITUDE:  68  1 W

  TEMPERATURE IN F:       :PCPN:    SNOW:  WIND      :SUNSHINE: SKY     :PK WND
================================================================================
1   2   3   4   5  6A  6B    7    8   9   10  11  12  13   14  15   16   17  18
                                     12Z  AVG MX 2MIN
DY MAX MIN AVG DEP HDD CDD  WTR  SNW DPTH SPD SPD DIR MIN PSBL S-S WX    SPD DR
================================================================================

 1  45  36  41   4  24   0    T  0.0    0  4.1  9 250   M    M   9 1      12 310
 2  40  38  39   2  26   0 0.40  0.0    0  5.5 13  70   M    M  10 1      17  70
 3  48  38  43   6  22   0 1.38  0.0    0 10.9 35 250   M    M  10 1      52 250
 4  42  29  36   0  29   0 0.00  0.0    0 12.6 26 250   M    M   9        40 260
 5  38  26  32  -4  33   0 0.00  0.0    0  5.1 15 140   M    M   4        20 140
 6  47  37  42   6  23   0 0.41  0.0    0  4.9 12 110   M    M  10 12     15 110
 7  53  44  49  14  16   0 0.00  0.0    0 13.7 26 250   M    M   8        39 250
 8  48  34  41   6  24   0    T  0.0    0 10.4 20 250   M    M   8        29 250
 9  41  27  34   0  31   0    T    T    0  4.2 13 340   M    M   3        17 340
10  36  30  33  -1  32   0 0.54  3.2    2 11.8 28 250   M    M   9 12     45 250
11  30  22  26  -8  39   0    T    T    2 13.7 30 250   M    M   9        46 250
12  32  16  24  -9  41   0 0.00  0.0    1  5.7 15 300   M    M   1        22 320
13  33  21  27  -6  38   0 0.76  8.2    1  4.9 10 250   M    M   9 128    13 250
14  33  11  22 -10  43   0    T    T    9 15.2 32 300   M    M   6 9      44 300
15  24   6  15 -17  50   0 0.00  0.0    8  4.4 16 300   M    M   0        23 300
16  23  11  17 -14  48   0 0.70  9.3    7  7.6 16 360   M    M   8 126    20 360
17  31  15  23  -8  42   0 0.03  0.3   14  6.0 14 250   M    M   6 1      18 270
18  25   4  15 -15  50   0    T    T   14  4.1 10 260   M    M   3        14 250
================================================================================
SM  669  445       611   0  4.22    21.0 144.8          M      122
================================================================================
AV 37.2 24.7                               8.0 FASTST   M    M   7    MAX(MPH)
                                 MISC ---->  # 35 250               # 52  250
================================================================================
NOTES:
# LAST OF SEVERAL OCCURRENCES

COLUMN 17 PEAK WIND IN M.P.H.

PRELIMINARY LOCAL CLIMATOLOGICAL DATA (WS FORM: F-6) , PAGE 2

                                          STATION:  CARIBOU ME
                                          MONTH:    NOVEMBER
                                          YEAR:     2018
                                          LATITUDE:   46 52 N
                                          LONGITUDE:  68  1 W

[TEMPERATURE DATA]      [PRECIPITATION DATA]       SYMBOLS USED IN COLUMN 16

AVERAGE MONTHLY: 30.9   TOTAL FOR MONTH:   4.22    1 = FOG OR MIST
DPTR FM NORMAL:  -3.1   DPTR FM NORMAL:    2.04    2 = FOG REDUCING VISIBILITY
HIGHEST:    53 ON  7    GRTST 24HR  1.38 ON  3- 3      TO 1/4 MILE OR LESS
LOWEST:      4 ON 18                               3 = THUNDER
                        SNOW, ICE PELLETS, HAIL    4 = ICE PELLETS
                        TOTAL MONTH:  21.0 INCHES  5 = HAIL
                        GRTST 24HR   9.3 ON 16-16  6 = FREEZING RAIN OR DRIZZLE
                        GRTST DEPTH:  14 ON 18,17  7 = DUSTSTORM OR SANDSTORM:
                                                       VSBY 1/2 MILE OR LESS
                                                   8 = SMOKE OR HAZE
[NO. OF DAYS WITH]      [WEATHER - DAYS WITH]      9 = BLOWING SNOW
                                                   X = TORNADO
MAX 32 OR BELOW:   6    0.01 INCH OR MORE:   7
MAX 90 OR ABOVE:   0    0.10 INCH OR MORE:   6
MIN 32 OR BELOW:  12    0.50 INCH OR MORE:   4
MIN  0 OR BELOW:   0    1.00 INCH OR MORE:   1

[HDD (BASE 65) ]
TOTAL THIS MO.   611    CLEAR  (SCALE 0-3)   4
DPTR FM NORMAL    54    PTCLDY (SCALE 4-7)   6
TOTAL FM JUL 1  1662    CLOUDY (SCALE 8-10)  8
DPTR FM NORMAL   -35

[CDD (BASE 65) ]
TOTAL THIS MO.     0
DPTR FM NORMAL     0    [PRESSURE DATA]
TOTAL FM JAN 1   410    HIGHEST SLP M ON M
DPTR FM NORMAL   230    LOWEST  SLP 29.16 ON  3

[REMARKS]
