000
CXUS51 KCAR 190600
CF6CAR
PRELIMINARY LOCAL CLIMATOLOGICAL DATA (WS FORM: F-6)

                                          STATION:   CARIBOU ME
                                          MONTH:     JUNE
                                          YEAR:      2018
                                          LATITUDE:   46 52 N
                                          LONGITUDE:  68  1 W

  TEMPERATURE IN F:       :PCPN:    SNOW:  WIND      :SUNSHINE: SKY     :PK WND
================================================================================
1   2   3   4   5  6A  6B    7    8   9   10  11  12  13   14  15   16   17  18
                                     12Z  AVG MX 2MIN
DY MAX MIN AVG DEP HDD CDD  WTR  SNW DPTH SPD SPD DIR MIN PSBL S-S WX    SPD DR
================================================================================

 1  82  60  71  14   0   6    T  0.0    0  6.3 15 330   M    M   5        19 340
 2  69  44  57   0   8   0 0.00  0.0    0 13.5 24  10   M    M   6        35  10
 3  66  38  52  -5  13   0 0.00  0.0    0  6.6 16  30   M    M   0        21  30
 4  56  40  48 -10  17   0    T  0.0    0 10.7 18 180   M    M   5        24 190
 5  50  42  46 -12  19   0 0.05  0.0    0  5.8 14 180   M    M   9 18     17 180
 6  69  45  57  -1   8   0 0.00  0.0    0  3.9 12 330   M    M   5        15 320
 7  67  44  56  -2   9   0    T  0.0    0  7.1 15 180   M    M   4        21 220
 8  68  51  60   1   5   0 0.06  0.0    0  7.7 20 310   M    M   5 1      28 290
 9  69  44  57  -2   8   0    T  0.0    0  7.8 20 340   M    M   5        29 340
10  61  43  52  -7  13   0 0.00  0.0    0  9.4 18 360   M    M   5        28  10
11  66  37  52  -8  13   0 0.00  0.0    0  5.5 18 330   M    M   1        27  10
12  79  39  59  -1   6   0 0.00  0.0    0 12.9 26 250   M    M   0        36 240
13  67  50  59  -1   6   0 0.02  0.0    0  6.2 20 100   M    M   8        26 100
14  50  41  46 -14  19   0 0.66  0.0    0  7.9 15  40   M    M   8 1      22  70
15  77  37  57  -4   8   0 0.00  0.0    0  4.7 14 310   M    M   0 1      21 320
16  82  50  66   5   0   1 0.00  0.0    0  6.1 16  10   M    M   2        23 350
17  70  50  60  -1   5   0 0.09  0.0    0  8.0 15 150   M    M   4 1      20 180
18  75  53  64   2   1   0 0.71  0.0    0  8.1 14 220   M    M   9 1      19 240
================================================================================
SM 1223  808       158   7  1.59     0.0 138.2          M       81
================================================================================
AV 67.9 44.9                               7.7 FASTST   M    M   5    MAX(MPH)
                                 MISC ---->  # 26 250               # 36  240
================================================================================
NOTES:
# LAST OF SEVERAL OCCURRENCES

COLUMN 17 PEAK WIND IN M.P.H.

PRELIMINARY LOCAL CLIMATOLOGICAL DATA (WS FORM: F-6) , PAGE 2

                                          STATION:  CARIBOU ME
                                          MONTH:    JUNE
                                          YEAR:     2018
                                          LATITUDE:   46 52 N
                                          LONGITUDE:  68  1 W

[TEMPERATURE DATA]      [PRECIPITATION DATA]       SYMBOLS USED IN COLUMN 16

AVERAGE MONTHLY: 56.4   TOTAL FOR MONTH:   1.59    1 = FOG OR MIST
DPTR FM NORMAL:  -2.8   DPTR FM NORMAL:   -0.40    2 = FOG REDUCING VISIBILITY
HIGHEST:    82 ON 16, 1 GRTST 24HR  0.71 ON 18-18      TO 1/4 MILE OR LESS
LOWEST:     37 ON 15,11                            3 = THUNDER
                        SNOW, ICE PELLETS, HAIL    4 = ICE PELLETS
                        TOTAL MONTH:   0.0 INCH    5 = HAIL
                        GRTST 24HR     0.0         6 = FREEZING RAIN OR DRIZZLE
                        GRTST DEPTH:   0           7 = DUSTSTORM OR SANDSTORM:
                                                       VSBY 1/2 MILE OR LESS
                                                   8 = SMOKE OR HAZE
[NO. OF DAYS WITH]      [WEATHER - DAYS WITH]      9 = BLOWING SNOW
                                                   X = TORNADO
MAX 32 OR BELOW:   0    0.01 INCH OR MORE:   6
MAX 90 OR ABOVE:   0    0.10 INCH OR MORE:   2
MIN 32 OR BELOW:   0    0.50 INCH OR MORE:   2
MIN  0 OR BELOW:   0    1.00 INCH OR MORE:   0

[HDD (BASE 65) ]
TOTAL THIS MO.   158    CLEAR  (SCALE 0-3)   5
DPTR FM NORMAL    37    PTCLDY (SCALE 4-7)  11
TOTAL FM JUL 1  8718    CLOUDY (SCALE 8-10)  2
DPTR FM NORMAL  -592

[CDD (BASE 65) ]
TOTAL THIS MO.     7
DPTR FM NORMAL    -8    [PRESSURE DATA]
TOTAL FM JAN 1    11    HIGHEST SLP M ON M
DPTR FM NORMAL    -9    LOWEST  SLP 29.47 ON 18

[REMARKS]
