000
CXUS54 KLZK 211130
CF6CCA
PRELIMINARY LOCAL CLIMATOLOGICAL DATA (WS FORM: F-6)

                                          STATION:   Clinton
                                          MONTH:     OCTOBER
                                          YEAR:      2019
                                          LATITUDE:   35 32 N
                                          LONGITUDE:  92 22 W

  TEMPERATURE IN F:       :PCPN:    SNOW:  WIND      :SUNSHINE: SKY     :PK WND
================================================================================
1   2   3   4   5  6A  6B    7    8   9   10  11  12  13   14  15   16   17  18
                                     12Z  AVG MX 2MIN
DY MAX MIN AVG DEP HDD CDD  WTR  SNW DPTH SPD SPD DIR MIN PSBL S-S WX    SPD DR
================================================================================

 1  91  64  78   M   0  13    M    M    M  1.6  9 230   M    M   2 12      M  M
 2  91  63  77   M   0  12    M    M    M  1.6  8 210   M    M   0 1      15 240
 3  93  64  79   M   0  14    M    M    M  1.6 10 290   M    M   1        16 320
 4  82  61  72   M   0   7    M    M    M  0.9  5  99   M    M   3         M  M
 5  86  57  72   M   0   7    M    M    M  0.7  7 250   M    M   2         M  M
 6  82  57  70   M   0   5    M    M    M  2.2 13 300   M    M   6 3      13  99
 7  75  48  62   M   3   0    M    M    M  2.3  9 330   M    M   3 3      15  99
 8  75  43  59   M   6   0    M    M    M  1.1  6  99   M    M   3 12     13  99
 9  77  43  60   M   5   0    M    M    M  1.4  8 200   M    M   3        12   0
10  84  59  72   M   0   7    M    M    M  1.8 13 150   M    M   4 1      17 200
11  70  37  54   M  11   0    M    M    M  5.7 13 310   M    M   5        24 300
12  63  32  48   M  17   0    M    M    M  0.7  5 200   M    M   2 1       M  M
13  70  36  53   M  12   0    M    M    M  1.5  8 240   M    M   3 12      M  M
14  72  39  56   M   9   0    M    M    M  0.6  6 160   M    M   2         M  M
15  70  55  63   M   2   0    M    M    M  1.4 10 310   M    M  10 13     18 320
16  66  41  54   M  11   0    M    M    M  3.9 12 330   M    M   0        22 330
17  66  37  52   M  13   0    M    M    M  0.4  4 120   M    M   0         M  M
18  70  41  56   M   9   0    M    M    M  1.6  9 100   M    M   4 12     14  99
19  73  39  56   M   9   0    M    M    M  0.2  5 250   M    M   3         M  M
20  81  54  68   M   0   3    M    M    M  1.5  7  99   M    M   7 1      15  99
================================================================================
SM 1537  970       107  68    M     M     32.7          M       63
================================================================================
AV 76.9 48.5                               1.6 FASTST   M    M   3    MAX(MPH)
                                 MISC ---->  # 13 300               # 24  300
================================================================================
NOTES:
# LAST OF SEVERAL OCCURRENCES

COLUMN 17 PEAK WIND IN M.P.H.

PRELIMINARY LOCAL CLIMATOLOGICAL DATA (WS FORM: F-6) , PAGE 2

                                          STATION:  Clinton
                                          MONTH:    OCTOBER
                                          YEAR:     2019
                                          LATITUDE:   35 32 N
                                          LONGITUDE:  92 22 W

[TEMPERATURE DATA]      [PRECIPITATION DATA]       SYMBOLS USED IN COLUMN 16

AVERAGE MONTHLY: 62.7   TOTAL FOR MONTH:      M    1 = FOG OR MIST
DPTR FM NORMAL:     M   DPTR FM NORMAL:       M    2 = FOG REDUCING VISIBILITY
HIGHEST:    93 ON  3    GRTST 24HR    M  ON   M        TO 1/4 MILE OR LESS
LOWEST:     32 ON 12                               3 = THUNDER
                        SNOW, ICE PELLETS, HAIL    4 = ICE PELLETS
                        TOTAL MONTH:    M          5 = HAIL
                        GRTST 24HR    M  ON   M    6 = FREEZING RAIN OR DRIZZLE
                        GRTST DEPTH:  M  ON   M    7 = DUSTSTORM OR SANDSTORM:
                                                       VSBY 1/2 MILE OR LESS
                                                   8 = SMOKE OR HAZE
[NO. OF DAYS WITH]      [WEATHER - DAYS WITH]      9 = BLOWING SNOW
                                                   X = TORNADO
MAX 32 OR BELOW:   0    0.01 INCH OR MORE:   0
MAX 90 OR ABOVE:   3    0.10 INCH OR MORE:   0
MIN 32 OR BELOW:   1    0.50 INCH OR MORE:   0
MIN  0 OR BELOW:   0    1.00 INCH OR MORE:   0

[HDD (BASE 65) ]
TOTAL THIS MO.   107    CLEAR  (SCALE 0-3)  13
DPTR FM NORMAL     M    PTCLDY (SCALE 4-7)   6
TOTAL FM JUL 1   107    CLOUDY (SCALE 8-10)  1
DPTR FM NORMAL     M

[CDD (BASE 65) ]
TOTAL THIS MO.    68
DPTR FM NORMAL     M    [PRESSURE DATA]
TOTAL FM JAN 1  1844    HIGHEST SLP M ON M
DPTR FM NORMAL     M    LOWEST  SLP M ON M

[REMARKS]
