000
CXUS54 KLZK 211130
CF6CCA
PRELIMINARY LOCAL CLIMATOLOGICAL DATA (WS FORM: F-6)

                                          STATION:   Clinton
                                          MONTH:     APRIL
                                          YEAR:      2018
                                          LATITUDE:   35 32 N
                                          LONGITUDE:  92 22 W

  TEMPERATURE IN F:       :PCPN:    SNOW:  WIND      :SUNSHINE: SKY     :PK WND
================================================================================
1   2   3   4   5  6A  6B    7    8   9   10  11  12  13   14  15   16   17  18
                                     12Z  AVG MX 2MIN
DY MAX MIN AVG DEP HDD CDD  WTR  SNW DPTH SPD SPD DIR MIN PSBL S-S WX    SPD DR
================================================================================

 1  63  39  51   M  14   0    M    M    M  4.4  8  30   M    M  10 18     15  30
 2  52  37  45   M  20   0 0.00  0.0    0  2.3  6 140   M    M  10 18      M  M
 3  79  43  61   M   4   0 0.00  0.0    0  8.2 22 230   M    M   8 1238   32 320
 4  57  32  45   M  20   0 0.00  0.0    0  4.5 13 320   M    M   0        15  99
 5  63  30  47   M  18   0 0.00  0.0    0  2.9 10 180   M    M   3 8      16  99
 6  59  45  52   M  13   0 0.00  0.0    0  2.0 12 360   M    M   6 8      23 360
 7  46  28  37   M  28   0 0.00  0.0    0  5.6 13  20   M    M   5        24 360
 8  50  25  38   M  27   0 0.00  0.0    0  2.8  9 150   M    M   4        18 150
 9  68  30  49   M  16   0 0.00  0.0    0  3.7 12 330   M    M   2        22 330
10  64  36  50   M  15   0 0.00  0.0    0  4.1 13 300   M    M   1 1      20  99
11  75  34  55   M  10   0 0.00  0.0    0  4.2 14 180   M    M   0 18     23 180
12  82  45  64   M   1   0 0.00  0.0    0  7.9 18 200   M    M   0 18     29 170
13  75  59  67   M   0   2 0.00  0.0    0  7.0 13 170   M    M   8 138    22 140
14  61  45  53   M  12   0 0.00  0.0    0  8.8 17 240   M    M   6 3      24 220
15  46  34  40   M  25   0 0.00  0.0    0  9.8 18 310   M    M   9        25 320
16  66  28  47   M  18   0 0.00  0.0    0  4.5 13 310   M    M   1        20 300
17  82  37  60   M   5   0 0.00  0.0    0  5.8 16 200   M    M   0 8      27 210
18  81  52  67   M   0   2 0.00  0.0    0  9.4 17 270   M    M   1 8      28 270
19  61  39  50   M  15   0 0.00  0.0    0  5.8 13 320   M    M   0        23 320
20  68  32  50   M  15   0 0.00  0.0    0  3.6 12 100   M    M   0 1      18 100
================================================================================
SM 1298  750       276   4  0.00     0.0 107.3          M       74
================================================================================
AV 64.9 37.5                               5.4 FASTST   M    M   4    MAX(MPH)
                                 MISC ---->  # 22 230               # 32  320
================================================================================
NOTES:
# LAST OF SEVERAL OCCURRENCES

COLUMN 17 PEAK WIND IN M.P.H.

PRELIMINARY LOCAL CLIMATOLOGICAL DATA (WS FORM: F-6) , PAGE 2

                                          STATION:  Clinton
                                          MONTH:    APRIL
                                          YEAR:     2018
                                          LATITUDE:   35 32 N
                                          LONGITUDE:  92 22 W

[TEMPERATURE DATA]      [PRECIPITATION DATA]       SYMBOLS USED IN COLUMN 16

AVERAGE MONTHLY: 51.2   TOTAL FOR MONTH:   0.00    1 = FOG OR MIST
DPTR FM NORMAL:     M   DPTR FM NORMAL:       M    2 = FOG REDUCING VISIBILITY
HIGHEST:    82 ON 17,12 GRTST 24HR  0.00 ON 20-20      TO 1/4 MILE OR LESS
LOWEST:     25 ON  8                               3 = THUNDER
                        SNOW, ICE PELLETS, HAIL    4 = ICE PELLETS
                        TOTAL MONTH:   0.0 INCH    5 = HAIL
                        GRTST 24HR     0.0         6 = FREEZING RAIN OR DRIZZLE
                        GRTST DEPTH:   0           7 = DUSTSTORM OR SANDSTORM:
                                                       VSBY 1/2 MILE OR LESS
                                                   8 = SMOKE OR HAZE
[NO. OF DAYS WITH]      [WEATHER - DAYS WITH]      9 = BLOWING SNOW
                                                   X = TORNADO
MAX 32 OR BELOW:   0    0.01 INCH OR MORE:   0
MAX 90 OR ABOVE:   0    0.10 INCH OR MORE:   0
MIN 32 OR BELOW:   7    0.50 INCH OR MORE:   0
MIN  0 OR BELOW:   0    1.00 INCH OR MORE:   0

[HDD (BASE 65) ]
TOTAL THIS MO.   276    CLEAR  (SCALE 0-3)  11
DPTR FM NORMAL     M    PTCLDY (SCALE 4-7)   5
TOTAL FM JUL 1  3623    CLOUDY (SCALE 8-10)  4
DPTR FM NORMAL     M

[CDD (BASE 65) ]
TOTAL THIS MO.     4
DPTR FM NORMAL     M    [PRESSURE DATA]
TOTAL FM JAN 1     9    HIGHEST SLP M ON M
DPTR FM NORMAL     M    LOWEST  SLP M ON M

[REMARKS]
