259
CXUS54 KLZK 231232
CF6CCA
PRELIMINARY LOCAL CLIMATOLOGICAL DATA (WS FORM: F-6)

                                          STATION:   CLINTON
                                          MONTH:     JUNE
                                          YEAR:      2024
                                          LATITUDE:   35 32 N
                                          LONGITUDE:  92 22 W

  TEMPERATURE IN F:       :PCPN:    SNOW:  WIND      :SUNSHINE: SKY     :PK WND
================================================================================
1   2   3   4   5  6A  6B    7    8   9   10  11  12  13   14  15   16   17  18
                                     12Z  AVG MX 2MIN
DY MAX MIN AVG DEP HDD CDD  WTR  SNW DPTH SPD SPD DIR MIN PSBL S-S WX    SPD DR
================================================================================

 1  86  66  76   M   0  11    M    M    M  2.3  8 300   M    M   5 1      14 300
 2  86  61  74   M   0   9    M    M    M  1.7  7  99   M    M   2        12   0
 3  77  66  72   M   0   7    M    M    M  2.4  8 210   M    M   4 13     16   0
 4  81  64  73   M   0   8    M    M    M  1.6  7  80   M    M   7 18     13   0
 5  84  64  74   M   0   9    M    M    M  1.5 10 310   M    M   6        16 310
 6  91  57  74   M   0   9    M    M    M  1.3  8 340   M    M   1        16  99
 7  90  63  77   M   0  12    M    M    M  0.9  5 200   M    M   2 8       M   M
 8  86  64  75   M   0  10    M    M    M  2.4 10 250   M    M   2        16  99
 9  84  64  74   M   0   9    M    M    M  1.3  6  99   M    M   6 1      16  99
10  86  57  72   M   0   7    M    M    M  1.5  7  99   M    M   1        13  99
11  82  57  70   M   0   5    M    M    M  0.7  5  99   M    M   1         M   M
12  86  61  74   M   0   9    M    M    M  0.6  6 150   M    M   0 1       M   M
13  88  59  74   M   0   9    M    M    M  1.6  7 160   M    M   0        12 160
14  91  66  79   M   0  14    M    M    M  1.4  7 230   M    M   0         M   M
15  91  70  81   M   0  16    M    M    M  1.6  8 150   M    M   2 8       M   M
16  91  68  80   M   0  15    M    M    M  2.3  7  99   M    M   1 12     16 140
17  86  70  78   M   0  13    M    M    M  3.5  8 140   M    M   6 1      14 120
18  86  70  78   M   0  13    M    M    M  3.3  7 110   M    M   5        17 140
19  88  66  77   M   0  12    M    M    M  2.1  9 120   M    M   1 1      17 120
20  90  70  80   M   0  15    M    M    M  1.9  8 140   M    M   2 1      14  99
21  91  66  79   M   0  14    M    M    M  1.9  8 150   M    M   0 1      15 150
22  93  66  80   M   0  15    M    M    M  2.5  9 230   M    M   0 1      16 220
================================================================================
SM 1914 1415         0 241     M    M     40.4          M       54
================================================================================
AV 87.0 64.3                               1.8 FASTST   M    M   2    MAX(MPH)
                                 MISC ---->  # 10 250                 17 140
================================================================================
NOTES:
# LAST OF SEVERAL OCCURRENCES

COLUMN 17 PEAK WIND IN M.P.H.

PRELIMINARY LOCAL CLIMATOLOGICAL DATA (WS FORM: F-6) , PAGE 2

                                          STATION:   CLINTON
                                          MONTH:     JUNE
                                          YEAR:      2024
                                          LATITUDE:   35 32 N
                                          LONGITUDE:  92 22 W

[TEMPERATURE DATA]      [PRECIPITATION DATA]       SYMBOLS USED IN COLUMN 16

AVERAGE MONTHLY: 75.7   TOTAL FOR MONTH:      M    1 = FOG OR MIST
DPTR FM NORMAL:   0.0   DPTR FM NORMAL:       M    2 = FOG REDUCING VISIBILITY
HIGHEST:    93 ON 22    GRTST 24HR      M ON  M       TO 1/4 MILE OR LESS
LOWEST:     57 ON 11,10                             3 = THUNDER
                        SNOW, ICE PELLETS, HAIL    4 = ICE PELLETS
                        TOTAL MONTH:  M            5 = HAIL
                        GRTST 24HR    M  ON   M    6 = FREEZING RAIN OR DRIZZLE
                        GRTST DEPTH:  M  ON   M    7 = DUSTSTORM OR SANDSTORM:
                                                       VSBY 1/2 MILE OR LESS
                                                   8 = SMOKE OR HAZE
[NO. OF DAYS WITH]      [WEATHER - DAYS WITH]      9 = BLOWING SNOW
                                                   X = TORNADO
MAX 32 OR BELOW:   0    0.01 INCH OR MORE:   0
MAX 90 OR ABOVE:   8    0.10 INCH OR MORE:   0
MIN 32 OR BELOW:   0    0.50 INCH OR MORE:   0
MIN  0 OR BELOW:   0    1.00 INCH OR MORE:   0

[HDD (BASE 65) ]
TOTAL THIS MO.     0    CLEAR  (SCALE 0-3)  15
DPTR FM NORMAL     M    PTCLDY (SCALE 4-7)   7
TOTAL FM JUL 1  3200    CLOUDY (SCALE 8-10)  0
DPTR FM NORMAL     M

[CDD (BASE 65) ]
TOTAL THIS MO.   241
DPTR FM NORMAL     M    [PRESSURE DATA]
TOTAL FM JAN 1   508    HIGHEST SLP M ON M
DPTR FM NORMAL     M    LOWEST  SLP M ON M

[REMARKS]