000
CXUS56 KMTR 221000
CF6CCR
PRELIMINARY LOCAL CLIMATOLOGICAL DATA (WS FORM: F-6)

                                          STATION:   CONCORD AIRPORT
                                          MONTH:     JANUARY
                                          YEAR:      2019
                                          LATITUDE:   37 58 N
                                          LONGITUDE: 122  3 W

  TEMPERATURE IN F:       :PCPN:    SNOW:  WIND      :SUNSHINE: SKY     :PK WND
================================================================================
1   2   3   4   5  6A  6B    7    8   9   10  11  12  13   14  15   16   17  18
                                     12Z  AVG MX 2MIN
DY MAX MIN AVG DEP HDD CDD  WTR  SNW DPTH SPD SPD DIR MIN PSBL S-S WX    SPD DR
================================================================================

 1  59  38  49   2  16   0 0.00  0.0    0  6.1 17  30   M    M   0        26  30
 2  56  33  45  -2  20   0 0.00  0.0    0  2.9 10 360   M    M   0        12  80
 3  55  31  43  -4  22   0 0.00  0.0    0  3.3 12  50   M    M   0 8       0 270
 4  56  34  45  -2  20   0 0.00  0.0    0  2.4 10  20   M    M   0 18     14  30
 5  60  38  49   2  16   0 0.31  0.0    0  7.8 30 190   M    M   6 18     37 180
 6  60  45  53   6  12   0 1.10  0.0    0 10.4 26 170   M    M   7 1      33 160
 7  60  50  55   8  10   0    T  0.0    0  4.2 14 230   M    M   8        16 220
 8  59  51  55   8  10   0 0.03  0.0    0  3.9 10 160   M    M   9 18     14 160
 9  64  49  57  10   8   0 0.08    M    0  7.2 20 180   M    M   7 18     26 190
10  58  43  51   4  14   0 0.00  0.0    0  3.1 10 350   M    M   6 128    13  30
11  57  51  54   7  11   0 0.05  0.0    0  5.6 13  50   M    M  10 18     38 200
12  62  46  54   7  11   0    T  0.0    0  3.4 13 320   M    M   5 18     19  50
13  59  44  52   5  13   0 0.00  0.0    0  3.7 14  70   M    M   3 128    19  70
14  55  47  51   3  14   0 0.06    M    0  5.2 14  90   M    M   7 18     35  90
15  57  45  51   3  14   0 0.36    M    0  5.8 18 220   M    M   9 1      24 100
16  63  54  59  11   6   0 1.26  0.0    0 10.1 29 180   M    M   7 1      37 190
17  61  50  56   8   9   0 0.38  0.0    0  9.4 25 210   M    M   7 18     39 220
18  64  51  58  10   7   0 0.04  0.0    0  2.1  8  70   M    M   7 1      12 260
19  69  53  61  13   4   0 0.02  0.0    0  1.1  7 360   M    M   6 18      8 360
20  62  49  56   8   9   0 0.16  0.0    0 11.3 24 290   M    M   8 18     36 190
21  60  42  51   3  14   0 0.01  0.0    0  5.0 15 260   M    M   1        18 260
================================================================================
SM 1256  944       260   0  3.86     0.0 114.0          M      113
================================================================================
AV 59.8 45.0                               5.4 FASTST   M    M   5    MAX(MPH)
                                 MISC ---->  # 30 190               # 39  220
================================================================================
NOTES:
# LAST OF SEVERAL OCCURRENCES

COLUMN 17 PEAK WIND IN M.P.H.

PRELIMINARY LOCAL CLIMATOLOGICAL DATA (WS FORM: F-6) , PAGE 2

                                          STATION:  CONCORD AIRPORT
                                          MONTH:    JANUARY
                                          YEAR:     2019
                                          LATITUDE:   37 58 N
                                          LONGITUDE: 122  3 W

[TEMPERATURE DATA]      [PRECIPITATION DATA]       SYMBOLS USED IN COLUMN 16

AVERAGE MONTHLY: 52.4   TOTAL FOR MONTH:   3.86    1 = FOG OR MIST
DPTR FM NORMAL:   5.0   DPTR FM NORMAL:    1.40    2 = FOG REDUCING VISIBILITY
HIGHEST:    69 ON 19    GRTST 24HR  1.26 ON 16-16      TO 1/4 MILE OR LESS
LOWEST:     31 ON  3                               3 = THUNDER
                        SNOW, ICE PELLETS, HAIL    4 = ICE PELLETS
                        TOTAL MONTH:   0.0 INCH    5 = HAIL
                        GRTST 24HR     0.0         6 = FREEZING RAIN OR DRIZZLE
                        GRTST DEPTH:   0           7 = DUSTSTORM OR SANDSTORM:
                                                       VSBY 1/2 MILE OR LESS
                                                   8 = SMOKE OR HAZE
[NO. OF DAYS WITH]      [WEATHER - DAYS WITH]      9 = BLOWING SNOW
                                                   X = TORNADO
MAX 32 OR BELOW:   0    0.01 INCH OR MORE:  13
MAX 90 OR ABOVE:   0    0.10 INCH OR MORE:   6
MIN 32 OR BELOW:   1    0.50 INCH OR MORE:   2
MIN  0 OR BELOW:   0    1.00 INCH OR MORE:   2

[HDD (BASE 65) ]
TOTAL THIS MO.   260    CLEAR  (SCALE 0-3)   6
DPTR FM NORMAL  -111    PTCLDY (SCALE 4-7)  11
TOTAL FM JUL 1   919    CLOUDY (SCALE 8-10)  4
DPTR FM NORMAL  -416

[CDD (BASE 65) ]
TOTAL THIS MO.     0
DPTR FM NORMAL     0    [PRESSURE DATA]
TOTAL FM JAN 1     0    HIGHEST SLP M ON M
DPTR FM NORMAL     0    LOWEST  SLP 29.61 ON  5

[REMARKS]
