000
CXUS56 KSLC 201227
CF6CDC
PRELIMINARY LOCAL CLIMATOLOGICAL DATA (WS FORM: F-6)

                                          STATION:   CEDAR CITY UT
                                          MONTH:     JUNE
                                          YEAR:      2018
                                          LATITUDE:   37 42 N
                                          LONGITUDE: 113  6 W

  TEMPERATURE IN F:       :PCPN:    SNOW:  WIND      :SUNSHINE: SKY     :PK WND
================================================================================
1   2   3   4   5  6A  6B    7    8   9   10  11  12  13   14  15   16   17  18
                                     12Z  AVG MX 2MIN
DY MAX MIN AVG DEP HDD CDD  WTR  SNW DPTH SPD SPD DIR MIN PSBL S-S WX    SPD DR
================================================================================

 1  82  46  64   3   1   0 0.00  0.0    0  7.1 17  30   M    M   0        23  30
 2  85  42  64   3   1   0 0.00  0.0    0  5.9 16 360   M    M   0        21 360
 3  90  42  66   5   0   1 0.00  0.0    0  5.0 18 220   M    M   0        25 190
 4  92  46  69   7   0   4 0.00  0.0    0  9.5 24 210   M    M   0        32 220
 5  89  57  73  11   0   8 0.00  0.0    0 10.2 24 220   M    M   0        34 240
 6  87  58  73  11   0   8 0.00  0.0    0 10.9 24 200   M    M   0        34 210
 7  86  51  69   6   0   4 0.00  0.0    0 11.3 26 210   M    M   0        36 230
 8  88  49  69   6   0   4 0.00  0.0    0  9.5 21 240   M    M   0        29 210
 9  89  53  71   8   0   6 0.00  0.0    0 17.2 33 200   M    M   0        46 210
10  85  54  70   6   0   5 0.00  0.0    0 10.7 29 180   M    M   0        35 190
11  89  45  67   3   0   2 0.00  0.0    0  5.5 13 220   M    M   0        21  99
12  91  52  72   8   0   7 0.00  0.0    0  4.3 12  10   M    M   0        16 350
13  94  51  73   8   0   8 0.00  0.0    0  9.3 24 210   M    M   0 8      31 230
14  92  49  71   6   0   6 0.00  0.0    0 12.6 30 220   M    M   0        40 220
15  87  56  72   7   0   7 0.00  0.0    0 17.8 35 210   M    M   0        47 190
16  85  58  72   6   0   7 0.00  0.0    0 15.6 28 200   M    M   0        37 230
17  82  61  72   6   0   7 0.00  0.0    0 20.3 35 220   M    M   3        47 210
18  81  51  66   0   0   1 0.00  0.0    0 10.1 21 220   M    M   0        31 220
19  87  47  67   0   0   2 0.00  0.0    0  6.4 17 280   M    M   0        24 270
================================================================================
SM 1661  968         2  87  0.00     0.0 199.2          M        3
================================================================================
AV 87.4 51.0                              10.5 FASTST   M    M   0    MAX(MPH)
                                 MISC ---->  # 35 210               # 47  190
================================================================================
NOTES:
# LAST OF SEVERAL OCCURRENCES

COLUMN 17 PEAK WIND IN M.P.H.

PRELIMINARY LOCAL CLIMATOLOGICAL DATA (WS FORM: F-6) , PAGE 2

                                          STATION:  CEDAR CITY UT
                                          MONTH:    JUNE
                                          YEAR:     2018
                                          LATITUDE:   37 42 N
                                          LONGITUDE: 113  6 W

[TEMPERATURE DATA]      [PRECIPITATION DATA]       SYMBOLS USED IN COLUMN 16

AVERAGE MONTHLY: 69.2   TOTAL FOR MONTH:   0.00    1 = FOG OR MIST
DPTR FM NORMAL:   5.5   DPTR FM NORMAL:   -0.39    2 = FOG REDUCING VISIBILITY
HIGHEST:    94 ON 13    GRTST 24HR  0.00 ON 19-19      TO 1/4 MILE OR LESS
LOWEST:     42 ON  3, 2                            3 = THUNDER
                        SNOW, ICE PELLETS, HAIL    4 = ICE PELLETS
                        TOTAL MONTH:   0.0 INCH    5 = HAIL
                        GRTST 24HR     0.0         6 = FREEZING RAIN OR DRIZZLE
                        GRTST DEPTH:   0           7 = DUSTSTORM OR SANDSTORM:
                                                       VSBY 1/2 MILE OR LESS
                                                   8 = SMOKE OR HAZE
[NO. OF DAYS WITH]      [WEATHER - DAYS WITH]      9 = BLOWING SNOW
                                                   X = TORNADO
MAX 32 OR BELOW:   0    0.01 INCH OR MORE:   0
MAX 90 OR ABOVE:   5    0.10 INCH OR MORE:   0
MIN 32 OR BELOW:   0    0.50 INCH OR MORE:   0
MIN  0 OR BELOW:   0    1.00 INCH OR MORE:   0

[HDD (BASE 65) ]
TOTAL THIS MO.     2    CLEAR  (SCALE 0-3)  19
DPTR FM NORMAL   -65    PTCLDY (SCALE 4-7)   0
TOTAL FM JUL 1  5306    CLOUDY (SCALE 8-10)  0
DPTR FM NORMAL  -940

[CDD (BASE 65) ]
TOTAL THIS MO.    87
DPTR FM NORMAL    46    [PRESSURE DATA]
TOTAL FM JAN 1   103    HIGHEST SLP M ON M
DPTR FM NORMAL    54    LOWEST  SLP 29.52 ON 16

[REMARKS]
