204
CXUS53 KEAX 270736
CF6CDJ
PRELIMINARY LOCAL CLIMATOLOGICAL DATA (WS FORM: F-6)

                                          STATION:   CHILLICOTHE
                                          MONTH:     MAY
                                          YEAR:      2024
                                          LATITUDE:   39 49 N
                                          LONGITUDE:  93 35 W

  TEMPERATURE IN F:       :PCPN:    SNOW:  WIND      :SUNSHINE: SKY     :PK WND
================================================================================
1   2   3   4   5  6A  6B    7    8   9   10  11  12  13   14  15   16   17  18
                                     12Z  AVG MX 2MIN
DY MAX MIN AVG DEP HDD CDD  WTR  SNW DPTH SPD SPD DIR MIN PSBL S-S WX    SPD DR
================================================================================

 1  73  56  65   6   0   0 0.00    M    M  6.8 14 120   M    M   0        24 120
 2  70  57  64   4   1   0 1.68    M    M  4.6 17 180   M    M   0 3      29 180
 3  73  48  61   1   4   0 0.00    M    M  4.2 12  60   M    M   0        19  50
 4  67  48  58  -2   7   0 0.28    M    M  4.5 18 300   M    M   0        37 310
 5  68  46  57  -3   8   0 0.00    M    M  3.5 12  90   M    M   0        17 100
 6  75  58  67   6   0   2 0.22    M    M  6.9 17 160   M    M   0 3      32 280
 7   M   M   M   M   M   M 0.37    M    M  4.6 17  50   M    M   0 3      26  60
 8   M   M   M   M   M   M 0.00    M    M  3.7 17 130   M    M   0        30 130
 9   M   M   M   M   M   M 0.00    M    M  5.6 15 310   M    M   0        31 320
10  78   M   M   M   M   M 0.00    M    M  3.5 12 280   M    M   0        22 310
11  80  48  64   2   1   0 0.00    M    M  2.3 12 300   M    M   0        18 310
12  83  55  69   6   0   4 0.00    M    M  4.9 16 200   M    M   0        25 200
13  69  63  66   3   0   1 0.96    M    M  2.1 13 200   M    M   0        19 200
14  73  61  67   4   0   2 0.36    M    M  3.6 15  50   M    M   0        25  30
15  70  60  65   1   0   0 0.04    M    M  2.1  8 180   M    M   0        11 180
16  77  61  69   5   0   4 0.06    M    M  1.1  8 190   M    M   0        13 200
17  82  55  69   5   0   4 0.00    M    M  1.4  8 180   M    M   0        13 200
18  86  60  73   8   0   8 0.00    M    M  5.0 15 190   M    M   0        23 190
19  87  66  77  12   0  12 0.05    M    M  5.5 20 220   M    M   0        38 200
20  85  67  76  10   0  11 0.01    M    M  6.1 25 180   M    M   0        45 180
21  86  65  76  10   0  11 0.09    M    M 10.3 26 200   M    M   0 3      45 190
22  76  55  66   0   0   1 0.01    M    M  2.6  9 210   M    M   0        14 210
23  83  50  67   1   0   2 0.00    M    M  4.5 14 140   M    M   0        27 140
24  83  58  71   4   0   6 0.43    M    M  5.9 18 310   M    M   0        31 300
25  81  49  65  -2   0   0 0.01    M    M  5.2 13 140   M    M   0 3      23 120
26  81  62  72   4   0   7 0.30    M    M  3.7 14 300   M    M   0        24 160
================================================================================
SM 1786 1248        21  75  4.87    M    114.2          M        0
================================================================================
AV 77.7 56.7                               4.4 FASTST   M    M   0    MAX(MPH)
                                 MISC ---->    26 200               # 45 180
================================================================================
NOTES:
# LAST OF SEVERAL OCCURRENCES

COLUMN 17 PEAK WIND IN M.P.H.

PRELIMINARY LOCAL CLIMATOLOGICAL DATA (WS FORM: F-6) , PAGE 2

                                          STATION:   CHILLICOTHE
                                          MONTH:     MAY
                                          YEAR:      2024
                                          LATITUDE:   39 49 N
                                          LONGITUDE:  93 35 W

[TEMPERATURE DATA]      [PRECIPITATION DATA]       SYMBOLS USED IN COLUMN 16

AVERAGE MONTHLY: 67.2   TOTAL FOR MONTH:   4.87    1 = FOG OR MIST
DPTR FM NORMAL:   3.9   DPTR FM NORMAL:    0.38    2 = FOG REDUCING VISIBILITY
HIGHEST:    87 ON 19    GRTST 24HR  1.68 ON  2- 2      TO 1/4 MILE OR LESS
LOWEST:     46 ON  5                               3 = THUNDER
                        SNOW, ICE PELLETS, HAIL    4 = ICE PELLETS
                        TOTAL MONTH:  M            5 = HAIL
                        GRTST 24HR    M  ON   M    6 = FREEZING RAIN OR DRIZZLE
                        GRTST DEPTH:  M  ON   M    7 = DUSTSTORM OR SANDSTORM:
                                                       VSBY 1/2 MILE OR LESS
                                                   8 = SMOKE OR HAZE
[NO. OF DAYS WITH]      [WEATHER - DAYS WITH]      9 = BLOWING SNOW
                                                   X = TORNADO
MAX 32 OR BELOW:   0    0.01 INCH OR MORE:  15
MAX 90 OR ABOVE:   0    0.10 INCH OR MORE:   8
MIN 32 OR BELOW:   0    0.50 INCH OR MORE:   2
MIN  0 OR BELOW:   0    1.00 INCH OR MORE:   1

[HDD (BASE 65) ]
TOTAL THIS MO.    21    CLEAR  (SCALE 0-3)  26
DPTR FM NORMAL   -88    PTCLDY (SCALE 4-7)   0
TOTAL FM JUL 1  4319    CLOUDY (SCALE 8-10)  0
DPTR FM NORMAL  -962

[CDD (BASE 65) ]
TOTAL THIS MO.    75
DPTR FM NORMAL    11    [PRESSURE DATA]
TOTAL FM JAN 1   100    HIGHEST SLP M ON M
DPTR FM NORMAL    19    LOWEST  SLP 29.40 ON 21

[REMARKS]