000
CXUS55 KEAX 210736
CF6CDJ
PRELIMINARY LOCAL CLIMATOLOGICAL DATA (WS FORM: F-6)

                                          STATION:   CHILLICOTHE
                                          MONTH:     OCTOBER
                                          YEAR:      2019
                                          LATITUDE:   39 49 N
                                          LONGITUDE:  93 35 W

  TEMPERATURE IN F:       :PCPN:    SNOW:  WIND      :SUNSHINE: SKY     :PK WND
================================================================================
1   2   3   4   5  6A  6B    7    8   9   10  11  12  13   14  15   16   17  18
                                     12Z  AVG MX 2MIN
DY MAX MIN AVG DEP HDD CDD  WTR  SNW DPTH SPD SPD DIR MIN PSBL S-S WX    SPD DR
================================================================================

 1  88  70  79  19   0  14 0.00    M    M  6.6 16 180   M    M   0        25 200
 2  84  58  71  11   0   6 1.09    M    M  3.9 13 310   M    M   0        21 320
 3  62  50  56  -3   9   0 0.00    M    M  5.2 13 310   M    M   0        21 300
 4  61  47  54  -5  11   0 0.00    M    M  4.9 12  40   M    M   0        18  50
 5  70  49  60   1   5   0 0.30    M    M  4.7 14 190   M    M   0        20 140
 6  67  45  56  -2   9   0 0.00    M    M  0.2  8 310   M    M   0        14 310
 7  73  42  58   0   7   0 0.00    M    M  0.8  6 240   M    M   0        10 240
 8  71  43  57  -1   8   0 0.00    M    M  4.1 15 190   M    M   0        24 160
 9  62  50  56  -1   9   0 0.16    M    M  5.2 10 130   M    M   0        19 160
10  70  42  56  -1   9   0 0.62    M    M  7.9 15 310   M    M   0        28 300
11  49  34  42 -15  23   0 0.00    M    M  7.0 17 300   M    M   0        29 250
12  66  31  49  -7  16   0 0.00    M    M  6.0 21 200   M    M   0        31 220
13  64  34  49  -7  16   0 0.00    M    M  2.2 12 260   M    M   0        20 290
14  69  34  52  -4  13   0 0.00    M    M  4.2 12 130   M    M   0        19 140
15  66  45  56   1   9   0 0.01    M    M  6.9 16 300   M    M   0        26 300
16  54  37  46  -9  19   0 0.00    M    M  3.6 13 310   M    M   0        19 340
17  64  35  50  -5  15   0 0.00    M    M  4.0 12 140   M    M   0        21 130
18  71  47  59   5   6   0 0.00    M    M  7.4 17 180   M    M   0        30 180
19  64  43  54   0  11   0 0.09    M    M  1.2  7 200   M    M   0        11 200
20  64  41  53  -1  12   0 0.05    M    M  4.8 15 120   M    M   0        26 140
================================================================================
SM 1339  877       207  20  2.32    M     90.8          M        0
================================================================================
AV 67.0 43.9                               4.5 FASTST   M    M   0    MAX(MPH)
                                 MISC ---->  # 21 200               # 31  220
================================================================================
NOTES:
# LAST OF SEVERAL OCCURRENCES

COLUMN 17 PEAK WIND IN M.P.H.

PRELIMINARY LOCAL CLIMATOLOGICAL DATA (WS FORM: F-6) , PAGE 2

                                          STATION:  CHILLICOTHE
                                          MONTH:    OCTOBER
                                          YEAR:     2019
                                          LATITUDE:   39 49 N
                                          LONGITUDE:  93 35 W

[TEMPERATURE DATA]      [PRECIPITATION DATA]       SYMBOLS USED IN COLUMN 16

AVERAGE MONTHLY: 55.4   TOTAL FOR MONTH:   2.32    1 = FOG OR MIST
DPTR FM NORMAL:  -1.5   DPTR FM NORMAL:    0.01    2 = FOG REDUCING VISIBILITY
HIGHEST:    88 ON  1    GRTST 24HR  1.09 ON  2- 2      TO 1/4 MILE OR LESS
LOWEST:     31 ON 12                               3 = THUNDER
                        SNOW, ICE PELLETS, HAIL    4 = ICE PELLETS
                        TOTAL MONTH:    M          5 = HAIL
                        GRTST 24HR    M  ON   M    6 = FREEZING RAIN OR DRIZZLE
                        GRTST DEPTH:  M  ON   M    7 = DUSTSTORM OR SANDSTORM:
                                                       VSBY 1/2 MILE OR LESS
                                                   8 = SMOKE OR HAZE
[NO. OF DAYS WITH]      [WEATHER - DAYS WITH]      9 = BLOWING SNOW
                                                   X = TORNADO
MAX 32 OR BELOW:   0    0.01 INCH OR MORE:   7
MAX 90 OR ABOVE:   0    0.10 INCH OR MORE:   4
MIN 32 OR BELOW:   1    0.50 INCH OR MORE:   2
MIN  0 OR BELOW:   0    1.00 INCH OR MORE:   1

[HDD (BASE 65) ]
TOTAL THIS MO.   207    CLEAR  (SCALE 0-3)  20
DPTR FM NORMAL    26    PTCLDY (SCALE 4-7)   0
TOTAL FM JUL 1   209    CLOUDY (SCALE 8-10)  0
DPTR FM NORMAL   -56

[CDD (BASE 65) ]
TOTAL THIS MO.    20
DPTR FM NORMAL     6    [PRESSURE DATA]
TOTAL FM JAN 1  1437    HIGHEST SLP  0.00 ON M
DPTR FM NORMAL   318    LOWEST  SLP  0.00 ON M

[REMARKS]
