000
CXUS54 KLUB 190755
CF6CDS
PRELIMINARY LOCAL CLIMATOLOGICAL DATA (WS FORM: F-6)

                                          STATION:   CHILDRESS
                                          MONTH:     FEBRUARY
                                          YEAR:      2018
                                          LATITUDE:   34 25 N
                                          LONGITUDE: 100 17 W

  TEMPERATURE IN F:       :PCPN:    SNOW:  WIND      :SUNSHINE: SKY     :PK WND
================================================================================
1   2   3   4   5  6A  6B    7    8   9   10  11  12  13   14  15   16   17  18
                                     12Z  AVG MX 2MIN
DY MAX MIN AVG DEP HDD CDD  WTR  SNW DPTH SPD SPD DIR MIN PSBL S-S WX    SPD DR
================================================================================

 1  54  33  44   1  21   0 0.00  0.0    0 13.9 26  20   M    M   0        31  30
 2  53  28  41  -2  24   0 0.00  0.0    0  8.4 20 170   M    M   0        24 180
 3  62  29  46   3  19   0 0.00  0.0    0  8.1 17 160   M    M   0        22 170
 4  53  21  37  -6  28   0 0.00  0.0    0 11.8 30  30   M    M   1        39  20
 5  67  16  42  -1  23   0 0.00  0.0    0  9.2 25 190   M    M   1        31 200
 6  35  21  28 -15  37   0 0.00  0.0    0  8.7 21  50   M    M   5        29  50
 7  48  18  33 -10  32   0 0.00  0.0    0  6.7 16  10   M    M   1        19  20
 8  65  24  45   1  20   0 0.00  0.0    0 10.8 24 180   M    M   0        31 180
 9  62  31  47   3  18   0 0.00  0.0    0 12.2 23 360   M    M   0        31 360
10  33  19  26 -18  39   0 0.00  0.0    0 13.6 29  10   M    M   1        37  10
11  45  18  32 -12  33   0 0.00  0.0    0  9.6 18 350   M    M   1        23 350
12  46  15  31 -13  34   0 0.00  0.0    0  8.4 15 130   M    M   1        20 140
13  57  24  41  -4  24   0 0.00  0.0    0  7.4 18 190   M    M   3 8      23 190
14  86  34  60  15   5   0 0.00  0.0    0 10.7 22 200   M    M   0 1      29 200
15  84  57  71  26   0   6 0.00  0.0    0 10.9 23 310   M    M   3        28 300
16  70  36  53   8  12   0    T    M    0 13.5 33  10   M    M   8        41  10
17  61  35  48   2  17   0 0.16    M    0  8.7 24  20   M    M   1 1      33  20
18  81  35  58  12   7   0 0.00  0.0    0 16.2 35 200   M    M   2        42 200
================================================================================
SM 1062  494       393   6  0.16     0.0 188.8          M       28
================================================================================
AV 59.0 27.4                              10.5 FASTST   M    M   2    MAX(MPH)
                                 MISC ---->  # 35 200               # 42  200
================================================================================
NOTES:
# LAST OF SEVERAL OCCURRENCES

COLUMN 17 PEAK WIND IN M.P.H.

PRELIMINARY LOCAL CLIMATOLOGICAL DATA (WS FORM: F-6) , PAGE 2

                                          STATION:  CHILDRESS
                                          MONTH:    FEBRUARY
                                          YEAR:     2018
                                          LATITUDE:   34 25 N
                                          LONGITUDE: 100 17 W

[TEMPERATURE DATA]      [PRECIPITATION DATA]       SYMBOLS USED IN COLUMN 16

AVERAGE MONTHLY: 43.2   TOTAL FOR MONTH:   0.16    1 = FOG OR MIST
DPTR FM NORMAL:  -0.8   DPTR FM NORMAL:   -0.50    2 = FOG REDUCING VISIBILITY
HIGHEST:    86 ON 14    GRTST 24HR  0.16 ON 17-17      TO 1/4 MILE OR LESS
LOWEST:     15 ON 12                               3 = THUNDER
                        SNOW, ICE PELLETS, HAIL    4 = ICE PELLETS
                        TOTAL MONTH:   0.0 INCH    5 = HAIL
                        GRTST 24HR     0.0         6 = FREEZING RAIN OR DRIZZLE
                        GRTST DEPTH:   0           7 = DUSTSTORM OR SANDSTORM:
                                                       VSBY 1/2 MILE OR LESS
                                                   8 = SMOKE OR HAZE
[NO. OF DAYS WITH]      [WEATHER - DAYS WITH]      9 = BLOWING SNOW
                                                   X = TORNADO
MAX 32 OR BELOW:   0    0.01 INCH OR MORE:   1
MAX 90 OR ABOVE:   0    0.10 INCH OR MORE:   1
MIN 32 OR BELOW:  12    0.50 INCH OR MORE:   0
MIN  0 OR BELOW:   0    1.00 INCH OR MORE:   0

[HDD (BASE 65) ]
TOTAL THIS MO.   393    CLEAR  (SCALE 0-3)  16
DPTR FM NORMAL    15    PTCLDY (SCALE 4-7)   2
TOTAL FM JUL 1  2260    CLOUDY (SCALE 8-10)  0
DPTR FM NORMAL  -121

[CDD (BASE 65) ]
TOTAL THIS MO.     6
DPTR FM NORMAL     6    [PRESSURE DATA]
TOTAL FM JAN 1     6    HIGHEST SLP M ON M
DPTR FM NORMAL     6    LOWEST  SLP 29.63 ON 18

[REMARKS]
