000
CXUS54 KLUB 230755
CF6CDS
PRELIMINARY LOCAL CLIMATOLOGICAL DATA (WS FORM: F-6)

                                          STATION:   CHILDRESS
                                          MONTH:     SEPTEMBER
                                          YEAR:      2018
                                          LATITUDE:   34 25 N
                                          LONGITUDE: 100 17 W

  TEMPERATURE IN F:       :PCPN:    SNOW:  WIND      :SUNSHINE: SKY     :PK WND
================================================================================
1   2   3   4   5  6A  6B    7    8   9   10  11  12  13   14  15   16   17  18
                                     12Z  AVG MX 2MIN
DY MAX MIN AVG DEP HDD CDD  WTR  SNW DPTH SPD SPD DIR MIN PSBL S-S WX    SPD DR
================================================================================

 1  96  72  84   5   0  19 0.00  0.0    0 10.5 20 140   M    M   1        26 140
 2  95  71  83   4   0  18    T  0.0    0  8.4 30 140   M    M   1 8      42 130
 3  83  71  77  -2   0  12    T  0.0    0  6.8 15 130   M    M   2 3      19 130
 4  86  69  78   0   0  13 0.00  0.0    0  9.5 20 160   M    M   2        26 140
 5  90  69  80   2   0  15    T  0.0    0  5.3 25 150   M    M   5 123    33 140
 6  88  68  78   0   0  13    T  0.0    0  8.1 17 360   M    M   5        21 350
 7  77  70  74  -4   0   9 0.08  0.0    0  9.0 16  10   M    M  10        19  10
 8  81  66  74  -3   0   9 0.04  0.0    0  8.3 17  50   M    M   8 1      22  50
 9  81  64  73  -4   0   8 0.00  0.0    0  5.3 10 130   M    M   5        16 140
10  83  62  73  -3   0   8 0.00  0.0    0  6.3 13 130   M    M   5        21 130
11  85  59  72  -4   0   7 0.00  0.0    0  7.2 16 130   M    M   0        20 150
12  87  65  76   0   0  11 0.00  0.0    0 10.4 17 150   M    M   5        26 150
13  91  68  80   5   0  15 0.00  0.0    0 10.5 20 180   M    M   3 128    25 160
14  91  67  79   4   0  14 0.00  0.0    0  9.8 16 130   M    M   1        21 160
15  79  68  74   0   0   9 0.40  0.0    0  4.5 14 130   M    M   4 1      20 120
16  90  70  80   6   0  15 0.00  0.0    0  4.3 13 160   M    M   1 1      18 200
17  91  70  81   7   0  16 0.00  0.0    0  8.0 17 190   M    M   0 1      23 170
18  92  68  80   7   0  15 0.00  0.0    0 11.1 21 210   M    M   2        27 200
19  92  68  80   7   0  15 0.00  0.0    0 12.7 22 170   M    M   1        31 200
20  92  69  81   8   0  16 0.00  0.0    0 15.0 25 150   M    M   2        33 150
21  73  60  67  -5   0   2 0.91  0.0    0 14.3 33  50   M    M   9 1      45  40
22  80  55  68  -4   0   3 0.00  0.0    0 13.1 22 360   M    M   2        27  40
================================================================================
SM 1903 1469         0 262  1.43     0.0 198.4          M       74
================================================================================
AV 86.5 66.8                               9.0 FASTST   M    M   3    MAX(MPH)
                                 MISC ---->  # 33  50               # 45   40
================================================================================
NOTES:
# LAST OF SEVERAL OCCURRENCES

COLUMN 17 PEAK WIND IN M.P.H.

PRELIMINARY LOCAL CLIMATOLOGICAL DATA (WS FORM: F-6) , PAGE 2

                                          STATION:  CHILDRESS
                                          MONTH:    SEPTEMBER
                                          YEAR:     2018
                                          LATITUDE:   34 25 N
                                          LONGITUDE: 100 17 W

[TEMPERATURE DATA]      [PRECIPITATION DATA]       SYMBOLS USED IN COLUMN 16

AVERAGE MONTHLY: 76.6   TOTAL FOR MONTH:   1.43    1 = FOG OR MIST
DPTR FM NORMAL:   0.9   DPTR FM NORMAL:   -0.41    2 = FOG REDUCING VISIBILITY
HIGHEST:    96 ON  1    GRTST 24HR  0.91 ON 21-21      TO 1/4 MILE OR LESS
LOWEST:     55 ON 22                               3 = THUNDER
                        SNOW, ICE PELLETS, HAIL    4 = ICE PELLETS
                        TOTAL MONTH:   0.0 INCH    5 = HAIL
                        GRTST 24HR     0.0         6 = FREEZING RAIN OR DRIZZLE
                        GRTST DEPTH:   0           7 = DUSTSTORM OR SANDSTORM:
                                                       VSBY 1/2 MILE OR LESS
                                                   8 = SMOKE OR HAZE
[NO. OF DAYS WITH]      [WEATHER - DAYS WITH]      9 = BLOWING SNOW
                                                   X = TORNADO
MAX 32 OR BELOW:   0    0.01 INCH OR MORE:   4
MAX 90 OR ABOVE:  10    0.10 INCH OR MORE:   2
MIN 32 OR BELOW:   0    0.50 INCH OR MORE:   1
MIN  0 OR BELOW:   0    1.00 INCH OR MORE:   0

[HDD (BASE 65) ]
TOTAL THIS MO.     0    CLEAR  (SCALE 0-3)  13
DPTR FM NORMAL    -6    PTCLDY (SCALE 4-7)   7
TOTAL FM JUL 1     0    CLOUDY (SCALE 8-10)  2
DPTR FM NORMAL    -6

[CDD (BASE 65) ]
TOTAL THIS MO.   262
DPTR FM NORMAL    18    [PRESSURE DATA]
TOTAL FM JAN 1  2545    HIGHEST SLP M ON M
DPTR FM NORMAL   470    LOWEST  SLP 29.72 ON 20

[REMARKS]
