000
CXUS54 KLUB 210755
CF6CDS
PRELIMINARY LOCAL CLIMATOLOGICAL DATA (WS FORM: F-6)

                                          STATION:   CHILDRESS
                                          MONTH:     OCTOBER
                                          YEAR:      2019
                                          LATITUDE:   34 25 N
                                          LONGITUDE: 100 17 W

  TEMPERATURE IN F:       :PCPN:    SNOW:  WIND      :SUNSHINE: SKY     :PK WND
================================================================================
1   2   3   4   5  6A  6B    7    8   9   10  11  12  13   14  15   16   17  18
                                     12Z  AVG MX 2MIN
DY MAX MIN AVG DEP HDD CDD  WTR  SNW DPTH SPD SPD DIR MIN PSBL S-S WX    SPD DR
================================================================================

 1  88  72  80  12   0  15 0.00  0.0    0 11.9 26 180   M    M   5        33 190
 2  87  73  80  12   0  15 0.00  0.0    0  9.2 21 220   M    M   6        27 210
 3  76  57  67  -1   0   2    T  0.0    0 12.2 22 360   M    M   7        25  20
 4  77  55  66  -1   0   1 0.00  0.0    0  6.0 16  10   M    M   7 1      19  20
 5  91  65  78  11   0  13 0.00  0.0    0  8.7 20  10   M    M   3        25  40
 6  80  54  67   1   0   2 0.00  0.0    0 10.7 25  20   M    M   1        34  10
 7  73  44  59  -7   6   0 0.00  0.0    0  5.3  9  20   M    M   0        13 150
 8  80  48  64  -2   1   0    T  0.0    0 12.1 22 190   M    M   0        29 150
 9  90  60  75  10   0  10 0.04  0.0    0 12.3 23 200   M    M   1 38     28 200
10  71  43  57  -8   8   0 0.00    M    0 16.9 32  10   M    M   0        39 360
11  58  35  47 -18  18   0 0.00  0.0    0 12.5 26  10   M    M   0        36  20
12  70  33  52 -12  13   0 0.00  0.0    0 10.6 23 190   M    M   0        33 200
13  83  43  63  -1   2   0 0.00  0.0    0  7.4 14 190   M    M   0        17 200
14  88  48  68   4   0   3 0.00  0.0    0  7.7 16 190   M    M   0        20 170
15  76  52  64   1   1   0 0.00  0.0    0 12.8 26  10   M    M   0        34  10
16  70  42  56  -7   9   0 0.00  0.0    0  6.9 14 190   M    M   0        17 170
17  81  43  62  -1   3   0 0.00  0.0    0 11.0 21 190   M    M   0        30 170
18  88  50  69   7   0   4    T  0.0    0 12.0 23 190   M    M   2 3      31 220
19  77  54  66   4   0   1 0.00  0.0    0 11.7 26 360   M    M   0        31 360
20  87  46  67   5   0   2 0.00  0.0    0 12.6 28 350   M    M   0        35 350
================================================================================
SM 1591 1017        61  68  0.04     0.0 210.5          M       32
================================================================================
AV 79.6 50.9                              10.5 FASTST   M    M   2    MAX(MPH)
                                 MISC ---->  # 32  10               # 39  360
================================================================================
NOTES:
# LAST OF SEVERAL OCCURRENCES

COLUMN 17 PEAK WIND IN M.P.H.

PRELIMINARY LOCAL CLIMATOLOGICAL DATA (WS FORM: F-6) , PAGE 2

                                          STATION:  CHILDRESS
                                          MONTH:    OCTOBER
                                          YEAR:     2019
                                          LATITUDE:   34 25 N
                                          LONGITUDE: 100 17 W

[TEMPERATURE DATA]      [PRECIPITATION DATA]       SYMBOLS USED IN COLUMN 16

AVERAGE MONTHLY: 65.2   TOTAL FOR MONTH:   0.04    1 = FOG OR MIST
DPTR FM NORMAL:   0.3   DPTR FM NORMAL:   -1.48    2 = FOG REDUCING VISIBILITY
HIGHEST:    91 ON  5    GRTST 24HR  0.04 ON  9- 9      TO 1/4 MILE OR LESS
LOWEST:     33 ON 12                               3 = THUNDER
                        SNOW, ICE PELLETS, HAIL    4 = ICE PELLETS
                        TOTAL MONTH:   0.0 INCH    5 = HAIL
                        GRTST 24HR     0.0         6 = FREEZING RAIN OR DRIZZLE
                        GRTST DEPTH:   0           7 = DUSTSTORM OR SANDSTORM:
                                                       VSBY 1/2 MILE OR LESS
                                                   8 = SMOKE OR HAZE
[NO. OF DAYS WITH]      [WEATHER - DAYS WITH]      9 = BLOWING SNOW
                                                   X = TORNADO
MAX 32 OR BELOW:   0    0.01 INCH OR MORE:   1
MAX 90 OR ABOVE:   2    0.10 INCH OR MORE:   0
MIN 32 OR BELOW:   0    0.50 INCH OR MORE:   0
MIN  0 OR BELOW:   0    1.00 INCH OR MORE:   0

[HDD (BASE 65) ]
TOTAL THIS MO.    61    CLEAR  (SCALE 0-3)  16
DPTR FM NORMAL    -4    PTCLDY (SCALE 4-7)   4
TOTAL FM JUL 1    61    CLOUDY (SCALE 8-10)  0
DPTR FM NORMAL   -21

[CDD (BASE 65) ]
TOTAL THIS MO.    68
DPTR FM NORMAL     5    [PRESSURE DATA]
TOTAL FM JAN 1  2393    HIGHEST SLP M ON M
DPTR FM NORMAL   206    LOWEST  SLP 29.51 ON 18

[REMARKS]
