000
CXUS51 KLWX 290600
CF6CHO
PRELIMINARY LOCAL CLIMATOLOGICAL DATA (WS FORM: F-6)

                                          STATION:   CHARLOTTESVILLE VA
                                          MONTH:     MAY
                                          YEAR:      2020
                                          LATITUDE:   38  7 N
                                          LONGITUDE:  78 27 W

  TEMPERATURE IN F:       :PCPN:    SNOW:  WIND      :SUNSHINE: SKY     :PK WND
================================================================================
1   2   3   4   5  6A  6B    7    8   9   10  11  12  13   14  15   16   17  18
                                     12Z  AVG MX 2MIN
DY MAX MIN AVG DEP HDD CDD  WTR  SNW DPTH SPD SPD DIR MIN PSBL S-S WX    SPD DR
================================================================================

 1  67  51  59   0   6   0 0.00    M    M  4.6 14 330   M    M   9        20 330
 2  74  52  63   3   2   0 0.00    M    M  5.2 16 160   M    M   0        22 160
 3  85  56  71  11   0   6 0.27    M    M  5.6 12 360   M    M   3 13     16 360
 4  80  54  67   7   0   2 0.04    M    M  5.8 15 330   M    M   1 1      28 310
 5  59  48  54  -6  11   0 0.06    M    M  3.8 12  50   M    M   7 1      17  70
 6  65  50  58  -2   7   0 0.01    M    M  6.8 22 330   M    M   9 12     31 320
 7  70  43  57  -4   8   0 0.00    M    M  5.5 13 350   M    M   1        22 290
 8  67  43  55  -6  10   0 0.10    M    M  8.4 21 210   M    M   5        29 210
 9  56  35  46 -15  19   0 0.00    M    M  6.0 20 320   M    M   2        28 320
10  67  32  50 -12  15   0 0.00    M    M  7.4 22 200   M    M   0        26 200
11  62  46  54  -8  11   0    T    M    M  7.5 18 310   M    M   4        29 300
12  65  43  54  -8  11   0 0.00    M    M  3.5 13 320   M    M   5        17 300
13  71  39  55  -7  10   0 0.00    M    M  4.7 15 180   M    M   0        21 170
14  79  46  63   1   2   0 0.06    M    M  4.9 15 200   M    M   5 1      19 190
15  87  60  74  11   0   9 0.00    M    M  9.2 23 200   M    M   0        31 210
16  85  61  73  10   0   8 0.00    M    M  6.0 14  60   M    M   5        18  30
17  70  64  67   4   0   2 0.01    M    M  6.6 14  40   M    M  10 18     16  40
18  67  60  64   0   1   0 0.06    M    M  8.7 15  40   M    M  10 18     19  50
19  63  53  58  -6   7   0 0.01    M    M 11.1 21  60   M    M  10        30  50
20  59  53  56  -8   9   0 0.03    M    M 13.6 21  40   M    M  10 18     30  50
21  61  51  56  -8   9   0 0.69    M    M  9.5 16  40   M    M  10 1      22  40
22  79  61  70   5   0   5 0.71    M    M  4.9 13  40   M    M   8 1      16  50
23  85  64  75  10   0  10    T    M    M  3.1 10 340   M    M   5 12     13 330
24  73  61  67   2   0   2 0.00    M    M  5.8 13  70   M    M   8 1      16  30
25  77  61  69   3   0   4 0.00    M    M  1.6  7 140   M    M   9 1       9 120
26  82  64  73   7   0   8 0.00    M    M  2.6 12 130   M    M   6 1      16 120
27  77  67  72   6   0   7 0.03    M    M  4.3  9  70   M    M   9 1      12  70
28  85  71  78  11   0  13 0.20    M    M 11.1 18 190   M    M   7 1      24 140
================================================================================
SM 2017 1489       138  76  2.28    M    177.8          M      158
================================================================================
AV 72.0 53.2                               6.4 FASTST   M    M   6    MAX(MPH)
                                 MISC ---->    23 200               # 31 320
================================================================================
NOTES:
# LAST OF SEVERAL OCCURRENCES

COLUMN 17 PEAK WIND IN M.P.H.

PRELIMINARY LOCAL CLIMATOLOGICAL DATA (WS FORM: F-6) , PAGE 2

                                          STATION:   CHARLOTTESVILLE VA
                                          MONTH:     MAY
                                          YEAR:      2020
                                          LATITUDE:   38  7 N
                                          LONGITUDE:  78 27 W

[TEMPERATURE DATA]      [PRECIPITATION DATA]       SYMBOLS USED IN COLUMN 16

AVERAGE MONTHLY: 62.6   TOTAL FOR MONTH:   2.28    1 = FOG OR MIST
DPTR FM NORMAL:  -0.1   DPTR FM NORMAL:   -1.24    2 = FOG REDUCING VISIBILITY
HIGHEST:    87 ON 15    GRTST 24HR  1.40 ON 21-22      TO 1/4 MILE OR LESS
LOWEST:     32 ON 10                               3 = THUNDER
                        SNOW, ICE PELLETS, HAIL    4 = ICE PELLETS
                        TOTAL MONTH:  M            5 = HAIL
                        GRTST 24HR    M  ON   M    6 = FREEZING RAIN OR DRIZZLE
                        GRTST DEPTH:  M  ON   M    7 = DUSTSTORM OR SANDSTORM:
                                                       VSBY 1/2 MILE OR LESS
                                                   8 = SMOKE OR HAZE
[NO. OF DAYS WITH]      [WEATHER - DAYS WITH]      9 = BLOWING SNOW
                                                   X = TORNADO
MAX 32 OR BELOW:   0    0.01 INCH OR MORE:  14
MAX 90 OR ABOVE:   0    0.10 INCH OR MORE:   5
MIN 32 OR BELOW:   1    0.50 INCH OR MORE:   2
MIN  0 OR BELOW:   0    1.00 INCH OR MORE:   0

[HDD (BASE 65) ]
TOTAL THIS MO.   138    CLEAR  (SCALE 0-3)   7
DPTR FM NORMAL    22    PTCLDY (SCALE 4-7)  12
TOTAL FM JUL 1  3366    CLOUDY (SCALE 8-10)  9
DPTR FM NORMAL -1062

[CDD (BASE 65) ]
TOTAL THIS MO.    76
DPTR FM NORMAL    23    [PRESSURE DATA]
TOTAL FM JAN 1   104    HIGHEST SLP M ON M
DPTR FM NORMAL    30    LOWEST  SLP 29.62 ON  8

[REMARKS]
