000
CXUS51 KLWX 160620
CF6CHO
PRELIMINARY LOCAL CLIMATOLOGICAL DATA (WS FORM: F-6)

                                          STATION:   CHARLOTTESVILLE VA
                                          MONTH:     JANUARY
                                          YEAR:      2019
                                          LATITUDE:   38  7 N
                                          LONGITUDE:  78 27 W

  TEMPERATURE IN F:       :PCPN:    SNOW:  WIND      :SUNSHINE: SKY     :PK WND
================================================================================
1   2   3   4   5  6A  6B    7    8   9   10  11  12  13   14  15   16   17  18
                                     12Z  AVG MX 2MIN
DY MAX MIN AVG DEP HDD CDD  WTR  SNW DPTH SPD SPD DIR MIN PSBL S-S WX    SPD DR
================================================================================

 1  65  47  56  21   9   0 0.00    M    M  8.2 18 190   M    M   0 1      23 190
 2  48  42  45  10  20   0    T    M    M  2.9 12 170   M    M   8        15 180
 3  53  39  46  11  19   0 0.00    M    M  3.0 16 190   M    M   3        20 190
 4  46  37  42   7  23   0 0.21    M    M  3.2 10  30   M    M   9 18     14  20
 5  60  44  52  17  13   0 0.06    M    M  4.3 16 310   M    M   6 1      25 310
 6  64  41  53  18  12   0 0.00    M    M  5.0  9 300   M    M   0        14 330
 7  44  36  40   5  25   0    T    M    M  4.4 10 160   M    M   0        15  40
 8  65  38  52  17  13   0 0.02    M    M  8.8 18 290   M    M   5        31 290
 9  55  32  44   9  21   0 0.00    M    M  8.1 17 300   M    M   6        28 340
10  36  28  32  -3  33   0 0.00    M    M  9.1 21 320   M    M   3        34 340
11  42  27  35   0  30   0 0.00    M    M  5.0 16 320   M    M   0        22 330
12  36  28  32  -3  33   0 0.08    M    M  1.5  8 200   M    M   8 18     10 180
13  32  30  31  -4  34   0    M    M    M  7.2 15  30   M    M  10 18     21  30
14  36  29  33  -2  32   0 0.00    M    M  2.8 15  30   M    M  10 8      18  40
15  44  29  37   2  28   0 0.00    M    M  1.3  7 280   M    M   2 18     10 270
================================================================================
SM  726  527       345   0  0.37    M     74.8          M       70
================================================================================
AV 48.4 35.1                               5.0 FASTST   M    M   5    MAX(MPH)
                                 MISC ---->  # 21 320               # 34  340
================================================================================
NOTES:
# LAST OF SEVERAL OCCURRENCES

COLUMN 17 PEAK WIND IN M.P.H.

PRELIMINARY LOCAL CLIMATOLOGICAL DATA (WS FORM: F-6) , PAGE 2

                                          STATION:  CHARLOTTESVILLE VA
                                          MONTH:    JANUARY
                                          YEAR:     2019
                                          LATITUDE:   38  7 N
                                          LONGITUDE:  78 27 W

[TEMPERATURE DATA]      [PRECIPITATION DATA]       SYMBOLS USED IN COLUMN 16

AVERAGE MONTHLY: 41.8   TOTAL FOR MONTH:   0.37    1 = FOG OR MIST
DPTR FM NORMAL:   6.8   DPTR FM NORMAL:   -1.01    2 = FOG REDUCING VISIBILITY
HIGHEST:    65 ON  8, 1 GRTST 24HR  0.21 ON  4- 4      TO 1/4 MILE OR LESS
LOWEST:     27 ON 11                               3 = THUNDER
                        SNOW, ICE PELLETS, HAIL    4 = ICE PELLETS
                        TOTAL MONTH:    M          5 = HAIL
                        GRTST 24HR    M  ON   M    6 = FREEZING RAIN OR DRIZZLE
                        GRTST DEPTH:  M  ON   M    7 = DUSTSTORM OR SANDSTORM:
                                                       VSBY 1/2 MILE OR LESS
                                                   8 = SMOKE OR HAZE
[NO. OF DAYS WITH]      [WEATHER - DAYS WITH]      9 = BLOWING SNOW
                                                   X = TORNADO
MAX 32 OR BELOW:   1    0.01 INCH OR MORE:   4
MAX 90 OR ABOVE:   0    0.10 INCH OR MORE:   1
MIN 32 OR BELOW:   7    0.50 INCH OR MORE:   0
MIN  0 OR BELOW:   0    1.00 INCH OR MORE:   0

[HDD (BASE 65) ]
TOTAL THIS MO.   345    CLEAR  (SCALE 0-3)   7
DPTR FM NORMAL  -105    PTCLDY (SCALE 4-7)   3
TOTAL FM JUL 1  1873    CLOUDY (SCALE 8-10)  5
DPTR FM NORMAL  -313

[CDD (BASE 65) ]
TOTAL THIS MO.     0
DPTR FM NORMAL     0    [PRESSURE DATA]
TOTAL FM JAN 1     0    HIGHEST SLP M ON M
DPTR FM NORMAL     0    LOWEST  SLP 29.47 ON  5

[REMARKS]
