000
CXUS52 KCHS 200715
CF6CHS
PRELIMINARY LOCAL CLIMATOLOGICAL DATA (WS FORM: F-6)

                                          STATION:   NORTH CHARLESTON SC
                                          MONTH:     JUNE
                                          YEAR:      2018
                                          LATITUDE:   32 54 N
                                          LONGITUDE:  80  2 W

  TEMPERATURE IN F:       :PCPN:    SNOW:  WIND      :SUNSHINE: SKY     :PK WND
================================================================================
1   2   3   4   5  6A  6B    7    8   9   10  11  12  13   14  15   16   17  18
                                     12Z  AVG MX 2MIN
DY MAX MIN AVG DEP HDD CDD  WTR  SNW DPTH SPD SPD DIR MIN PSBL S-S WX    SPD DR
================================================================================

 1  93  74  84   8   0  19 0.00  0.0    0  8.1 18 290   M    M   4        24 300
 2  92  70  81   4   0  16 0.83  0.0    0  8.1 35 240   M    M   4 13     46 240
 3  92  71  82   5   0  17 0.00  0.0    0  6.6 14 260   M    M   6        16 220
 4  92  74  83   6   0  18 0.00  0.0    0  6.0 15  10   M    M   3        20  20
 5  88  71  80   3   0  15 0.00  0.0    0  3.7 12 260   M    M   6 1      14 330
 6  89  70  80   3   0  15 0.00  0.0    0  5.3 15 170   M    M   5 1      19 170
 7  89  72  81   3   0  16 0.00  0.0    0  6.3 16 130   M    M   3        19 130
 8  84  71  78   0   0  13 0.41  0.0    0  5.8 15  40   M    M   5 13     19 130
 9  82  72  77  -1   0  12 1.18  0.0    0  4.3 15  50   M    M   7 13     18  60
10  89  71  80   2   0  15 0.00  0.0    0  6.0 16 190   M    M   7 123    19 180
11  92  74  83   5   0  18    T  0.0    0  9.4 21 260   M    M   4 3      27 260
12  84  72  78   0   0  13    T  0.0    0  6.7 15 360   M    M   8 3      20 350
13  88  72  80   1   0  15 0.00  0.0    0  4.0 18 220   M    M   6 1      22 220
14  92  73  83   4   0  18 0.11  0.0    0  6.6 28 220   M    M   4 138    33 210
15  93  73  83   4   0  18 0.04  0.0    0  6.7 18 350   M    M   4 13     26 310
16  90  72  81   2   0  16 0.00  0.0    0  5.6 16 120   M    M   6        23 100
17  91  75  83   4   0  18 0.00  0.0    0  5.7 14 150   M    M   4 1      18 130
18  92  74  83   3   0  18 0.00  0.0    0  6.9 17 200   M    M   5        20 190
19  94  77  86   6   0  21 0.00  0.0    0  8.5 16 210   M    M   3        20 220
================================================================================
SM 1706 1378         0 311  2.57     0.0 120.3          M       94
================================================================================
AV 89.8 72.5                               6.3 FASTST   M    M   5    MAX(MPH)
                                 MISC ---->  # 35 240               # 46  240
================================================================================
NOTES:
# LAST OF SEVERAL OCCURRENCES

COLUMN 17 PEAK WIND IN M.P.H.

PRELIMINARY LOCAL CLIMATOLOGICAL DATA (WS FORM: F-6) , PAGE 2

                                          STATION:  NORTH CHARLESTON SC
                                          MONTH:    JUNE
                                          YEAR:     2018
                                          LATITUDE:   32 54 N
                                          LONGITUDE:  80  2 W

[TEMPERATURE DATA]      [PRECIPITATION DATA]       SYMBOLS USED IN COLUMN 16

AVERAGE MONTHLY: 81.2   TOTAL FOR MONTH:   2.57    1 = FOG OR MIST
DPTR FM NORMAL:   3.1   DPTR FM NORMAL:   -0.77    2 = FOG REDUCING VISIBILITY
HIGHEST:    94 ON 19    GRTST 24HR  1.55 ON 31- 1      TO 1/4 MILE OR LESS
LOWEST:     70 ON  6, 2                            3 = THUNDER
                        SNOW, ICE PELLETS, HAIL    4 = ICE PELLETS
                        TOTAL MONTH:   0.0 INCH    5 = HAIL
                        GRTST 24HR     0.0         6 = FREEZING RAIN OR DRIZZLE
                        GRTST DEPTH:   0           7 = DUSTSTORM OR SANDSTORM:
                                                       VSBY 1/2 MILE OR LESS
                                                   8 = SMOKE OR HAZE
[NO. OF DAYS WITH]      [WEATHER - DAYS WITH]      9 = BLOWING SNOW
                                                   X = TORNADO
MAX 32 OR BELOW:   0    0.01 INCH OR MORE:   5
MAX 90 OR ABOVE:  11    0.10 INCH OR MORE:   4
MIN 32 OR BELOW:   0    0.50 INCH OR MORE:   2
MIN  0 OR BELOW:   0    1.00 INCH OR MORE:   1

[HDD (BASE 65) ]
TOTAL THIS MO.     0    CLEAR  (SCALE 0-3)   3
DPTR FM NORMAL     0    PTCLDY (SCALE 4-7)  16
TOTAL FM JUL 1  1826    CLOUDY (SCALE 8-10)  0
DPTR FM NORMAL  -149

[CDD (BASE 65) ]
TOTAL THIS MO.   311
DPTR FM NORMAL    61    [PRESSURE DATA]
TOTAL FM JAN 1   817    HIGHEST SLP M ON M
DPTR FM NORMAL   205    LOWEST  SLP 29.77 ON  2

[REMARKS]
