000
CXUS52 KCHS 180715
CF6CHS
PRELIMINARY LOCAL CLIMATOLOGICAL DATA (WS FORM: F-6)

                                          STATION:   NORTH CHARLESTON SC
                                          MONTH:     DECEMBER
                                          YEAR:      2018
                                          LATITUDE:   32 54 N
                                          LONGITUDE:  80  2 W

  TEMPERATURE IN F:       :PCPN:    SNOW:  WIND      :SUNSHINE: SKY     :PK WND
================================================================================
1   2   3   4   5  6A  6B    7    8   9   10  11  12  13   14  15   16   17  18
                                     12Z  AVG MX 2MIN
DY MAX MIN AVG DEP HDD CDD  WTR  SNW DPTH SPD SPD DIR MIN PSBL S-S WX    SPD DR
================================================================================

 1  68  50  59   5   6   0 0.29  0.0    0  6.1 25 220   M    M   8 1      34 210
 2  70  64  67  13   0   2 2.08  0.0    0 12.4 26 200   M    M  10 13     33 200
 3  73  59  66  12   0   1 0.06  0.0    0  6.8 17 270   M    M   7 1      24 270
 4  63  43  53  -1  12   0 0.00  0.0    0  5.7 13  60   M    M   2        16  60
 5  54  36  45  -8  20   0 0.00  0.0    0  9.7 17 270   M    M   1        22 330
 6  52  31  42 -11  23   0 0.00  0.0    0  5.1 10  70   M    M   3        16  80
 7  60  34  47  -6  18   0 0.00  0.0    0  3.6 10 350   M    M   6        17  10
 8  49  43  46  -6  19   0 0.86  0.0    0 11.2 22  50   M    M  10 1      27  40
 9  60  38  49  -3  16   0 0.76  0.0    0 13.9 31 320   M    M  10 1      37 320
10  41  37  39 -13  26   0 0.03  0.0    0  8.1 14 350   M    M   9 1      18 340
11  56  33  45  -7  20   0    T  0.0    0  9.0 17 320   M    M   2 1      23 300
12  57  31  44  -8  21   0 0.00  0.0    0  3.7 10 270   M    M   4        12 270
13  64  33  49  -2  16   0 0.04  0.0    0  4.6 12  60   M    M   8 1      21  80
14  64  56  60   9   5   0 2.95  0.0    0  6.1 16  90   M    M   9 1      21 100
15  65  51  58   7   7   0 0.85  0.0    0  6.7 17 270   M    M   8 1      23 280
16  60  47  54   3  11   0 0.00  0.0    0  8.9 18 300   M    M   2        24 300
17  62  43  53   3  12   0 0.00  0.0    0  3.4 10 240   M    M   4        13 240
================================================================================
SM 1018  729       232   3  7.92     0.0 125.0          M      103
================================================================================
AV 59.9 42.9                               7.4 FASTST   M    M   6    MAX(MPH)
                                 MISC ---->  # 31 320               # 37  320
================================================================================
NOTES:
# LAST OF SEVERAL OCCURRENCES

COLUMN 17 PEAK WIND IN M.P.H.

PRELIMINARY LOCAL CLIMATOLOGICAL DATA (WS FORM: F-6) , PAGE 2

                                          STATION:  NORTH CHARLESTON SC
                                          MONTH:    DECEMBER
                                          YEAR:     2018
                                          LATITUDE:   32 54 N
                                          LONGITUDE:  80  2 W

[TEMPERATURE DATA]      [PRECIPITATION DATA]       SYMBOLS USED IN COLUMN 16

AVERAGE MONTHLY: 51.4   TOTAL FOR MONTH:   7.92    1 = FOG OR MIST
DPTR FM NORMAL:  -0.9   DPTR FM NORMAL:    6.31    2 = FOG REDUCING VISIBILITY
HIGHEST:    73 ON  3    GRTST 24HR  2.95 ON 14-14      TO 1/4 MILE OR LESS
LOWEST:     31 ON 12, 6                            3 = THUNDER
                        SNOW, ICE PELLETS, HAIL    4 = ICE PELLETS
                        TOTAL MONTH:   0.0 INCH    5 = HAIL
                        GRTST 24HR     0.0         6 = FREEZING RAIN OR DRIZZLE
                        GRTST DEPTH:   0           7 = DUSTSTORM OR SANDSTORM:
                                                       VSBY 1/2 MILE OR LESS
                                                   8 = SMOKE OR HAZE
[NO. OF DAYS WITH]      [WEATHER - DAYS WITH]      9 = BLOWING SNOW
                                                   X = TORNADO
MAX 32 OR BELOW:   0    0.01 INCH OR MORE:   9
MAX 90 OR ABOVE:   0    0.10 INCH OR MORE:   6
MIN 32 OR BELOW:   2    0.50 INCH OR MORE:   5
MIN  0 OR BELOW:   0    1.00 INCH OR MORE:   2

[HDD (BASE 65) ]
TOTAL THIS MO.   232    CLEAR  (SCALE 0-3)   5
DPTR FM NORMAL    10    PTCLDY (SCALE 4-7)   6
TOTAL FM JUL 1   510    CLOUDY (SCALE 8-10)  6
DPTR FM NORMAL    -4

[CDD (BASE 65) ]
TOTAL THIS MO.     3
DPTR FM NORMAL     3    [PRESSURE DATA]
TOTAL FM JAN 1  2918    HIGHEST SLP M ON M
DPTR FM NORMAL   621    LOWEST  SLP 29.75 ON  9

[REMARKS]
