000
CXUS51 KRLX 261247
CF6CKB
PRELIMINARY LOCAL CLIMATOLOGICAL DATA (WS FORM: F-6)

                                          STATION:   CLARKSBURG WV
                                          MONTH:     FEBRUARY
                                          YEAR:      2021
                                          LATITUDE:   39 16 N
                                          LONGITUDE:  80 14 W

  TEMPERATURE IN F:       :PCPN:    SNOW:  WIND      :SUNSHINE: SKY     :PK WND
================================================================================
1   2   3   4   5  6A  6B    7    8   9   10  11  12  13   14  15   16   17  18
                                     12Z  AVG MX 2MIN
DY MAX MIN AVG DEP HDD CDD  WTR  SNW DPTH SPD SPD DIR MIN PSBL S-S WX    SPD DR
================================================================================

 1  34  30  32   0  33   0 0.19    M    M  3.9 10 100   M    M  10 1      13 110
 2  31  25  28  -4  37   0 0.03    M    M  9.9 20 290   M    M  10 1      25 280
 3  33  21  27  -5  38   0    T    M    M  9.4 17 250   M    M   5 1      22 290
 4  44  10  27  -5  38   0 0.01    M    M  3.0 22 200   M    M   2        29 190
 5  44  30  37   5  28   0 0.04    M    M 13.0 24 250   M    M   9        34 250
 6  41  27  34   2  31   0    T    M    M  7.4 21 260   M    M   4        28 240
 7  32  18  25  -8  40   0 0.03    M    M  5.3 16 300   M    M   5 1      20 330
 8  42  12  27  -6  38   0 0.00    M    M  2.1  8  20   M    M   2        12 340
 9  33  29  31  -2  34   0 0.02    M    M  2.7  9 340   M    M  10 1      12 330
10  31  27  29  -4  36   0 0.32    M    M  6.0 13  20   M    M  10 16     17  40
11  27  24  26  -7  39   0 0.15    M    M  8.1 16  20   M    M   9 1      20  20
12  35  26  31  -2  34   0 0.00    M    M  5.2 14  30   M    M  10 1      17  20
13  35  27  31  -3  34   0    T    M    M  5.5 15  10   M    M  10 1      18  10
14  32  26  29  -5  36   0    T    M    M  7.8 13  20   M    M  10 1      16 330
15  33  26  30  -4  35   0 0.41    M    M  6.5 15  40   M    M  10 126    20  50
16  37  17  27  -7  38   0 0.07    M    M 10.5 20 250   M    M  10 1      26 270
17  27  14  21 -13  44   0    T    M    M  4.7 13  10   M    M   6        15  10
18  31  24  28  -6  37   0 0.18    M    M  3.5 12  40   M    M  10 1      16  40
19  32  20  26  -9  39   0 0.01    M    M  6.5 21 290   M    M  10 18     26 290
20  25  12  19 -16  46   0    T    M    M  8.2 18 290   M    M   8 8      24 290
21  42   3  23 -12  42   0    T    M    M  1.7  8 150   M    M   0 18     14 140
22  43  35  39   4  26   0 0.24    M    M 10.6 24 240   M    M   9 1      32 260
23  53  32  43   7  22   0    T    M    M 10.4 25 290   M    M   5        35 250
24  67  27  47  11  18   0 0.08    M    M  9.9 29 240   M    M   3 1      38 260
25  48  31  40   4  25   0 0.00    M    M  4.7 16 320   M    M   4        21 310
================================================================================
SM  932  573       868   0  1.78    M    166.5          M      181
================================================================================
AV 37.3 22.9                               6.7 FASTST   M    M   7    MAX(MPH)
                                 MISC ---->    29 240                 38 260
================================================================================
NOTES:
# LAST OF SEVERAL OCCURRENCES

COLUMN 17 PEAK WIND IN M.P.H.

PRELIMINARY LOCAL CLIMATOLOGICAL DATA (WS FORM: F-6) , PAGE 2

                                          STATION:   CLARKSBURG WV
                                          MONTH:     FEBRUARY
                                          YEAR:      2021
                                          LATITUDE:   39 16 N
                                          LONGITUDE:  80 14 W

[TEMPERATURE DATA]      [PRECIPITATION DATA]       SYMBOLS USED IN COLUMN 16

AVERAGE MONTHLY: 30.1   TOTAL FOR MONTH:   1.78    1 = FOG OR MIST
DPTR FM NORMAL:  -3.6   DPTR FM NORMAL:   -1.04    2 = FOG REDUCING VISIBILITY
HIGHEST:    67 ON 24    GRTST 24HR  0.58 ON 31- 1      TO 1/4 MILE OR LESS
LOWEST:      3 ON 21                               3 = THUNDER
                        SNOW, ICE PELLETS, HAIL    4 = ICE PELLETS
                        TOTAL MONTH:  M            5 = HAIL
                        GRTST 24HR    M  ON   M    6 = FREEZING RAIN OR DRIZZLE
                        GRTST DEPTH:  M  ON   M    7 = DUSTSTORM OR SANDSTORM:
                                                       VSBY 1/2 MILE OR LESS
                                                   8 = SMOKE OR HAZE
[NO. OF DAYS WITH]      [WEATHER - DAYS WITH]      9 = BLOWING SNOW
                                                   X = TORNADO
MAX 32 OR BELOW:   9    0.01 INCH OR MORE:  14
MAX 90 OR ABOVE:   0    0.10 INCH OR MORE:   6
MIN 32 OR BELOW:  24    0.50 INCH OR MORE:   0
MIN  0 OR BELOW:   0    1.00 INCH OR MORE:   0

[HDD (BASE 65) ]
TOTAL THIS MO.   868    CLEAR  (SCALE 0-3)   3
DPTR FM NORMAL    84    PTCLDY (SCALE 4-7)   7
TOTAL FM JUL 1  3660    CLOUDY (SCALE 8-10) 15
DPTR FM NORMAL  -216

[CDD (BASE 65) ]
TOTAL THIS MO.     0
DPTR FM NORMAL     0    [PRESSURE DATA]
TOTAL FM JAN 1     0    HIGHEST SLP M ON M
DPTR FM NORMAL     0    LOWEST  SLP 29.53 ON 15

[REMARKS]
