000
CXUS51 KRLX 241238
CF6CKB
PRELIMINARY LOCAL CLIMATOLOGICAL DATA (WS FORM: F-6)

                                          STATION:   CLARKSBURG WV
                                          MONTH:     FEBRUARY
                                          YEAR:      2018
                                          LATITUDE:   39 16 N
                                          LONGITUDE:  80 14 W

  TEMPERATURE IN F:       :PCPN:    SNOW:  WIND      :SUNSHINE: SKY     :PK WND
================================================================================
1   2   3   4   5  6A  6B    7    8   9   10  11  12  13   14  15   16   17  18
                                     12Z  AVG MX 2MIN
DY MAX MIN AVG DEP HDD CDD  WTR  SNW DPTH SPD SPD DIR MIN PSBL S-S WX    SPD DR
================================================================================

 1  51  32  42  10  23   0 0.32    M    M 12.5 24 240   M    M   9 1      33 230
 2  32  12  22 -10  43   0    T    M    M 10.5 22 300   M    M   9 18     30 270
 3  41  10  26  -6  39   0 0.00    M    M  5.3 15 240   M    M   7        18 190
 4  42  33  38   6  27   0 0.31    M    M  7.1 24 200   M    M  10 1      34 220
 5  36  22  29  -3  36   0 0.02    M    M  7.6 22 300   M    M   6 1      35 300
 6  32  22  27  -5  38   0    T    M    M  2.7  8 220   M    M   9 18     10 240
 7  49  25  37   4  28   0 0.81    M    M  6.2 15 330   M    M  10 18     20 190
 8  30  20  25  -8  40   0    T    M    M  6.4 17 240   M    M   8 18     22 220
 9  50  19  35   2  30   0 0.00    M    M  2.9 17 210   M    M   2 18     23 220
10  58  38  48  15  17   0 0.11    M    M  3.0  9 200   M    M   9 1      12 210
11  63  42  53  20  12   0 0.85    M    M  6.6 22 290   M    M  10 18     29 290
12  42  29  36   3  29   0 0.03    M    M  5.1 14 300   M    M   6 18     17 300
13  45  21  33  -1  32   0 0.00    M    M  3.2 10  20   M    M   5        12  30
14  61  43  52  18  13   0 0.36    M    M  9.3 20 230   M    M  10 1      27 220
15  68  59  64  30   1   0 0.97    M    M 12.2 23 250   M    M   9 18     33 240
16  66  34  50  16  15   0 1.52    M    M  8.1 25 330   M    M  10 18     35 330
17  40  28  34   0  31   0 0.50    M    M  2.7  9 250   M    M   8 12     12 240
18  45  32  39   5  26   0 0.01    M    M  6.1 20 260   M    M   7 1      26 270
19  72  32  52  17  13   0 0.05    M    M  6.9 22 220   M    M   4        29 220
20  79  62  71  36   0   6 0.00    M    M  9.5 23 210   M    M   2        31 210
21  78  46  62  27   3   0 0.12    M    M 11.4 25 230   M    M   8 1      36 220
22  46  43  45  10  20   0 0.05    M    M  6.0 17 310   M    M  10 1      22 300
23  73  44  59  23   6   0 0.33    M    M  4.7 25 240   M    M   7 1      36 250
================================================================================
SM 1199  748       522   6  6.36    M    156.0          M      175
================================================================================
AV 52.1 32.5                               6.8 FASTST   M    M   8    MAX(MPH)
                                 MISC ---->  # 25 330               # 36  220
================================================================================
NOTES:
# LAST OF SEVERAL OCCURRENCES

COLUMN 17 PEAK WIND IN M.P.H.

PRELIMINARY LOCAL CLIMATOLOGICAL DATA (WS FORM: F-6) , PAGE 2

                                          STATION:  CLARKSBURG WV
                                          MONTH:    FEBRUARY
                                          YEAR:     2018
                                          LATITUDE:   39 16 N
                                          LONGITUDE:  80 14 W

[TEMPERATURE DATA]      [PRECIPITATION DATA]       SYMBOLS USED IN COLUMN 16

AVERAGE MONTHLY: 42.3   TOTAL FOR MONTH:   6.36    1 = FOG OR MIST
DPTR FM NORMAL:   8.8   DPTR FM NORMAL:    3.75    2 = FOG REDUCING VISIBILITY
HIGHEST:    79 ON 20    GRTST 24HR  1.52 ON 16-16      TO 1/4 MILE OR LESS
LOWEST:     10 ON  3                               3 = THUNDER
                        SNOW, ICE PELLETS, HAIL    4 = ICE PELLETS
                        TOTAL MONTH:    M          5 = HAIL
                        GRTST 24HR    M  ON   M    6 = FREEZING RAIN OR DRIZZLE
                        GRTST DEPTH:  M  ON   M    7 = DUSTSTORM OR SANDSTORM:
                                                       VSBY 1/2 MILE OR LESS
                                                   8 = SMOKE OR HAZE
[NO. OF DAYS WITH]      [WEATHER - DAYS WITH]      9 = BLOWING SNOW
                                                   X = TORNADO
MAX 32 OR BELOW:   3    0.01 INCH OR MORE:  16
MAX 90 OR ABOVE:   0    0.10 INCH OR MORE:  11
MIN 32 OR BELOW:  13    0.50 INCH OR MORE:   5
MIN  0 OR BELOW:   0    1.00 INCH OR MORE:   1

[HDD (BASE 65) ]
TOTAL THIS MO.   522    CLEAR  (SCALE 0-3)   2
DPTR FM NORMAL  -204    PTCLDY (SCALE 4-7)  10
TOTAL FM JUL 1  3521    CLOUDY (SCALE 8-10) 11
DPTR FM NORMAL  -297

[CDD (BASE 65) ]
TOTAL THIS MO.     6
DPTR FM NORMAL     6    [PRESSURE DATA]
TOTAL FM JAN 1     6    HIGHEST SLP M ON M
DPTR FM NORMAL     6    LOWEST  SLP 29.73 ON 16

[REMARKS]
