465
CXUS51 KRLX 221121
CF6CKB
PRELIMINARY LOCAL CLIMATOLOGICAL DATA (WS FORM: F-6)

                                          STATION:   CLARKSBURG WV
                                          MONTH:     OCTOBER
                                          YEAR:      2019
                                          LATITUDE:   39 16 N
                                          LONGITUDE:  80 14 W

  TEMPERATURE IN F:       :PCPN:    SNOW:  WIND      :SUNSHINE: SKY     :PK WND
================================================================================
1   2   3   4   5  6A  6B    7    8   9   10  11  12  13   14  15   16   17  18
                                     12Z  AVG MX 2MIN
DY MAX MIN AVG DEP HDD CDD  WTR  SNW DPTH SPD SPD DIR MIN PSBL S-S WX    SPD DR
================================================================================

 1  95  65  80  22   0  15 0.00    M    M  2.6 15 290   M    M   1 18     24 280
 2  93  66  80  22   0  15 0.00    M    M  4.9 18 240   M    M   2        29 250
 3  95  71  83  25   0  18 0.00    M    M  7.6 18 290   M    M   4        27 280
 4  77  52  65   8   0   0 0.00    M    M  8.6 17  30   M    M   4        23  20
 5  80  48  64   7   1   0 0.00    M    M  6.6 16 150   M    M   0        26 100
 6  74  57  66   9   0   1 0.01    M    M  3.7 16 210   M    M   8        21 210
 7  70  55  63   7   2   0 0.73    M    M  6.6 18 250   M    M  10 1      26 240
 8  68  53  61   5   4   0 0.00    M    M  7.4 15  90   M    M   4        19 100
 9  77  55  66  10   0   1 0.00    M    M  4.7 12  20   M    M   5        16  50
10  78  50  64   9   1   0 0.00    M    M  2.6 10  50   M    M   2        14  30
11  82  50  66  11   0   1 0.00    M    M  0.1  8 270   M    M   1        11 330
12  68  42  55   0  10   0 0.10    M    M  5.8 20 290   M    M   6 18     27 290
13  69  33  51  -3  14   0 0.00    M    M  1.5 13 240   M    M   1 12     15 210
14  70  38  54   0  11   0 0.00    M    M  4.9 17 290   M    M   0        23 220
15  77  38  58   4   7   0 0.00    M    M  1.6 10 210   M    M   0 128    14 200
16  61  46  54   1  11   0 0.64    M    M  8.4 22 270   M    M   9 13     32 270
17  60  46  53   0  12   0 0.01    M    M 10.9 21 310   M    M   9        28 290
18  60  37  49  -4  16   0 0.00    M    M  1.8  9 350   M    M   3        14 290
19  70  32  51  -1  14   0 0.00    M    M  1.0  9 290   M    M   1 18     11 250
20  72  50  61   9   4   0 0.12    M    M  1.2  9 120   M    M   7 128    12 120
21  83  46  65  13   0   0 0.00    M    M  4.3 16 200   M    M   4 12     21 200
================================================================================
SM 1579 1030       107  51  1.61    M     96.8          M       81
================================================================================
AV 75.2 49.1                               4.6 FASTST   M    M   4    MAX(MPH)
                                 MISC ---->  # 22 270               # 32  270
================================================================================
NOTES:
# LAST OF SEVERAL OCCURRENCES

COLUMN 17 PEAK WIND IN M.P.H.

PRELIMINARY LOCAL CLIMATOLOGICAL DATA (WS FORM: F-6) , PAGE 2

                                          STATION:  CLARKSBURG WV
                                          MONTH:    OCTOBER
                                          YEAR:     2019
                                          LATITUDE:   39 16 N
                                          LONGITUDE:  80 14 W

[TEMPERATURE DATA]      [PRECIPITATION DATA]       SYMBOLS USED IN COLUMN 16

AVERAGE MONTHLY: 62.1   TOTAL FOR MONTH:   1.61    1 = FOG OR MIST
DPTR FM NORMAL:   7.1   DPTR FM NORMAL:   -0.50    2 = FOG REDUCING VISIBILITY
HIGHEST:    95 ON  3, 1 GRTST 24HR  0.73 ON  7- 7      TO 1/4 MILE OR LESS
LOWEST:     32 ON 19                               3 = THUNDER
                        SNOW, ICE PELLETS, HAIL    4 = ICE PELLETS
                        TOTAL MONTH:    M          5 = HAIL
                        GRTST 24HR    M  ON   M    6 = FREEZING RAIN OR DRIZZLE
                        GRTST DEPTH:  M  ON   M    7 = DUSTSTORM OR SANDSTORM:
                                                       VSBY 1/2 MILE OR LESS
                                                   8 = SMOKE OR HAZE
[NO. OF DAYS WITH]      [WEATHER - DAYS WITH]      9 = BLOWING SNOW
                                                   X = TORNADO
MAX 32 OR BELOW:   0    0.01 INCH OR MORE:   6
MAX 90 OR ABOVE:   3    0.10 INCH OR MORE:   4
MIN 32 OR BELOW:   1    0.50 INCH OR MORE:   2
MIN  0 OR BELOW:   0    1.00 INCH OR MORE:   0

[HDD (BASE 65) ]
TOTAL THIS MO.   107    CLEAR  (SCALE 0-3)   9
DPTR FM NORMAL  -111    PTCLDY (SCALE 4-7)   9
TOTAL FM JUL 1   107    CLOUDY (SCALE 8-10)  3
DPTR FM NORMAL  -207

[CDD (BASE 65) ]
TOTAL THIS MO.    51
DPTR FM NORMAL    45    [PRESSURE DATA]
TOTAL FM JAN 1  1331    HIGHEST SLP M ON M
DPTR FM NORMAL   589    LOWEST  SLP 29.67 ON 16

[REMARKS]
