000
CXUS51 KRLX 240716
CF6CKB
PRELIMINARY LOCAL CLIMATOLOGICAL DATA (WS FORM: F-6)

                                          STATION:   CLARKSBURG WV
                                          MONTH:     MAY
                                          YEAR:      2018
                                          LATITUDE:   39 16 N
                                          LONGITUDE:  80 14 W

  TEMPERATURE IN F:       :PCPN:    SNOW:  WIND      :SUNSHINE: SKY     :PK WND
================================================================================
1   2   3   4   5  6A  6B    7    8   9   10  11  12  13   14  15   16   17  18
                                     12Z  AVG MX 2MIN
DY MAX MIN AVG DEP HDD CDD  WTR  SNW DPTH SPD SPD DIR MIN PSBL S-S WX    SPD DR
================================================================================

 1  81  35  58   1   7   0 0.00    M    M  3.5 15 220   M    M   0        19 210
 2  85  46  66   8   0   1 0.00    M    M  6.9 20 220   M    M   0        27 230
 3  88  63  76  18   0  11 0.00    M    M  9.3 23 240   M    M   2        31 250
 4  79  62  71  13   0   6 0.21    M    M  9.8 25 310   M    M   7 1      36 330
 5  67  56  62   4   3   0 1.31    M    M  2.9 12  40   M    M   8 12     15  30
 6  63  49  56  -3   9   0 0.34    M    M  4.3 15  10   M    M   7 12     19  20
 7  71  46  59   0   6   0 0.01    M    M  0.5 16  10   M    M   4 12     21  20
 8  79  46  63   4   2   0    T    M    M  2.4  8 200   M    M   2 12      M  M
 9  83  51  67   7   0   2    T    M    M  4.5 15 210   M    M   2        20 230
10  80  56  68   8   0   3 0.14    M    M  8.0 25 310   M    M   4 38     33 320
11  82  51  67   7   0   2 0.00    M    M  3.6 13  30   M    M   2 1      17  30
12  88  62  75  15   0  10    T    M    M  9.0 22 240   M    M   1 13     30 240
13  85  62  74  14   0   9 0.20    M    M  6.4 17 240   M    M   5 13     23 340
14  87  62  75  14   0  10 0.57    M    M  4.1 28 340   M    M   2 13     35 340
15  90  61  76  15   0  11 0.32    M    M  7.2 32 310   M    M   4 13     44 310
16  77  64  71  10   0   6 0.08    M    M  1.2  9 340   M    M   6 1      12 150
17  76  65  71   9   0   6 0.03    M    M  7.0 17  90   M    M   7 1      26  90
18  76  63  70   8   0   5 0.02    M    M  8.1 20  80   M    M   8        25  80
19  85  62  74  12   0   9 0.05    M    M  7.5 23 210   M    M   6 38     29 260
20  84  66  75  13   0  10 0.00    M    M  6.6 16 300   M    M   6 8      23 310
21  86  61  74  11   0   9 0.27    M    M  4.0 26 240   M    M   2 13     36 250
22  79  66  73  10   0   8 0.21    M    M  5.7 13 200   M    M   7 1      19 230
23  76  55  66   3   0   1 0.00    M    M  5.2 15  10   M    M   5 1      19 340
================================================================================
SM 1847 1310        27 119  3.76    M    127.7          M       97
================================================================================
AV 80.3 57.0                               5.6 FASTST   M    M   4    MAX(MPH)
                                 MISC ---->  # 32 310               # 44  310
================================================================================
NOTES:
# LAST OF SEVERAL OCCURRENCES

COLUMN 17 PEAK WIND IN M.P.H.

PRELIMINARY LOCAL CLIMATOLOGICAL DATA (WS FORM: F-6) , PAGE 2

                                          STATION:  CLARKSBURG WV
                                          MONTH:    MAY
                                          YEAR:     2018
                                          LATITUDE:   39 16 N
                                          LONGITUDE:  80 14 W

[TEMPERATURE DATA]      [PRECIPITATION DATA]       SYMBOLS USED IN COLUMN 16

AVERAGE MONTHLY: 68.6   TOTAL FOR MONTH:   3.76    1 = FOG OR MIST
DPTR FM NORMAL:   8.4   DPTR FM NORMAL:    0.67    2 = FOG REDUCING VISIBILITY
HIGHEST:    90 ON 15    GRTST 24HR  1.31 ON  5- 5      TO 1/4 MILE OR LESS
LOWEST:     35 ON  1                               3 = THUNDER
                        SNOW, ICE PELLETS, HAIL    4 = ICE PELLETS
                        TOTAL MONTH:    M          5 = HAIL
                        GRTST 24HR    M  ON   M    6 = FREEZING RAIN OR DRIZZLE
                        GRTST DEPTH:  M  ON   M    7 = DUSTSTORM OR SANDSTORM:
                                                       VSBY 1/2 MILE OR LESS
                                                   8 = SMOKE OR HAZE
[NO. OF DAYS WITH]      [WEATHER - DAYS WITH]      9 = BLOWING SNOW
                                                   X = TORNADO
MAX 32 OR BELOW:   0    0.01 INCH OR MORE:  14
MAX 90 OR ABOVE:   1    0.10 INCH OR MORE:   9
MIN 32 OR BELOW:   0    0.50 INCH OR MORE:   2
MIN  0 OR BELOW:   0    1.00 INCH OR MORE:   1

[HDD (BASE 65) ]
TOTAL THIS MO.    27    CLEAR  (SCALE 0-3)   9
DPTR FM NORMAL  -108    PTCLDY (SCALE 4-7)  14
TOTAL FM JUL 1  4917    CLOUDY (SCALE 8-10)  0
DPTR FM NORMAL  -280

[CDD (BASE 65) ]
TOTAL THIS MO.   119
DPTR FM NORMAL    92    [PRESSURE DATA]
TOTAL FM JAN 1   145    HIGHEST SLP  0.00 ON  8
DPTR FM NORMAL   109    LOWEST  SLP 29.83 ON 15

[REMARKS]
