000
CXUS51 KRLX 241252
CF6CKB
PRELIMINARY LOCAL CLIMATOLOGICAL DATA (WS FORM: F-6)

                                          STATION:   CLARKSBURG WV
                                          MONTH:     JANUARY
                                          YEAR:      2020
                                          LATITUDE:   39 16 N
                                          LONGITUDE:  80 14 W

  TEMPERATURE IN F:       :PCPN:    SNOW:  WIND      :SUNSHINE: SKY     :PK WND
================================================================================
1   2   3   4   5  6A  6B    7    8   9   10  11  12  13   14  15   16   17  18
                                     12Z  AVG MX 2MIN
DY MAX MIN AVG DEP HDD CDD  WTR  SNW DPTH SPD SPD DIR MIN PSBL S-S WX    SPD DR
================================================================================

 1  44  31  38   6  27   0 0.00    M    M  9.5 20 260   M    M   5        28 270
 2  56  31  44  13  21   0 0.02    M    M  5.6 17 230   M    M   5        25 210
 3  58  52  55  24  10   0 0.56    M    M  3.3 10 230   M    M  10 128    15 220
 4  58  35  47  16  18   0 0.29    M    M  9.5 20 290   M    M  10 1      29 290
 5  41  32  37   6  28   0 0.04    M    M  9.2 20 290   M    M   9 1      30 300
 6  46  27  37   6  28   0 0.00    M    M  8.2 18 290   M    M   5        26 270
 7  38  26  32   1  33   0 0.06    M    M  3.6 12 220   M    M   5 18     15 200
 8  40  22  31   0  34   0    T    M    M 12.5 28 290   M    M   3        41 280
 9  58  21  40   9  25   0 0.00    M    M  2.4  9 130   M    M   0        13 120
10  70  44  57  26   8   0 0.01    M    M  8.2 22 220   M    M   4        31 220
11  76  60  68  37   0   3 0.63    M    M 12.1 29 240   M    M   2 8      41 300
12  65  37  51  20  14   0 0.12    M    M  9.6 32 240   M    M   5        40 230
13  56  32  44  13  21   0 0.00    M    M  2.6 12 230   M    M   1 18     15 250
14  59  37  48  17  17   0 0.03    M    M  4.2 15 240   M    M   6 18     23 240
15  63  31  47  16  18   0 0.10    M    M  3.0 22 280   M    M   8 1238   30 290
16  60  32  46  15  19   0    T    M    M 13.6 28 290   M    M   8        39 290
17  34  26  30  -1  35   0    T    M    M  5.9 16 310   M    M   3        20 310
18  53  29  41  10  24   0 0.67    M    M  9.8 25 220   M    M   9        34 210
19  48  19  34   3  31   0    T    M    M 13.3 30 290   M    M   9        40 290
20  27  17  22  -9  43   0    T    M    M  4.6 14 290   M    M  10        17 320
21  32  19  26  -5  39   0    T    M    M  2.5 12  10   M    M   6        13 360
22  43  13  28  -3  37   0 0.00    M    M  1.4  6 300   M    M   0         7 300
23  52  21  37   6  28   0 0.00    M    M  1.2  8  20   M    M   1        12 290
================================================================================
SM 1177  694       558   3  2.53    M    155.8          M      124
================================================================================
AV 51.2 30.2                               6.8 FASTST   M    M   5    MAX(MPH)
                                 MISC ---->  # 32 240               # 41  280
================================================================================
NOTES:
# LAST OF SEVERAL OCCURRENCES

COLUMN 17 PEAK WIND IN M.P.H.

PRELIMINARY LOCAL CLIMATOLOGICAL DATA (WS FORM: F-6) , PAGE 2

                                          STATION:  CLARKSBURG WV
                                          MONTH:    JANUARY
                                          YEAR:     2020
                                          LATITUDE:   39 16 N
                                          LONGITUDE:  80 14 W

[TEMPERATURE DATA]      [PRECIPITATION DATA]       SYMBOLS USED IN COLUMN 16

AVERAGE MONTHLY: 40.7   TOTAL FOR MONTH:   2.53    1 = FOG OR MIST
DPTR FM NORMAL:   9.6   DPTR FM NORMAL:   -0.10    2 = FOG REDUCING VISIBILITY
HIGHEST:    76 ON 11    GRTST 24HR  0.67 ON 18-18      TO 1/4 MILE OR LESS
LOWEST:     13 ON 22                               3 = THUNDER
                        SNOW, ICE PELLETS, HAIL    4 = ICE PELLETS
                        TOTAL MONTH:    M          5 = HAIL
                        GRTST 24HR    M  ON   M    6 = FREEZING RAIN OR DRIZZLE
                        GRTST DEPTH:  M  ON   M    7 = DUSTSTORM OR SANDSTORM:
                                                       VSBY 1/2 MILE OR LESS
                                                   8 = SMOKE OR HAZE
[NO. OF DAYS WITH]      [WEATHER - DAYS WITH]      9 = BLOWING SNOW
                                                   X = TORNADO
MAX 32 OR BELOW:   2    0.01 INCH OR MORE:  11
MAX 90 OR ABOVE:   0    0.10 INCH OR MORE:   6
MIN 32 OR BELOW:  17    0.50 INCH OR MORE:   3
MIN  0 OR BELOW:   0    1.00 INCH OR MORE:   0

[HDD (BASE 65) ]
TOTAL THIS MO.   558    CLEAR  (SCALE 0-3)   5
DPTR FM NORMAL  -223    PTCLDY (SCALE 4-7)  12
TOTAL FM JUL 1  2174    CLOUDY (SCALE 8-10)  6
DPTR FM NORMAL  -645

[CDD (BASE 65) ]
TOTAL THIS MO.     3
DPTR FM NORMAL     3    [PRESSURE DATA]
TOTAL FM JAN 1     3    HIGHEST SLP M ON M
DPTR FM NORMAL     3    LOWEST  SLP 29.70 ON 11

[REMARKS]
