000
CXUS55 KOHX 231010
CF6CKV
PRELIMINARY LOCAL CLIMATOLOGICAL DATA (WS FORM: F-6)

                                          STATION:   CLARKSVILLE
                                          MONTH:     JANUARY
                                          YEAR:      2019
                                          LATITUDE:   36 37 N
                                          LONGITUDE:  87 25 W

  TEMPERATURE IN F:       :PCPN:    SNOW:  WIND      :SUNSHINE: SKY     :PK WND
================================================================================
1   2   3   4   5  6A  6B    7    8   9   10  11  12  13   14  15   16   17  18
                                     12Z  AVG MX 2MIN
DY MAX MIN AVG DEP HDD CDD  WTR  SNW DPTH SPD SPD DIR MIN PSBL S-S WX    SPD DR
================================================================================

 1  52  42  47  11  18   0 0.00    M    M  7.2 14  10   M    M   9 1      17  20
 2  43  39  41   5  24   0 0.01    M    M  4.0 12 340   M    M  10 18     14 350
 3  43  38  41   5  24   0 0.00    M    M  5.6 10 340   M    M   5 8      13 330
 4  51  38  45   9  20   0 0.16    M    M 10.4 21 250   M    M   9 18     30 220
 5  59  36  48  12  17   0 0.00    M    M  4.8  9 220   M    M   0        13 210
 6  65  33  49  13  16   0 0.00    M    M  4.3  9 140   M    M   0 1      14 170
 7  65  48  57  21   8   0 0.01    M    M 11.1 25 190   M    M   4        35 190
 8  68  41  55  19  10   0 0.00    M    M 11.3 29 310   M    M   3        40 310
 9  44  27  36   0  29   0 0.00    M    M 12.6 24 330   M    M   0        31 310
10  36  22  29  -7  36   0 0.00    M    M  6.4 14  30   M    M   0        19  30
11  40  21  31  -5  34   0 0.12    M    M  4.9 10  50   M    M   7 1      19  20
12  46  34  40   4  25   0 0.29    M    M  7.4 15 130   M    M  10 1      19 140
13  44  35  40   4  25   0 0.09    M    M  7.8 15 310   M    M  10 12     18 320
14  36  31  34  -2  31   0 0.00    M    M  7.2 13 350   M    M  10 18     15 320
15  41  32  37   1  28   0 0.00    M    M  5.2 12 230   M    M   9 8      16 270
16  46  28  37   1  28   0 0.00    M    M  4.1  8 150   M    M   8 18     10 210
17  48  41  45   9  20   0 0.21    M    M  6.4 12 320   M    M  10 1      16 210
18  48  41  45   9  20   0 0.00  0.0    0  6.0 15 110   M    M  10        24 110
19  58  29  44   8  21   0 1.04    M    0 14.0 30 330   M    M  10 18     39 340
20  30  21  26 -10  39   0    T    M    0 14.0 31 340   M    M   9 1      39 330
21  27  14  21 -15  44   0    T    M    0  8.5 17  90   M    M   1        36 200
22  51  22  37   1  28   0    T    M    0 11.9 23 180   M    M   4        35 180
================================================================================
SM 1041  713       545   0  1.93     0.0 175.1          M      138
================================================================================
AV 47.3 32.4                               8.0 FASTST   M    M   6    MAX(MPH)
                                 MISC ---->  # 31 340               # 40  310
================================================================================
NOTES:
# LAST OF SEVERAL OCCURRENCES

COLUMN 17 PEAK WIND IN M.P.H.

PRELIMINARY LOCAL CLIMATOLOGICAL DATA (WS FORM: F-6) , PAGE 2

                                          STATION:  CLARKSVILLE
                                          MONTH:    JANUARY
                                          YEAR:     2019
                                          LATITUDE:   36 37 N
                                          LONGITUDE:  87 25 W

[TEMPERATURE DATA]      [PRECIPITATION DATA]       SYMBOLS USED IN COLUMN 16

AVERAGE MONTHLY: 39.9   TOTAL FOR MONTH:   1.93    1 = FOG OR MIST
DPTR FM NORMAL:   3.9   DPTR FM NORMAL:   -0.44    2 = FOG REDUCING VISIBILITY
HIGHEST:    68 ON  8    GRTST 24HR  1.60 ON 31- 1      TO 1/4 MILE OR LESS
LOWEST:     14 ON 21                               3 = THUNDER
                        SNOW, ICE PELLETS, HAIL    4 = ICE PELLETS
                        TOTAL MONTH:   0.0 INCH    5 = HAIL
                        GRTST 24HR     0.0         6 = FREEZING RAIN OR DRIZZLE
                        GRTST DEPTH:   0           7 = DUSTSTORM OR SANDSTORM:
                                                       VSBY 1/2 MILE OR LESS
                                                   8 = SMOKE OR HAZE
[NO. OF DAYS WITH]      [WEATHER - DAYS WITH]      9 = BLOWING SNOW
                                                   X = TORNADO
MAX 32 OR BELOW:   2    0.01 INCH OR MORE:   8
MAX 90 OR ABOVE:   0    0.10 INCH OR MORE:   5
MIN 32 OR BELOW:  10    0.50 INCH OR MORE:   1
MIN  0 OR BELOW:   0    1.00 INCH OR MORE:   1

[HDD (BASE 65) ]
TOTAL THIS MO.   545    CLEAR  (SCALE 0-3)   6
DPTR FM NORMAL   -98    PTCLDY (SCALE 4-7)   4
TOTAL FM JUL 1  2113    CLOUDY (SCALE 8-10) 12
DPTR FM NORMAL   -95

[CDD (BASE 65) ]
TOTAL THIS MO.     0
DPTR FM NORMAL     0    [PRESSURE DATA]
TOTAL FM JAN 1     0    HIGHEST SLP  0.00 ON  1
DPTR FM NORMAL     0    LOWEST  SLP 29.42 ON 19

[REMARKS]
