000
CXUS55 KOHX 201010
CF6CKV
PRELIMINARY LOCAL CLIMATOLOGICAL DATA (WS FORM: F-6)

                                          STATION:   CLARKSVILLE
                                          MONTH:     OCTOBER
                                          YEAR:      2018
                                          LATITUDE:   36 37 N
                                          LONGITUDE:  87 25 W

  TEMPERATURE IN F:       :PCPN:    SNOW:  WIND      :SUNSHINE: SKY     :PK WND
================================================================================
1   2   3   4   5  6A  6B    7    8   9   10  11  12  13   14  15   16   17  18
                                     12Z  AVG MX 2MIN
DY MAX MIN AVG DEP HDD CDD  WTR  SNW DPTH SPD SPD DIR MIN PSBL S-S WX    SPD DR
================================================================================

 1  85  62  74  10   0   9 0.00    M    M  4.3 14 150   M    M   2 13     19 160
 2  85  67  76  12   0  11 0.14    M    M  3.9 12 190   M    M   4 1      15 220
 3  87  66  77  14   0  12 0.00    M    M  6.3 16 190   M    M   1 12     20 190
 4  89  70  80  17   0  15 0.00    M    M  5.1 14 230   M    M   0 1      18 260
 5  89  67  78  16   0  13 0.00    M    M  3.5 13 200   M    M   1 12     16 210
 6  88  67  78  16   0  13 0.00    M    M  3.4 14 200   M    M   2 12     17 220
 7  89  65  77  15   0  12    T  0.0    0  3.9 13 130   M    M   2 128    15 130
 8  88  66  77  16   0  12 0.00  0.0    0  6.1 15 140   M    M   1 18     21 140
 9  86  69  78  17   0  13 0.00  0.0    0  9.2 18 130   M    M   2        27 130
10  85  67  76  15   0  11    T  0.0    0  7.1 22 350   M    M   8        28 340
11  67  46  57  -3   8   0 0.00  0.0    0 12.1 22 330   M    M   4        29 350
12  64  40  52  -8  13   0 0.05    M    0  4.3 13 360   M    M   4 1      15 300
13  56  47  52  -8  13   0 0.01    M    0  5.7  9  80   M    M   8        14  60
14  67  51  59   0   6   0 1.37  0.0    0  4.8 10 100   M    M   9 1      13 120
15  65  44  55  -4  10   0 1.83    M    0  8.2 18 360   M    M  10 1      24 350
16  52  44  48 -11  17   0 0.00  0.0    0  4.1 10 350   M    M   4        13 350
17  69  37  53  -5  12   0 0.00  0.0    0  4.8 16 350   M    M   1 12     22 360
18  63  40  52  -6  13   0 0.00  0.0    0  5.8 15 100   M    M   0        19 100
19  71  36  54  -4  11   0 0.22    M    0  4.5 12 310   M    M   4 18     16 220
================================================================================
SM 1445 1051       103 121  3.62     0.0 107.1          M       67
================================================================================
AV 76.1 55.3                               5.6 FASTST   M    M   4    MAX(MPH)
                                 MISC ---->  # 22 350               # 29  350
================================================================================
NOTES:
# LAST OF SEVERAL OCCURRENCES

COLUMN 17 PEAK WIND IN M.P.H.

PRELIMINARY LOCAL CLIMATOLOGICAL DATA (WS FORM: F-6) , PAGE 2

                                          STATION:  CLARKSVILLE
                                          MONTH:    OCTOBER
                                          YEAR:     2018
                                          LATITUDE:   36 37 N
                                          LONGITUDE:  87 25 W

[TEMPERATURE DATA]      [PRECIPITATION DATA]       SYMBOLS USED IN COLUMN 16

AVERAGE MONTHLY: 65.7   TOTAL FOR MONTH:   3.62    1 = FOG OR MIST
DPTR FM NORMAL:   4.9   DPTR FM NORMAL:    1.15    2 = FOG REDUCING VISIBILITY
HIGHEST:    89 ON  7, 5 GRTST 24HR  1.83 ON 15-15      TO 1/4 MILE OR LESS
LOWEST:     36 ON 19                               3 = THUNDER
                        SNOW, ICE PELLETS, HAIL    4 = ICE PELLETS
                        TOTAL MONTH:   0.0 INCH    5 = HAIL
                        GRTST 24HR     0.0         6 = FREEZING RAIN OR DRIZZLE
                        GRTST DEPTH:   0           7 = DUSTSTORM OR SANDSTORM:
                                                       VSBY 1/2 MILE OR LESS
                                                   8 = SMOKE OR HAZE
[NO. OF DAYS WITH]      [WEATHER - DAYS WITH]      9 = BLOWING SNOW
                                                   X = TORNADO
MAX 32 OR BELOW:   0    0.01 INCH OR MORE:   6
MAX 90 OR ABOVE:   0    0.10 INCH OR MORE:   4
MIN 32 OR BELOW:   0    0.50 INCH OR MORE:   2
MIN  0 OR BELOW:   0    1.00 INCH OR MORE:   2

[HDD (BASE 65) ]
TOTAL THIS MO.   103    CLEAR  (SCALE 0-3)  10
DPTR FM NORMAL     0    PTCLDY (SCALE 4-7)   6
TOTAL FM JUL 1   111    CLOUDY (SCALE 8-10)  3
DPTR FM NORMAL   -21

[CDD (BASE 65) ]
TOTAL THIS MO.   121
DPTR FM NORMAL    96    [PRESSURE DATA]
TOTAL FM JAN 1  1975    HIGHEST SLP M ON M
DPTR FM NORMAL   551    LOWEST  SLP 29.71 ON 11

[REMARKS]
