000
CXUS55 KOHX 221010
CF6CKV
PRELIMINARY LOCAL CLIMATOLOGICAL DATA (WS FORM: F-6)

                                          STATION:   CLARKSVILLE
                                          MONTH:     FEBRUARY
                                          YEAR:      2018
                                          LATITUDE:   36 37 N
                                          LONGITUDE:  87 25 W

  TEMPERATURE IN F:       :PCPN:    SNOW:  WIND      :SUNSHINE: SKY     :PK WND
================================================================================
1   2   3   4   5  6A  6B    7    8   9   10  11  12  13   14  15   16   17  18
                                     12Z  AVG MX 2MIN
DY MAX MIN AVG DEP HDD CDD  WTR  SNW DPTH SPD SPD DIR MIN PSBL S-S WX    SPD DR
================================================================================

 1  52  22  37   1  28   0 0.08    M    M 12.0 23 350   M    M   8 1      28 340
 2  29  15  22 -14  43   0 0.00    M    M  5.3 16 340   M    M   0        25  10
 3  47  20  34  -3  31   0 0.20    M    M  6.3 15 170   M    M   5        21 170
 4  50  24  37   0  28   0 0.52    M    M 10.5 26 320   M    M  10 128    32 320
 5  36  19  28  -9  37   0    T    M    M  7.2 18 350   M    M   6 8      22 360
 6  41  33  37   0  28   0 0.56    M    M  7.1 13  80   M    M  10 1      23  40
 7  35  29  32  -5  33   0 0.28    M    M 10.2 18 340   M    M  10 18     23 340
 8  45  20  33  -5  32   0 0.00    M    M  2.3  8 150   M    M   0 18     11 170
 9  64  28  46   8  19   0 0.02    M    M  7.0 21 200   M    M   3        27 200
10  55  39  47   9  18   0 1.29    M    M  4.6 14 340   M    M   9 12     16 340
11  41  30  36  -2  29   0 0.20    M    M 10.0 17 340   M    M  10 128    21 340
12  43  27  35  -4  30   0 0.00    M    M 11.1 18 340   M    M   5        23  10
13  56  34  45   6  20   0 0.00    M    M  6.1 12 200   M    M   8        15 210
14  64  52  58  19   7   0 0.08    M    M 10.3 20 200   M    M  10 18     26 200
15  76  64  70  31   0   5    T    M    M 16.4 29 220   M    M   7 1      39 220
16  70  39  55  15  10   0 0.27    M    M 11.8 32 350   M    M  10 18     40 340
17  46  37  42   2  23   0 0.89    M    M  5.9 15 310   M    M   8 12     19 300
18  57  26  42   2  23   0 0.00    M    M  6.7 15 150   M    M   5 12     20 150
19  76  56  66  25   0   1 0.00    M    M 12.8 35 210   M    M   4        48 210
20  77  66  72  31   0   7 0.00    M    M 16.8 33 190   M    M   3        42 180
21  72  43  58  17   7   0 1.44    M    M 12.2 28 340   M    M   9 1      36 190
================================================================================
SM 1132  723       446  13  5.83    M    192.6          M      140
================================================================================
AV 53.9 34.4                               9.2 FASTST   M    M   7    MAX(MPH)
                                 MISC ---->  # 35 210               # 48  210
================================================================================
NOTES:
# LAST OF SEVERAL OCCURRENCES

COLUMN 17 PEAK WIND IN M.P.H.

PRELIMINARY LOCAL CLIMATOLOGICAL DATA (WS FORM: F-6) , PAGE 2

                                          STATION:  CLARKSVILLE
                                          MONTH:    FEBRUARY
                                          YEAR:     2018
                                          LATITUDE:   36 37 N
                                          LONGITUDE:  87 25 W

[TEMPERATURE DATA]      [PRECIPITATION DATA]       SYMBOLS USED IN COLUMN 16

AVERAGE MONTHLY: 44.2   TOTAL FOR MONTH:   5.83    1 = FOG OR MIST
DPTR FM NORMAL:   5.7   DPTR FM NORMAL:    2.60    2 = FOG REDUCING VISIBILITY
HIGHEST:    77 ON 20    GRTST 24HR  1.44 ON 21-21      TO 1/4 MILE OR LESS
LOWEST:     15 ON  2                               3 = THUNDER
                        SNOW, ICE PELLETS, HAIL    4 = ICE PELLETS
                        TOTAL MONTH:    M          5 = HAIL
                        GRTST 24HR    M  ON   M    6 = FREEZING RAIN OR DRIZZLE
                        GRTST DEPTH:  M  ON   M    7 = DUSTSTORM OR SANDSTORM:
                                                       VSBY 1/2 MILE OR LESS
                                                   8 = SMOKE OR HAZE
[NO. OF DAYS WITH]      [WEATHER - DAYS WITH]      9 = BLOWING SNOW
                                                   X = TORNADO
MAX 32 OR BELOW:   1    0.01 INCH OR MORE:  12
MAX 90 OR ABOVE:   0    0.10 INCH OR MORE:   9
MIN 32 OR BELOW:  11    0.50 INCH OR MORE:   5
MIN  0 OR BELOW:   0    1.00 INCH OR MORE:   2

[HDD (BASE 65) ]
TOTAL THIS MO.   446    CLEAR  (SCALE 0-3)   4
DPTR FM NORMAL  -111    PTCLDY (SCALE 4-7)   9
TOTAL FM JUL 1  2973    CLOUDY (SCALE 8-10)  8
DPTR FM NORMAL   -56

[CDD (BASE 65) ]
TOTAL THIS MO.    13
DPTR FM NORMAL    13    [PRESSURE DATA]
TOTAL FM JAN 1    13    HIGHEST SLP M ON M
DPTR FM NORMAL    12    LOWEST  SLP 29.84 ON M

[REMARKS]
