000
CXUS53 KILX 230900
CF6CMI
PRELIMINARY LOCAL CLIMATOLOGICAL DATA (WS FORM: F-6)

                                          STATION:   CHAMPAIGN IL AIRPORT
                                          MONTH:     OCTOBER
                                          YEAR:      2018
                                          LATITUDE:   40  1 N
                                          LONGITUDE:  88 17 W

  TEMPERATURE IN F:       :PCPN:    SNOW:  WIND      :SUNSHINE: SKY     :PK WND
================================================================================
1   2   3   4   5  6A  6B    7    8   9   10  11  12  13   14  15   16   17  18
                                     12Z  AVG MX 2MIN
DY MAX MIN AVG DEP HDD CDD  WTR  SNW DPTH SPD SPD DIR MIN PSBL S-S WX    SPD DR
================================================================================

 1  86  55  71  12   0   6 0.00    M    M 10.5 20 190   M    M   2 1      23 180
 2  82  65  74  15   0   9 0.00    M    M  8.7 16 250   M    M   3        20 260
 3  90  65  78  20   0  13 0.00    M    M 16.0 31 190   M    M   3        40 190
 4  78  52  65   7   0   0 0.01    M    M 14.6 22 210   M    M   8        29 200
 5  83  53  68  10   0   3 0.06    M    M  7.7 16 230   M    M   6 13     22 220
 6  89  60  75  18   0  10 0.37    M    M 11.8 36 320   M    M   5 13     47 310
 7  86  59  73  16   0   8 0.00    M    M  9.0 21 300   M    M   7 12     28 300
 8  89  64  77  21   0  12 0.00    M    M 12.5 24 200   M    M   1 1      33 190
 9  88  66  77  21   0  12 0.00    M    M 13.8 24 170   M    M   1 1      36 180
10  76  52  64   8   1   0 0.15    M    M 18.4 28 270   M    M   6 1      37 260
11  55  36  46  -9  19   0 0.00    M    M 15.0 25 290   M    M   4        34 300
12  42  30  36 -19  29   0 0.13    M    M  7.0 14 310   M    M   6 1      18 280
13  51  32  42 -13  23   0 0.00    M    M  6.1 13 160   M    M   4 1      17 180
14  60  41  51  -3  14   0 0.01    M    M  5.6 13 340   M    M   8 1      18 110
15  49  31  40 -14  25   0 0.05    M    M 12.5 23 320   M    M   3 1      29 320
16  58  25  42 -12  23   0 0.00    M    M 10.4 21 240   M    M   0        30 230
17  55  34  45  -8  20   0 0.00    M    M 10.5 28 300   M    M   0 1      35 320
18  60  28  44  -9  21   0 0.00    M    M  5.1 10 190   M    M   0        16 200
19  57  35  46  -7  19   0    T    M    M 12.9 23 230   M    M   5        30 230
20  61  24  43  -9  22   0 0.00    M    M 17.0 43 290   M    M   1        58 300
21  54  21  38 -14  27   0 0.00    M    M  6.8 17 200   M    M   0        25 220
22  68  34  51  -1  14   0 0.00    M    M  9.6 20 280   M    M   0 8      26 230
================================================================================
SM 1517  962       257  73  0.78    M    241.5          M       73
================================================================================
AV 69.0 43.7                              11.0 FASTST   M    M   3    MAX(MPH)
                                 MISC ---->  # 43 290               # 58  300
================================================================================
NOTES:
# LAST OF SEVERAL OCCURRENCES

COLUMN 17 PEAK WIND IN M.P.H.

PRELIMINARY LOCAL CLIMATOLOGICAL DATA (WS FORM: F-6) , PAGE 2

                                          STATION:  CHAMPAIGN IL AIRPORT
                                          MONTH:    OCTOBER
                                          YEAR:     2018
                                          LATITUDE:   40  1 N
                                          LONGITUDE:  88 17 W

[TEMPERATURE DATA]      [PRECIPITATION DATA]       SYMBOLS USED IN COLUMN 16

AVERAGE MONTHLY: 56.3   TOTAL FOR MONTH:   0.78    1 = FOG OR MIST
DPTR FM NORMAL:   1.1   DPTR FM NORMAL:   -1.49    2 = FOG REDUCING VISIBILITY
HIGHEST:    90 ON  3    GRTST 24HR  0.37 ON  6- 6      TO 1/4 MILE OR LESS
LOWEST:     21 ON 21                               3 = THUNDER
                        SNOW, ICE PELLETS, HAIL    4 = ICE PELLETS
                        TOTAL MONTH:    M          5 = HAIL
                        GRTST 24HR    M  ON   M    6 = FREEZING RAIN OR DRIZZLE
                        GRTST DEPTH:  M  ON   M    7 = DUSTSTORM OR SANDSTORM:
                                                       VSBY 1/2 MILE OR LESS
                                                   8 = SMOKE OR HAZE
[NO. OF DAYS WITH]      [WEATHER - DAYS WITH]      9 = BLOWING SNOW
                                                   X = TORNADO
MAX 32 OR BELOW:   0    0.01 INCH OR MORE:   7
MAX 90 OR ABOVE:   1    0.10 INCH OR MORE:   3
MIN 32 OR BELOW:   7    0.50 INCH OR MORE:   0
MIN  0 OR BELOW:   0    1.00 INCH OR MORE:   0

[HDD (BASE 65) ]
TOTAL THIS MO.   257    CLEAR  (SCALE 0-3)  12
DPTR FM NORMAL    26    PTCLDY (SCALE 4-7)  10
TOTAL FM JUL 1   292    CLOUDY (SCALE 8-10)  0
DPTR FM NORMAL   -31

[CDD (BASE 65) ]
TOTAL THIS MO.    73
DPTR FM NORMAL    59    [PRESSURE DATA]
TOTAL FM JAN 1  1408    HIGHEST SLP M ON M
DPTR FM NORMAL   469    LOWEST  SLP 29.61 ON 10

[REMARKS]
