000
CXUS53 KILX 170900
CF6CMI
PRELIMINARY LOCAL CLIMATOLOGICAL DATA (WS FORM: F-6)

                                          STATION:   CHAMPAIGN IL AIRPORT
                                          MONTH:     OCTOBER
                                          YEAR:      2019
                                          LATITUDE:   40  1 N
                                          LONGITUDE:  88 17 W

  TEMPERATURE IN F:       :PCPN:    SNOW:  WIND      :SUNSHINE: SKY     :PK WND
================================================================================
1   2   3   4   5  6A  6B    7    8   9   10  11  12  13   14  15   16   17  18
                                     12Z  AVG MX 2MIN
DY MAX MIN AVG DEP HDD CDD  WTR  SNW DPTH SPD SPD DIR MIN PSBL S-S WX    SPD DR
================================================================================

 1  92  68  80  21   0  15 0.00    M    M  8.7 18 230   M    M   1 8      29 250
 2  88  67  78  19   0  13 0.00    M    M  8.4 20 250   M    M   3        32 270
 3  72  50  61   3   4   0 0.04    M    M  9.4 17 330   M    M   3 1      27 290
 4  68  46  57  -1   8   0 0.00    M    M  8.9 15  30   M    M   0        23  50
 5  76  46  61   3   4   0 0.06    M    M  7.3 14 120   M    M   3 8      20 150
 6  71  54  63   6   2   0    T    M    M  5.9 14 330   M    M   5        23 350
 7  74  45  60   3   5   0 0.00    M    M  4.5 10 350   M    M   0        17 340
 8  75  41  58   2   7   0 0.00    M    M  3.7 10 120   M    M   0        15 140
 9  77  44  61   5   4   0 0.00    M    M  6.0 12 160   M    M   0        19 110
10  75  53  64   8   1   0    T    M    M  7.7 20 180   M    M   3 13     26 180
11  69  35  52  -3  13   0 0.57    M    M 10.4 24 170   M    M   8 1      34 180
12  57  32  45 -10  20   0 0.00    M    M 14.5 25 220   M    M   0        37 190
13  66  37  52  -3  13   0 0.00    M    M 11.7 23 220   M    M   0        30 250
14  63  32  48  -6  17   0 0.00    M    M  5.5 14 250   M    M   0        23 260
15  66  38  52  -2  13   0    T    M    M 10.6 21 300   M    M   5        30 300
16  54  38  46  -8  19   0 0.00    M    M  9.9 20 310   M    M   6        31 310
================================================================================
SM 1143  726       130  28  0.67    M    133.1          M       37
================================================================================
AV 71.4 45.4                               8.3 FASTST   M    M   2    MAX(MPH)
                                 MISC ---->  # 25 220               # 37  190
================================================================================
NOTES:
# LAST OF SEVERAL OCCURRENCES

COLUMN 17 PEAK WIND IN M.P.H.

PRELIMINARY LOCAL CLIMATOLOGICAL DATA (WS FORM: F-6) , PAGE 2

                                          STATION:  CHAMPAIGN IL AIRPORT
                                          MONTH:    OCTOBER
                                          YEAR:     2019
                                          LATITUDE:   40  1 N
                                          LONGITUDE:  88 17 W

[TEMPERATURE DATA]      [PRECIPITATION DATA]       SYMBOLS USED IN COLUMN 16

AVERAGE MONTHLY: 58.4   TOTAL FOR MONTH:   0.67    1 = FOG OR MIST
DPTR FM NORMAL:   2.1   DPTR FM NORMAL:   -0.94    2 = FOG REDUCING VISIBILITY
HIGHEST:    92 ON  1    GRTST 24HR  0.57 ON 11-11      TO 1/4 MILE OR LESS
LOWEST:     32 ON 14,12                            3 = THUNDER
                        SNOW, ICE PELLETS, HAIL    4 = ICE PELLETS
                        TOTAL MONTH:    M          5 = HAIL
                        GRTST 24HR    M  ON   M    6 = FREEZING RAIN OR DRIZZLE
                        GRTST DEPTH:  M  ON   M    7 = DUSTSTORM OR SANDSTORM:
                                                       VSBY 1/2 MILE OR LESS
                                                   8 = SMOKE OR HAZE
[NO. OF DAYS WITH]      [WEATHER - DAYS WITH]      9 = BLOWING SNOW
                                                   X = TORNADO
MAX 32 OR BELOW:   0    0.01 INCH OR MORE:   3
MAX 90 OR ABOVE:   1    0.10 INCH OR MORE:   1
MIN 32 OR BELOW:   2    0.50 INCH OR MORE:   1
MIN  0 OR BELOW:   0    1.00 INCH OR MORE:   0

[HDD (BASE 65) ]
TOTAL THIS MO.   130    CLEAR  (SCALE 0-3)   9
DPTR FM NORMAL   -24    PTCLDY (SCALE 4-7)   7
TOTAL FM JUL 1   133    CLOUDY (SCALE 8-10)  0
DPTR FM NORMAL  -113

[CDD (BASE 65) ]
TOTAL THIS MO.    28
DPTR FM NORMAL    14    [PRESSURE DATA]
TOTAL FM JAN 1  1168    HIGHEST SLP M ON M
DPTR FM NORMAL   229    LOWEST  SLP 29.76 ON 15

[REMARKS]
