776
CXUS53 KILX 270900
CF6CMI
PRELIMINARY LOCAL CLIMATOLOGICAL DATA (WS FORM: F-6)

                                          STATION:   CHAMPAIGN IL AIRPORT
                                          MONTH:     MAY
                                          YEAR:      2024
                                          LATITUDE:   40  1 N
                                          LONGITUDE:  88 17 W

  TEMPERATURE IN F:       :PCPN:    SNOW:  WIND      :SUNSHINE: SKY     :PK WND
================================================================================
1   2   3   4   5  6A  6B    7    8   9   10  11  12  13   14  15   16   17  18
                                     12Z  AVG MX 2MIN
DY MAX MIN AVG DEP HDD CDD  WTR  SNW DPTH SPD SPD DIR MIN PSBL S-S WX    SPD DR
================================================================================

 1  79  57  68  10   0   3 0.00    M    M  9.9 17 280   M    M   1        23 170
 2  88  56  72  13   0   7 0.00    M    M 12.1 24 200   M    M   3 8      32 190
 3  76  57  67   8   0   2 0.01    M    M  7.3 15  50   M    M   7        21  40
 4  86  54  70  10   0   5 0.85    M    M  8.3 30 270   M    M   3 138    45 270
 5  71  53  62   2   3   0 0.00    M    M  7.5 20 340   M    M   5        27 340
 6  78  56  67   7   0   2    T    M    M  7.7 14  70   M    M   7        18  70
 7  82  60  71  10   0   6 0.38    M    M 14.0 28 190   M    M   4 13     35 190
 8  76  52  64   3   1   0 0.04    M    M  6.8 15 120   M    M   4        20 150
 9  69  54  62   0   3   0 0.04    M    M 10.0 21 360   M    M   9 1      27  10
10  70  49  60  -2   5   0 0.00    M    M  9.1 18 270   M    M   5 18     23 290
11  75  50  63   1   2   0 0.00    M    M 12.2 28 320   M    M   2        41 290
12  85  49  67   4   0   2 0.00    M    M    M 23 210   M    M   1        28 210
13  80  60  70   7   0   5 0.58    M    M 10.9 26 210   M    M   5 13     36 200
14  70  58  64   1   1   0 0.14    M    M 11.6 18  30   M    M  10 1      24  30
15  73  56  65   1   0   0    T    M    M 10.1 21 360   M    M   7 18     25  10
16  72  53  63  -1   2   0 0.85    M    M  6.4 23 210   M    M   6 128    30 210
17  81  59  70   6   0   5 0.00    M    M  5.1 12 180   M    M   6 12     17 110
18  85  61  73   8   0   8 0.00    M    M  5.9 10 190   M    M   1 1      16 180
19  92  63  78  13   0  13    T    M    M  7.6 24 200   M    M   2 3      34 200
20  89  67  78  12   0  13 0.00    M    M 12.5 26 200   M    M   1        34 200
21  93  66  80  14   0  15 0.07    M    M 18.6 46 220   M    M   2 38     59 240
22  81  60  71   5   0   6    T    M    M 13.4 26 270   M    M   2        36 290
23  83  54  69   3   0   4 0.00    M    M  8.1 20 170   M    M   2        25 150
24  83  63  73   6   0   8 2.68    M    M 12.4 33 180   M    M   8 13     42 180
25  78  61  70   3   0   5    T    M    M  6.0 18 350   M    M   3        24 350
26  80  60  70   2   0   5 0.68    M    M 12.4 25 110   M    M   4 123    35 230
================================================================================
SM 2075 1488        17 114  6.32    M    245.9          M      110
================================================================================
AV 79.8 57.2                               9.8 FASTST   M    M   4    MAX(MPH)
                                 MISC ---->    46 220                 59 240
================================================================================
NOTES:
# LAST OF SEVERAL OCCURRENCES

COLUMN 17 PEAK WIND IN M.P.H.

PRELIMINARY LOCAL CLIMATOLOGICAL DATA (WS FORM: F-6) , PAGE 2

                                          STATION:   CHAMPAIGN IL AIRPORT
                                          MONTH:     MAY
                                          YEAR:      2024
                                          LATITUDE:   40  1 N
                                          LONGITUDE:  88 17 W

[TEMPERATURE DATA]      [PRECIPITATION DATA]       SYMBOLS USED IN COLUMN 16

AVERAGE MONTHLY: 68.5   TOTAL FOR MONTH:   6.32    1 = FOG OR MIST
DPTR FM NORMAL:   5.4   DPTR FM NORMAL:    2.71    2 = FOG REDUCING VISIBILITY
HIGHEST:    93 ON 21    GRTST 24HR  2.68 ON 24-24      TO 1/4 MILE OR LESS
LOWEST:     49 ON 12,10                             3 = THUNDER
                        SNOW, ICE PELLETS, HAIL    4 = ICE PELLETS
                        TOTAL MONTH:  M            5 = HAIL
                        GRTST 24HR    M  ON   M    6 = FREEZING RAIN OR DRIZZLE
                        GRTST DEPTH:  M  ON   M    7 = DUSTSTORM OR SANDSTORM:
                                                       VSBY 1/2 MILE OR LESS
                                                   8 = SMOKE OR HAZE
[NO. OF DAYS WITH]      [WEATHER - DAYS WITH]      9 = BLOWING SNOW
                                                   X = TORNADO
MAX 32 OR BELOW:   0    0.01 INCH OR MORE:  11
MAX 90 OR ABOVE:   2    0.10 INCH OR MORE:   7
MIN 32 OR BELOW:   0    0.50 INCH OR MORE:   5
MIN  0 OR BELOW:   0    1.00 INCH OR MORE:   1

[HDD (BASE 65) ]
TOTAL THIS MO.    17    CLEAR  (SCALE 0-3)  11
DPTR FM NORMAL  -105    PTCLDY (SCALE 4-7)  13
TOTAL FM JUL 1  4435    CLOUDY (SCALE 8-10)  2
DPTR FM NORMAL -1129

[CDD (BASE 65) ]
TOTAL THIS MO.   114
DPTR FM NORMAL    42    [PRESSURE DATA]
TOTAL FM JAN 1   140    HIGHEST SLP M ON M
DPTR FM NORMAL    54    LOWEST  SLP 29.51 ON  7

[REMARKS]