000
CXUS53 KARX 210930
CF6CMY
PRELIMINARY LOCAL CLIMATOLOGICAL DATA (WS FORM: F-6)

                                          STATION:   SPARTA - FORT MCCOY WI
                                          MONTH:     FEBRUARY
                                          YEAR:      2020
                                          LATITUDE:   43 58 N
                                          LONGITUDE:  90 44 W

  TEMPERATURE IN F:       :PCPN:    SNOW:  WIND      :SUNSHINE: SKY     :PK WND
================================================================================
1   2   3   4   5  6A  6B    7    8   9   10  11  12  13   14  15   16   17  18
                                     12Z  AVG MX 2MIN
DY MAX MIN AVG DEP HDD CDD  WTR  SNW DPTH SPD SPD DIR MIN PSBL S-S WX    SPD DR
================================================================================

 1  39  31  35   M  30   0 0.00  0.0    M  6.3 10 260   M    M   8 1      17 250
 2  50  25  38   M  27   0 0.00  0.0    M  7.0 16 260   M    M   0        20 280
 3  40  18  29   M  36   0 0.00  0.0    M  5.2 13  10   M    M   5 1      17  10
 4  29   8  19   M  46   0 0.00  0.0    M  8.4 17 350   M    M   4        22  20
 5  28   4  16   M  49   0 0.00  0.0    M  0.1  4 170   M    M   2         M  M
 6  33   5  19   M  46   0 0.00  0.0    M  0.3  7 290   M    M   1         M  M
 7  32   9  21   M  44   0 0.00  0.0    M  2.5  8 300   M    M   9         M  M
 8  28   6  17   M  48   0    M    M    M  2.2  8 260   M    M   5         M  M
 9  24   3  14   M  51   0    M    M    M  4.4  9 330   M    M   4         M  M
10  29 -10  10   M  55   0 0.11    M    M  2.1  9 180   M    M   2 12      M  M
11  29   3  16   M  49   0 0.00  0.0    M  4.2  9 260   M    M   0        10 260
12  37   2  20   M  45   0    M    M    M  6.2 13 340   M    M   5        21 340
13  16 -19  -1   M  66   0    T    T    M  7.7 13  10   M    M   2 8      25  10
14  14 -29  -7   M  72   0 0.00  0.0    M  4.5 12 190   M    M   1        20 200
15  35  12  24   M  41   0 0.00  0.0    M  7.1 12 190   M    M   3        18 210
16  30   2  16   M  49   0    M    M    M  1.0  6  70   M    M   6         M  M
17  36  24  30   M  35   0    M    M    M  4.4  7  90   M    M   9         M  M
18  30  10  20   M  45   0    M    M    M  8.3 13 290   M    M   4        21 260
19  17 -13   2   M  63   0 0.00  0.0    M  3.3 12 310   M    M   1         M  M
20  16 -24  -4   M  69   0 0.00  0.0    M  1.9  7 240   M    M   0         M  M
================================================================================
SM  592   67       966   0  0.11    T     87.1          M       71
================================================================================
AV 29.6  3.4                               4.4 FASTST   M    M   4    MAX(MPH)
                                 MISC ---->  # 17 350               # 25   10
================================================================================
NOTES:
# LAST OF SEVERAL OCCURRENCES

COLUMN 17 PEAK WIND IN M.P.H.

PRELIMINARY LOCAL CLIMATOLOGICAL DATA (WS FORM: F-6) , PAGE 2

                                          STATION:  SPARTA - FORT MCCOY WI
                                          MONTH:    FEBRUARY
                                          YEAR:     2020
                                          LATITUDE:   43 58 N
                                          LONGITUDE:  90 44 W

[TEMPERATURE DATA]      [PRECIPITATION DATA]       SYMBOLS USED IN COLUMN 16

AVERAGE MONTHLY: 16.5   TOTAL FOR MONTH:   0.11    1 = FOG OR MIST
DPTR FM NORMAL:     M   DPTR FM NORMAL:       M    2 = FOG REDUCING VISIBILITY
HIGHEST:    50 ON  2    GRTST 24HR  0.11 ON 10-10      TO 1/4 MILE OR LESS
LOWEST:    -29 ON 14                               3 = THUNDER
                        SNOW, ICE PELLETS, HAIL    4 = ICE PELLETS
                        TOTAL MONTH:    T          5 = HAIL
                        GRTST 24HR    T  ON 13-13  6 = FREEZING RAIN OR DRIZZLE
                        GRTST DEPTH:  M  ON   M    7 = DUSTSTORM OR SANDSTORM:
                                                       VSBY 1/2 MILE OR LESS
                                                   8 = SMOKE OR HAZE
[NO. OF DAYS WITH]      [WEATHER - DAYS WITH]      9 = BLOWING SNOW
                                                   X = TORNADO
MAX 32 OR BELOW:  13    0.01 INCH OR MORE:   1
MAX 90 OR ABOVE:   0    0.10 INCH OR MORE:   1
MIN 32 OR BELOW:  20    0.50 INCH OR MORE:   0
MIN  0 OR BELOW:   5    1.00 INCH OR MORE:   0

[HDD (BASE 65) ]
TOTAL THIS MO.   966    CLEAR  (SCALE 0-3)   9
DPTR FM NORMAL     M    PTCLDY (SCALE 4-7)   9
TOTAL FM JUL 1  5563    CLOUDY (SCALE 8-10)  2
DPTR FM NORMAL     M

[CDD (BASE 65) ]
TOTAL THIS MO.     0
DPTR FM NORMAL     M    [PRESSURE DATA]
TOTAL FM JAN 1     0    HIGHEST SLP M ON M
DPTR FM NORMAL     M    LOWEST  SLP M ON M

[REMARKS]
