000
CXUS54 KMAF 181100
CF6CNM
PRELIMINARY LOCAL CLIMATOLOGICAL DATA (WS FORM: F-6)

                                          STATION:   Carlsbad
                                          MONTH:     AUGUST
                                          YEAR:      2018
                                          LATITUDE:   32 20 N
                                          LONGITUDE: 104 15 W

  TEMPERATURE IN F:       :PCPN:    SNOW:  WIND      :SUNSHINE: SKY     :PK WND
================================================================================
1   2   3   4   5  6A  6B    7    8   9   10  11  12  13   14  15   16   17  18
                                     12Z  AVG MX 2MIN
DY MAX MIN AVG DEP HDD CDD  WTR  SNW DPTH SPD SPD DIR MIN PSBL S-S WX    SPD DR
================================================================================

 1  93  68  81   0   0  16 0.00  0.0    0  9.1 17 120   M    M   0        30 110
 2  97  72  85   4   0  20    T  0.0    0  7.1 15  30   M    M   0        17  30
 3  98  72  85   4   0  20    T  0.0    0  8.7 31 350   M    M   1 3      38 350
 4  97  70  84   3   0  19    T  0.0    0 10.4 16 210   M    M   1 3      21 150
 5  95  70  83   2   0  18 0.00  0.0    0 11.7 21 150   M    M   0        27 120
 6  93  63  78  -3   0  13 0.00  0.0    0  9.2 16 120   M    M   0        27 120
 7  98  67  83   2   0  18 0.00  0.0    0  8.7 14 110   M    M   0        22 100
 8  97  73  85   4   0  20 0.00  0.0    0  9.8 29  50   M    M   1        35  50
 9  91  70  81   0   0  16    T  0.0    0  6.1 25  50   M    M   1        33  70
10  82  64  73  -8   0   8 0.56  0.0    0  6.9 17 100   M    M   6 13     21  90
11  83  65  74  -7   0   9 0.05  0.0    0  7.3 23 350   M    M   3        27 350
12  83  65  74  -7   0   9 0.00  0.0    0  7.6 18  50   M    M   3        21  50
13  91  63  77  -4   0  12 0.00  0.0    0  6.0 16 120   M    M   0        21  80
14  99  66  83   2   0  18 0.00  0.0    0  7.1 18 150   M    M   0        24 150
15  97  68  83   3   0  18 0.00  0.0    0  8.1 28 100   M    M   1 38     34 100
16  98  73  86   6   0  21 0.00  0.0    0  7.2 23 260   M    M   0        28 240
17  97  71  84   4   0  19 0.00  0.0    0  5.5 13  70   M    M   0        23 140
================================================================================
SM 1589 1160         0 274  0.61     0.0 136.5          M       17
================================================================================
AV 93.5 68.2                               8.0 FASTST   M    M   1    MAX(MPH)
                                 MISC ---->  # 31 350               # 38  350
================================================================================
NOTES:
# LAST OF SEVERAL OCCURRENCES

COLUMN 17 PEAK WIND IN M.P.H.

PRELIMINARY LOCAL CLIMATOLOGICAL DATA (WS FORM: F-6) , PAGE 2

                                          STATION:  Carlsbad
                                          MONTH:    AUGUST
                                          YEAR:     2018
                                          LATITUDE:   32 20 N
                                          LONGITUDE: 104 15 W

[TEMPERATURE DATA]      [PRECIPITATION DATA]       SYMBOLS USED IN COLUMN 16

AVERAGE MONTHLY: 80.9   TOTAL FOR MONTH:   0.61    1 = FOG OR MIST
DPTR FM NORMAL:   0.0   DPTR FM NORMAL:   -0.43    2 = FOG REDUCING VISIBILITY
HIGHEST:    99 ON 14    GRTST 24HR  0.83 ON 31- 1      TO 1/4 MILE OR LESS
LOWEST:     63 ON 13, 6                            3 = THUNDER
                        SNOW, ICE PELLETS, HAIL    4 = ICE PELLETS
                        TOTAL MONTH:   0.0 INCH    5 = HAIL
                        GRTST 24HR     0.0         6 = FREEZING RAIN OR DRIZZLE
                        GRTST DEPTH:   0           7 = DUSTSTORM OR SANDSTORM:
                                                       VSBY 1/2 MILE OR LESS
                                                   8 = SMOKE OR HAZE
[NO. OF DAYS WITH]      [WEATHER - DAYS WITH]      9 = BLOWING SNOW
                                                   X = TORNADO
MAX 32 OR BELOW:   0    0.01 INCH OR MORE:   2
MAX 90 OR ABOVE:  14    0.10 INCH OR MORE:   1
MIN 32 OR BELOW:   0    0.50 INCH OR MORE:   1
MIN  0 OR BELOW:   0    1.00 INCH OR MORE:   0

[HDD (BASE 65) ]
TOTAL THIS MO.     0    CLEAR  (SCALE 0-3)  15
DPTR FM NORMAL     0    PTCLDY (SCALE 4-7)   2
TOTAL FM JUL 1     0    CLOUDY (SCALE 8-10)  0
DPTR FM NORMAL     0

[CDD (BASE 65) ]
TOTAL THIS MO.   274
DPTR FM NORMAL     4    [PRESSURE DATA]
TOTAL FM JAN 1  1860    HIGHEST SLP M ON M
DPTR FM NORMAL   300    LOWEST  SLP 29.72 ON 14

[REMARKS]
