000
CXUS53 KICT 190800
CF6CNU
PRELIMINARY LOCAL CLIMATOLOGICAL DATA (WS FORM: F-6)

                                          STATION:   CHANUTE KS
                                          MONTH:     JANUARY
                                          YEAR:      2019
                                          LATITUDE:   37 40 N
                                          LONGITUDE:  95 29 W

  TEMPERATURE IN F:       :PCPN:    SNOW:  WIND      :SUNSHINE: SKY     :PK WND
================================================================================
1   2   3   4   5  6A  6B    7    8   9   10  11  12  13   14  15   16   17  18
                                     12Z  AVG MX 2MIN
DY MAX MIN AVG DEP HDD CDD  WTR  SNW DPTH SPD SPD DIR MIN PSBL S-S WX    SPD DR
================================================================================

 1  26  20  23  -9  42   0 0.00    M    M  8.5 20 350   M    M  10        27 360
 2  29  21  25  -7  40   0 0.00    M    M  6.4 13 210   M    M   5        16 210
 3  39  19  29  -3  36   0    T    M    M  3.0  9 350   M    M   4        12 350
 4  57  28  43  11  22   0    T    M    M  4.7 13 280   M    M   2        17 280
 5  61  29  45  13  20   0 0.00    M    M  6.3 13 210   M    M   0 1      15 210
 6  60  42  51  19  14   0    T    M    M 15.5 30 190   M    M   1        40 190
 7  67  37  52  20  13   0    T    M    M 11.4 25 200   M    M   2        35 200
 8  56  27  42  10  23   0 0.00    M    M  8.8 18 360   M    M   0        27 330
 9  46  23  35   3  30   0 0.00    M    M  6.2 15 360   M    M   0        21 360
10  44  23  34   2  31   0 0.00    M    M  7.7 14 170   M    M   7        19 160
11  42  35  39   7  26   0 0.62    M    M  9.6 15 160   M    M  10 1      21 150
12  35  32  34   2  31   0 0.61    M    M 10.7 20 350   M    M  10 12     28 340
13  32  30  31  -1  34   0 0.00    M    M  8.6 16 360   M    M  10 1      22 360
14  32  28  30  -2  35   0 0.00    M    M  6.7 12 210   M    M  10 1      16 210
15  42  30  36   4  29   0 0.00    M    M  8.9 15 180   M    M   6 1      19 190
16  45  35  40   8  25   0    T    M    M  5.1 12 200   M    M   8 1      15 210
17  40  35  38   6  27   0 0.00    M    M  6.8 14 350   M    M  10 12     16 360
18  52  30  41   9  24   0 0.08    M    M 12.9 31 350   M    M   9 16     48 360
================================================================================
SM  805  524       502   0  1.31    M    147.8          M      104
================================================================================
AV 44.7 29.1                               8.2 FASTST   M    M   6    MAX(MPH)
                                 MISC ---->  # 31 350               # 48  360
================================================================================
NOTES:
# LAST OF SEVERAL OCCURRENCES

COLUMN 17 PEAK WIND IN M.P.H.

PRELIMINARY LOCAL CLIMATOLOGICAL DATA (WS FORM: F-6) , PAGE 2

                                          STATION:  CHANUTE KS
                                          MONTH:    JANUARY
                                          YEAR:     2019
                                          LATITUDE:   37 40 N
                                          LONGITUDE:  95 29 W

[TEMPERATURE DATA]      [PRECIPITATION DATA]       SYMBOLS USED IN COLUMN 16

AVERAGE MONTHLY: 36.9   TOTAL FOR MONTH:   1.31    1 = FOG OR MIST
DPTR FM NORMAL:   4.9   DPTR FM NORMAL:    0.61    2 = FOG REDUCING VISIBILITY
HIGHEST:    67 ON  7    GRTST 24HR  0.99 ON 31- 1      TO 1/4 MILE OR LESS
LOWEST:     19 ON  3                               3 = THUNDER
                        SNOW, ICE PELLETS, HAIL    4 = ICE PELLETS
                        TOTAL MONTH:    M          5 = HAIL
                        GRTST 24HR    M  ON   M    6 = FREEZING RAIN OR DRIZZLE
                        GRTST DEPTH:  M  ON   M    7 = DUSTSTORM OR SANDSTORM:
                                                       VSBY 1/2 MILE OR LESS
                                                   8 = SMOKE OR HAZE
[NO. OF DAYS WITH]      [WEATHER - DAYS WITH]      9 = BLOWING SNOW
                                                   X = TORNADO
MAX 32 OR BELOW:   4    0.01 INCH OR MORE:   3
MAX 90 OR ABOVE:   0    0.10 INCH OR MORE:   2
MIN 32 OR BELOW:  13    0.50 INCH OR MORE:   2
MIN  0 OR BELOW:   0    1.00 INCH OR MORE:   0

[HDD (BASE 65) ]
TOTAL THIS MO.   502    CLEAR  (SCALE 0-3)   6
DPTR FM NORMAL   -92    PTCLDY (SCALE 4-7)   4
TOTAL FM JUL 1  2345    CLOUDY (SCALE 8-10)  8
DPTR FM NORMAL   -42

[CDD (BASE 65) ]
TOTAL THIS MO.     0
DPTR FM NORMAL     0    [PRESSURE DATA]
TOTAL FM JAN 1     0    HIGHEST SLP M ON M
DPTR FM NORMAL     0    LOWEST  SLP 29.61 ON  7

[REMARKS]
