000
CXUS53 KICT 180800
CF6CNU
PRELIMINARY LOCAL CLIMATOLOGICAL DATA (WS FORM: F-6)

                                          STATION:   CHANUTE KS
                                          MONTH:     OCTOBER
                                          YEAR:      2018
                                          LATITUDE:   37 40 N
                                          LONGITUDE:  95 29 W

  TEMPERATURE IN F:       :PCPN:    SNOW:  WIND      :SUNSHINE: SKY     :PK WND
================================================================================
1   2   3   4   5  6A  6B    7    8   9   10  11  12  13   14  15   16   17  18
                                     12Z  AVG MX 2MIN
DY MAX MIN AVG DEP HDD CDD  WTR  SNW DPTH SPD SPD DIR MIN PSBL S-S WX    SPD DR
================================================================================

 1  82  63  73  10   0   8 0.00    M    M 11.1 18 180   M    M   4 1      25 180
 2  86  66  76  13   0  11 0.00    M    M 11.2 20 180   M    M   1 1      27 180
 3  89  72  81  19   0  16 0.00    M    M 16.4 32 210   M    M   1        45 200
 4  77  57  67   5   0   2 1.19    M    M  9.1 25 340   M    M  10 13     35 330
 5  87  57  72  10   0   7 0.01    M    M 10.0 21 180   M    M   5 12     30 220
 6  75  55  65   4   0   0 0.17    M    M  9.2 22 320   M    M   9 13     27 310
 7  74  57  66   5   0   1 1.75    M    M  4.2 21 270   M    M   9 13     28 250
 8  83  65  74  13   0   9 1.94    M    M  9.5 26 180   M    M   8 13     37 180
 9  75  63  69   9   0   4 1.30    M    M  9.0 20 180   M    M   8 13     28 280
10  64  47  56  -4   9   0 0.06    M    M 11.8 21 280   M    M   7 1      28 280
11  60  40  50 -10  15   0    T    M    M  6.0 16 360   M    M   4 18     24 350
12  53  47  50  -9  15   0 0.50    M    M  4.2 10 110   M    M  10 1      14 120
13  57  46  52  -7  13   0 0.00    M    M  6.1 14 110   M    M   5 1      18 110
14  55  36  46 -13  19   0 0.19    M    M 10.0 24 350   M    M  10 1      36 360
15  50  33  42 -16  23   0    T    M    M  7.7 21 350   M    M   3 1      28 340
16  63  31  47 -11  18   0 0.00    M    M  3.4 10 270   M    M   0 8      17 290
17  70  39  55  -3  10   0 0.00    M    M  3.5 14  40   M    M   0        20  40
================================================================================
SM 1200  874       122  58  7.11    M    142.4          M       94
================================================================================
AV 70.6 51.4                               8.4 FASTST   M    M   6    MAX(MPH)
                                 MISC ---->  # 32 210               # 45  200
================================================================================
NOTES:
# LAST OF SEVERAL OCCURRENCES

COLUMN 17 PEAK WIND IN M.P.H.

PRELIMINARY LOCAL CLIMATOLOGICAL DATA (WS FORM: F-6) , PAGE 2

                                          STATION:  CHANUTE KS
                                          MONTH:    OCTOBER
                                          YEAR:     2018
                                          LATITUDE:   37 40 N
                                          LONGITUDE:  95 29 W

[TEMPERATURE DATA]      [PRECIPITATION DATA]       SYMBOLS USED IN COLUMN 16

AVERAGE MONTHLY: 61.0   TOTAL FOR MONTH:   7.11    1 = FOG OR MIST
DPTR FM NORMAL:   0.6   DPTR FM NORMAL:    4.86    2 = FOG REDUCING VISIBILITY
HIGHEST:    89 ON  3    GRTST 24HR  1.94 ON  8- 8      TO 1/4 MILE OR LESS
LOWEST:     31 ON 16                               3 = THUNDER
                        SNOW, ICE PELLETS, HAIL    4 = ICE PELLETS
                        TOTAL MONTH:    M          5 = HAIL
                        GRTST 24HR    M  ON   M    6 = FREEZING RAIN OR DRIZZLE
                        GRTST DEPTH:  M  ON   M    7 = DUSTSTORM OR SANDSTORM:
                                                       VSBY 1/2 MILE OR LESS
                                                   8 = SMOKE OR HAZE
[NO. OF DAYS WITH]      [WEATHER - DAYS WITH]      9 = BLOWING SNOW
                                                   X = TORNADO
MAX 32 OR BELOW:   0    0.01 INCH OR MORE:   9
MAX 90 OR ABOVE:   0    0.10 INCH OR MORE:   7
MIN 32 OR BELOW:   1    0.50 INCH OR MORE:   5
MIN  0 OR BELOW:   0    1.00 INCH OR MORE:   4

[HDD (BASE 65) ]
TOTAL THIS MO.   122    CLEAR  (SCALE 0-3)   4
DPTR FM NORMAL    20    PTCLDY (SCALE 4-7)   8
TOTAL FM JUL 1   150    CLOUDY (SCALE 8-10)  5
DPTR FM NORMAL     1

[CDD (BASE 65) ]
TOTAL THIS MO.    58
DPTR FM NORMAL    33    [PRESSURE DATA]
TOTAL FM JAN 1  1885    HIGHEST SLP M ON M
DPTR FM NORMAL   363    LOWEST  SLP 29.55 ON  9

[REMARKS]
