000
CXUS53 KLSX 191600
CF6COU
PRELIMINARY LOCAL CLIMATOLOGICAL DATA (WS FORM: F-6)

                                          STATION:   COLUMBIA ASOS
                                          MONTH:     JUNE
                                          YEAR:      2018
                                          LATITUDE:   38 49 N
                                          LONGITUDE:  92 13 W

  TEMPERATURE IN F:       :PCPN:    SNOW:  WIND      :SUNSHINE: SKY     :PK WND
================================================================================
1   2   3   4   5  6A  6B    7    8   9   10  11  12  13   14  15   16   17  18
                                     12Z  AVG MX 2MIN
DY MAX MIN AVG DEP HDD CDD  WTR  SNW DPTH SPD SPD DIR MIN PSBL S-S WX    SPD DR
================================================================================

 1  95  67  81  12   0  16 0.00  0.0    0  5.7 10 290   M    M   1        17 270
 2  86  67  77   8   0  12 0.30  0.0    0 10.3 25 300   M    M   4 138    35 290
 3  84  61  73   4   0   8 0.00  0.0    0 10.0 22 330   M    M   0        30 320
 4  79  56  68  -2   0   3 0.00  0.0    0  4.7 14  60   M    M   0        18  40
 5  88  57  73   3   0   8 0.00  0.0    0  5.5 10 250   M    M   0 8      15 260
 6  90  62  76   6   0  11 0.00  0.0    0  4.2 12 160   M    M   0        19 180
 7  92  65  79   8   0  14 0.00  0.0    0  5.4 14 200   M    M   1 3      21 210
 8  89  73  81  10   0  16 0.00  0.0    0  6.5 13 200   M    M   1        18 210
 9  93  71  82  11   0  17 0.00  0.0    0 10.0 18 220   M    M   2        26 190
10  95  71  83  11   0  18 0.00  0.0    0 10.5 21 220   M    M   0        27 250
11  96  72  84  12   0  19 0.00  0.0    0  7.5 16 210   M    M   1        20 210
12  89  68  79   7   0  14 0.05  0.0    0  7.8 33 350   M    M   0 3      42 360
13  91  68  80   8   0  15 0.00  0.0    0  7.0 15 330   M    M   2        19 320
14  96  67  82   9   0  17 0.00  0.0    0  9.2 25 140   M    M   1 3      37 130
15  97  68  83  10   0  18 0.00  0.0    0  9.3 17 200   M    M   1        24 190
16  96  74  85  12   0  20 0.00  0.0    0 10.0 17 170   M    M   1        28 200
17  96  76  86  12   0  21 0.00  0.0    0 10.5 17 160   M    M   1        23 180
18  97  75  86  12   0  21 0.00  0.0    0  9.6 20 160   M    M   1        26 160
================================================================================
SM 1649 1218         0 268  0.35     0.0 143.7          M       17
================================================================================
AV 91.6 67.7                               8.0 FASTST   M    M   1    MAX(MPH)
                                 MISC ---->  # 33 350               # 42  360
================================================================================
NOTES:
# LAST OF SEVERAL OCCURRENCES

COLUMN 17 PEAK WIND IN M.P.H.

PRELIMINARY LOCAL CLIMATOLOGICAL DATA (WS FORM: F-6) , PAGE 2

                                          STATION:  COLUMBIA ASOS
                                          MONTH:    JUNE
                                          YEAR:     2018
                                          LATITUDE:   38 49 N
                                          LONGITUDE:  92 13 W

[TEMPERATURE DATA]      [PRECIPITATION DATA]       SYMBOLS USED IN COLUMN 16

AVERAGE MONTHLY: 79.6   TOTAL FOR MONTH:   0.35    1 = FOG OR MIST
DPTR FM NORMAL:   8.2   DPTR FM NORMAL:   -2.35    2 = FOG REDUCING VISIBILITY
HIGHEST:    97 ON 18,15 GRTST 24HR  0.30 ON  2- 2      TO 1/4 MILE OR LESS
LOWEST:     56 ON  4                               3 = THUNDER
                        SNOW, ICE PELLETS, HAIL    4 = ICE PELLETS
                        TOTAL MONTH:   0.0 INCH    5 = HAIL
                        GRTST 24HR     0.0         6 = FREEZING RAIN OR DRIZZLE
                        GRTST DEPTH:   0           7 = DUSTSTORM OR SANDSTORM:
                                                       VSBY 1/2 MILE OR LESS
                                                   8 = SMOKE OR HAZE
[NO. OF DAYS WITH]      [WEATHER - DAYS WITH]      9 = BLOWING SNOW
                                                   X = TORNADO
MAX 32 OR BELOW:   0    0.01 INCH OR MORE:   2
MAX 90 OR ABOVE:  12    0.10 INCH OR MORE:   1
MIN 32 OR BELOW:   0    0.50 INCH OR MORE:   0
MIN  0 OR BELOW:   0    1.00 INCH OR MORE:   0

[HDD (BASE 65) ]
TOTAL THIS MO.     0    CLEAR  (SCALE 0-3)  17
DPTR FM NORMAL    -9    PTCLDY (SCALE 4-7)   1
TOTAL FM JUL 1  4769    CLOUDY (SCALE 8-10)  0
DPTR FM NORMAL  -252

[CDD (BASE 65) ]
TOTAL THIS MO.   268
DPTR FM NORMAL   145    [PRESSURE DATA]
TOTAL FM JAN 1   563    HIGHEST SLP M ON M
DPTR FM NORMAL   337    LOWEST  SLP 29.71 ON 10

[REMARKS]
