000
CXUS55 KRIW 240945
CF6CPR
PRELIMINARY LOCAL CLIMATOLOGICAL DATA (WS FORM: F-6)

                                          STATION:   CASPER WY
                                          MONTH:     JUNE
                                          YEAR:      2018
                                          LATITUDE:   42 55 N
                                          LONGITUDE: 106 28 W

  TEMPERATURE IN F:       :PCPN:    SNOW:  WIND      :SUNSHINE: SKY     :PK WND
================================================================================
1   2   3   4   5  6A  6B    7    8   9   10  11  12  13   14  15   16   17  18
                                     12Z  AVG MX 2MIN
DY MAX MIN AVG DEP HDD CDD  WTR  SNW DPTH SPD SPD DIR MIN PSBL S-S WX    SPD DR
================================================================================

 1  73  42  58   1   7   0 0.00  0.0    0 17.4 41 250   M    M   0        50 230
 2  72  39  56  -2   9   0 0.00  0.0    0  9.5 22 290   M    M   0        27 310
 3  80  37  59   1   6   0 0.00  0.0    0  4.9 13 100   M    M   0        17 120
 4  86  47  67   9   0   2 0.00  0.0    0 10.2 24 300   M    M   0        32 300
 5  93  46  70  12   0   5 0.00  0.0    0 10.1 46 270   M    M   0        70 180
 6  82  56  69  10   0   4 0.00  0.0    0 10.0 24  50   M    M   4        31  50
 7  90  52  71  12   0   6 0.00  0.0    0  8.4 30  30   M    M   2        44  30
 8  89  49  69   9   0   4 0.00  0.0    0  8.1 22 360   M    M   0 3      26  10
 9  93  47  70  10   0   5 0.00  0.0    0  7.6 25 210   M    M   0        32 210
10  86  45  66   6   0   1 0.00  0.0    0 15.3 35 240   M    M   0        43 240
11  79  39  59  -2   6   0 0.00  0.0    0 13.7 28 240   M    M   2        41 240
12  83  36  60  -1   5   0 0.00  0.0    0  8.5 22 290   M    M   1        30 260
13  93  35  64   3   1   0 0.00  0.0    0 10.5 25 250   M    M   0        34 280
14  96  49  73  11   0   8 0.00  0.0    0 15.0 31 260   M    M   0        42 260
15  88  49  69   7   0   4    T  0.0    0 10.7 39  10   M    M   1 38     48  10
16  77  46  62   0   3   0 0.03  0.0    0  9.9 24  30   M    M   7 1      31  30
17  61  51  56  -7   9   0 0.82  0.0    0 13.2 24  80   M    M   9 1      30  90
18  68  49  59  -4   6   0    T  0.0    0 13.9 26  80   M    M   8 13     34  80
19  71  46  59  -5   6   0 0.39  0.0    0  5.1 25 250   M    M   6 13     30 260
20  71  43  57  -7   8   0    T  0.0    0  4.9 18 330   M    M   5 1      22 330
21  84  46  65   1   0   0 0.02  0.0    0  6.5 31 350   M    M   1 13     39 340
22  76  49  63  -2   2   0    T  0.0    0  8.5 22 320   M    M   2 3      30 300
23  80  49  65   0   0   0 0.09  0.0    0 10.2 31 240   M    M   4 3      41 240
================================================================================
SM 1871 1047        68  39  1.35     0.0 232.1          M       52
================================================================================
AV 81.4 45.5                              10.1 FASTST   M    M   2    MAX(MPH)
                                 MISC ---->  # 46 270               # 70  180
================================================================================
NOTES:
# LAST OF SEVERAL OCCURRENCES

COLUMN 17 PEAK WIND IN M.P.H.

PRELIMINARY LOCAL CLIMATOLOGICAL DATA (WS FORM: F-6) , PAGE 2

                                          STATION:  CASPER WY
                                          MONTH:    JUNE
                                          YEAR:     2018
                                          LATITUDE:   42 55 N
                                          LONGITUDE: 106 28 W

[TEMPERATURE DATA]      [PRECIPITATION DATA]       SYMBOLS USED IN COLUMN 16

AVERAGE MONTHLY: 63.4   TOTAL FOR MONTH:   1.35    1 = FOG OR MIST
DPTR FM NORMAL:   2.4   DPTR FM NORMAL:    0.06    2 = FOG REDUCING VISIBILITY
HIGHEST:    96 ON 14    GRTST 24HR  0.82 ON 17-17      TO 1/4 MILE OR LESS
LOWEST:     35 ON 13                               3 = THUNDER
                        SNOW, ICE PELLETS, HAIL    4 = ICE PELLETS
                        TOTAL MONTH:   0.0 INCH    5 = HAIL
                        GRTST 24HR     0.0         6 = FREEZING RAIN OR DRIZZLE
                        GRTST DEPTH:   0           7 = DUSTSTORM OR SANDSTORM:
                                                       VSBY 1/2 MILE OR LESS
                                                   8 = SMOKE OR HAZE
[NO. OF DAYS WITH]      [WEATHER - DAYS WITH]      9 = BLOWING SNOW
                                                   X = TORNADO
MAX 32 OR BELOW:   0    0.01 INCH OR MORE:   5
MAX 90 OR ABOVE:   5    0.10 INCH OR MORE:   2
MIN 32 OR BELOW:   0    0.50 INCH OR MORE:   1
MIN  0 OR BELOW:   0    1.00 INCH OR MORE:   0

[HDD (BASE 65) ]
TOTAL THIS MO.    68    CLEAR  (SCALE 0-3)  16
DPTR FM NORMAL   -54    PTCLDY (SCALE 4-7)   6
TOTAL FM JUL 1  7406    CLOUDY (SCALE 8-10)  1
DPTR FM NORMAL  -160

[CDD (BASE 65) ]
TOTAL THIS MO.    39
DPTR FM NORMAL     8    [PRESSURE DATA]
TOTAL FM JAN 1    41    HIGHEST SLP M ON M
DPTR FM NORMAL     6    LOWEST  SLP 29.48 ON 10

[REMARKS]
