000
CXUS55 KRIW 210945
CF6CPR
PRELIMINARY LOCAL CLIMATOLOGICAL DATA (WS FORM: F-6)

                                          STATION:   CASPER WY
                                          MONTH:     SEPTEMBER
                                          YEAR:      2018
                                          LATITUDE:   42 55 N
                                          LONGITUDE: 106 28 W

  TEMPERATURE IN F:       :PCPN:    SNOW:  WIND      :SUNSHINE: SKY     :PK WND
================================================================================
1   2   3   4   5  6A  6B    7    8   9   10  11  12  13   14  15   16   17  18
                                     12Z  AVG MX 2MIN
DY MAX MIN AVG DEP HDD CDD  WTR  SNW DPTH SPD SPD DIR MIN PSBL S-S WX    SPD DR
================================================================================

 1  86  42  64  -1   1   0 0.00  0.0    0 10.5 26 250   M    M   0        32 250
 2  83  39  61  -3   4   0 0.00  0.0    0  6.3 16  80   M    M   0        19  80
 3  88  44  66   2   0   1 0.00  0.0    0  9.9 24 240   M    M   0        32 210
 4  76  50  63   0   2   0 0.00  0.0    0  9.8 18  50   M    M   0        23  30
 5  81  51  66   3   0   1 0.00  0.0    0  8.0 21  90   M    M   2        25 100
 6  85  44  65   3   0   0 0.00  0.0    0  6.3 30 350   M    M   0 3      37 350
 7  86  39  63   1   2   0 0.00  0.0    0  5.5 15 130   M    M   0        21 130
 8  84  42  63   1   2   0    T  0.0    0 11.1 35 310   M    M   2        44 250
 9  84  50  67   6   0   2 0.00  0.0    0 11.6 26 210   M    M   0        32 210
10  88  42  65   4   0   0 0.00  0.0    0 10.7 28 230   M    M   0        35 220
11  84  50  67   7   0   2 0.00  0.0    0  9.5 21  90   M    M   0        27  90
12  90  40  65   5   0   0 0.00  0.0    0 14.1 38 220   M    M   0        48 210
13  87  40  64   5   1   0 0.00  0.0    0  8.3 31 230   M    M   0        43 250
14  87  38  63   4   2   0 0.00  0.0    0  7.9 21 220   M    M   0        28 230
15  91  38  65   7   0   0 0.00  0.0    0 10.2 24 220   M    M   0        32 220
16  89  56  73  15   0   8 0.00  0.0    0 11.6 29 230   M    M   0        35 230
17  88  49  69  12   0   4    T  0.0    0  9.6 25 230   M    M   0        33 240
18  87  42  65   8   0   0 0.00  0.0    0  8.7 29 240   M    M   0        34 210
19  71  44  58   2   7   0 0.02  0.0    0 11.6 25  80   M    M   5        43 180
20  70  38  54  -2  11   0 0.01  0.0    0 12.0 31 300   M    M   5 1      37 310
================================================================================
SM 1685  878        32  18  0.03     0.0 193.2          M       14
================================================================================
AV 84.3 43.9                               9.7 FASTST   M    M   1    MAX(MPH)
                                 MISC ---->  # 38 220               # 48  210
================================================================================
NOTES:
# LAST OF SEVERAL OCCURRENCES

COLUMN 17 PEAK WIND IN M.P.H.

PRELIMINARY LOCAL CLIMATOLOGICAL DATA (WS FORM: F-6) , PAGE 2

                                          STATION:  CASPER WY
                                          MONTH:    SEPTEMBER
                                          YEAR:     2018
                                          LATITUDE:   42 55 N
                                          LONGITUDE: 106 28 W

[TEMPERATURE DATA]      [PRECIPITATION DATA]       SYMBOLS USED IN COLUMN 16

AVERAGE MONTHLY: 64.1   TOTAL FOR MONTH:   0.03    1 = FOG OR MIST
DPTR FM NORMAL:   3.7   DPTR FM NORMAL:   -0.64    2 = FOG REDUCING VISIBILITY
HIGHEST:    91 ON 15    GRTST 24HR  0.02 ON 19-19      TO 1/4 MILE OR LESS
LOWEST:     38 ON 20,15                            3 = THUNDER
                        SNOW, ICE PELLETS, HAIL    4 = ICE PELLETS
                        TOTAL MONTH:   0.0 INCH    5 = HAIL
                        GRTST 24HR     0.0         6 = FREEZING RAIN OR DRIZZLE
                        GRTST DEPTH:   0           7 = DUSTSTORM OR SANDSTORM:
                                                       VSBY 1/2 MILE OR LESS
                                                   8 = SMOKE OR HAZE
[NO. OF DAYS WITH]      [WEATHER - DAYS WITH]      9 = BLOWING SNOW
                                                   X = TORNADO
MAX 32 OR BELOW:   0    0.01 INCH OR MORE:   2
MAX 90 OR ABOVE:   2    0.10 INCH OR MORE:   0
MIN 32 OR BELOW:   0    0.50 INCH OR MORE:   0
MIN  0 OR BELOW:   0    1.00 INCH OR MORE:   0

[HDD (BASE 65) ]
TOTAL THIS MO.    32    CLEAR  (SCALE 0-3)  18
DPTR FM NORMAL   -87    PTCLDY (SCALE 4-7)   2
TOTAL FM JUL 1    68    CLOUDY (SCALE 8-10)  0
DPTR FM NORMAL   -97

[CDD (BASE 65) ]
TOTAL THIS MO.    18
DPTR FM NORMAL    -6    [PRESSURE DATA]
TOTAL FM JAN 1   422    HIGHEST SLP M ON M
DPTR FM NORMAL     1    LOWEST  SLP 29.66 ON 19

[REMARKS]
