000
CXUS55 KRIW 220945
CF6CPR
PRELIMINARY LOCAL CLIMATOLOGICAL DATA (WS FORM: F-6)

                                          STATION:   CASPER WY
                                          MONTH:     OCTOBER
                                          YEAR:      2019
                                          LATITUDE:   42 55 N
                                          LONGITUDE: 106 28 W

  TEMPERATURE IN F:       :PCPN:    SNOW:  WIND      :SUNSHINE: SKY     :PK WND
================================================================================
1   2   3   4   5  6A  6B    7    8   9   10  11  12  13   14  15   16   17  18
                                     12Z  AVG MX 2MIN
DY MAX MIN AVG DEP HDD CDD  WTR  SNW DPTH SPD SPD DIR MIN PSBL S-S WX    SPD DR
================================================================================

 1  50  34  42  -8  23   0 0.18  0.0    0 14.7 22  30   M    M  10 1      27  40
 2  49  30  40 -10  25   0 0.04  0.0    0 11.9 38 280   M    M   6 13     49 270
 3  67  23  45  -5  20   0 0.00  0.0    0  7.3 18 210   M    M   0        26 220
 4  75  30  53   4  12   0 0.08  0.0    0 15.4 51 280   M    M   2 1      68 280
 5  57  32  45  -4  20   0 0.00  0.0    0 11.2 26 250   M    M   4        35 250
 6  61  26  44  -4  21   0    T  0.0    0 11.7 28 240   M    M   1        35 250
 7  71  33  52   4  13   0 0.00  0.0    0 15.2 29 210   M    M   0        37 210
 8  73  43  58  10   7   0 0.00  0.0    0 16.2 36 240   M    M   0        47 240
 9  55  19  37 -10  28   0 0.08  0.8    0 16.9 29  30   M    M   9 18     35  20
10  24  15  20 -27  45   0 0.04  1.6    1  7.5 20  20   M    M   9 128    24  30
11  49  16  33 -14  32   0 0.00  0.0    T 14.5 25 280   M    M   0        32 290
12  60  22  41  -5  24   0 0.00  0.0    0 11.8 23 190   M    M   0        30 210
13  66  20  43  -3  22   0 0.00  0.0    0 11.3 24 210   M    M   0        31 210
14  69  30  50   4  15   0 0.00  0.0    0 15.0 31 270   M    M   1        40 290
15  57  22  40  -5  25   0 0.00  0.0    0  3.7 14  90   M    M   0        20  90
16  74  30  52   7  13   0 0.00  0.0    0 14.0 30 210   M    M   0        36 210
17  74  48  61  16   4   0 0.00  0.0    0 18.0 36 230   M    M   0        47 230
18  55  31  43  -1  22   0 0.11  0.0    0 11.2 26 270   M    M   4 1      37 270
19  53  29  41  -3  24   0    T  0.0    0 17.3 32 200   M    M   5        43 250
20  40  27  34 -10  31   0 0.45  5.2    T 16.0 35 280   M    M   9 12     48 280
21  43  27  35  -9  30   0 0.00  0.0    0  9.5 23 290   M    M   7        32 290
================================================================================
SM 1222  587       456   0  0.98     7.6 270.3          M       67
================================================================================
AV 58.2 28.0                              12.9 FASTST   M    M   3    MAX(MPH)
                                 MISC ---->  # 51 280               # 68  280
================================================================================
NOTES:
# LAST OF SEVERAL OCCURRENCES

COLUMN 17 PEAK WIND IN M.P.H.

PRELIMINARY LOCAL CLIMATOLOGICAL DATA (WS FORM: F-6) , PAGE 2

                                          STATION:  CASPER WY
                                          MONTH:    OCTOBER
                                          YEAR:     2019
                                          LATITUDE:   42 55 N
                                          LONGITUDE: 106 28 W

[TEMPERATURE DATA]      [PRECIPITATION DATA]       SYMBOLS USED IN COLUMN 16

AVERAGE MONTHLY: 43.1   TOTAL FOR MONTH:   0.98    1 = FOG OR MIST
DPTR FM NORMAL:  -3.7   DPTR FM NORMAL:    0.20    2 = FOG REDUCING VISIBILITY
HIGHEST:    75 ON  4    GRTST 24HR  0.45 ON 20-20      TO 1/4 MILE OR LESS
LOWEST:     15 ON 10                               3 = THUNDER
                        SNOW, ICE PELLETS, HAIL    4 = ICE PELLETS
                        TOTAL MONTH:   7.6 INCHES  5 = HAIL
                        GRTST 24HR   5.2 ON 20-20  6 = FREEZING RAIN OR DRIZZLE
                        GRTST DEPTH:   1 ON 10     7 = DUSTSTORM OR SANDSTORM:
                                                       VSBY 1/2 MILE OR LESS
                                                   8 = SMOKE OR HAZE
[NO. OF DAYS WITH]      [WEATHER - DAYS WITH]      9 = BLOWING SNOW
                                                   X = TORNADO
MAX 32 OR BELOW:   1    0.01 INCH OR MORE:   7
MAX 90 OR ABOVE:   0    0.10 INCH OR MORE:   3
MIN 32 OR BELOW:  17    0.50 INCH OR MORE:   0
MIN  0 OR BELOW:   0    1.00 INCH OR MORE:   0

[HDD (BASE 65) ]
TOTAL THIS MO.   456    CLEAR  (SCALE 0-3)  12
DPTR FM NORMAL    73    PTCLDY (SCALE 4-7)   5
TOTAL FM JUL 1   627    CLOUDY (SCALE 8-10)  4
DPTR FM NORMAL   -41

[CDD (BASE 65) ]
TOTAL THIS MO.     0
DPTR FM NORMAL     0    [PRESSURE DATA]
TOTAL FM JAN 1   441    HIGHEST SLP M ON M
DPTR FM NORMAL    19    LOWEST  SLP 29.51 ON  9

[REMARKS]
