000
CXUS55 KRIW 160945
CF6CPR
PRELIMINARY LOCAL CLIMATOLOGICAL DATA (WS FORM: F-6)

                                          STATION:   CASPER WY
                                          MONTH:     DECEMBER
                                          YEAR:      2018
                                          LATITUDE:   42 55 N
                                          LONGITUDE: 106 28 W

  TEMPERATURE IN F:       :PCPN:    SNOW:  WIND      :SUNSHINE: SKY     :PK WND
================================================================================
1   2   3   4   5  6A  6B    7    8   9   10  11  12  13   14  15   16   17  18
                                     12Z  AVG MX 2MIN
DY MAX MIN AVG DEP HDD CDD  WTR  SNW DPTH SPD SPD DIR MIN PSBL S-S WX    SPD DR
================================================================================

 1  35  20  28   2  37   0    T    T    0  7.2 16 290   M    M   4 1      20 300
 2  29  17  23  -3  42   0 0.04  0.1    0  7.8 16  10   M    M   8 1      18  10
 3  28  13  21  -4  44   0 0.01  1.4    1  4.2 10 230   M    M  10 1      13 230
 4  26  10  18  -7  47   0 0.00  0.0    1 17.1 30 210   M    M   2        36 210
 5  28   8  18  -7  47   0    T    T    1 15.9 33 220   M    M   3        43 220
 6  27   0  14 -11  51   0 0.00  0.0    T  9.2 22 220   M    M   0        25 210
 7  38  12  25   1  40   0 0.00  0.0    T 14.5 25 210   M    M   0        31 220
 8  39  16  28   4  37   0 0.00  0.0    0 12.2 24 220   M    M   0        30 210
 9  35  13  24   0  41   0 0.00  0.0    0 16.3 29 210   M    M   0        36 210
10  41  27  34  10  31   0 0.00  0.0    0 22.6 38 220   M    M   1        45 210
11  41  21  31   7  34   0 0.00  0.0    0 15.4 30 230   M    M   3        38 220
12  41  21  31   7  34   0    T    T    0 19.0 36 220   M    M   8        45 220
13  33  15  24   1  41   0 0.00  0.0    0 20.6 38 220   M    M   0        45 210
14  43  26  35  12  30   0 0.00  0.0    0 23.7 32 210   M    M   0        40 210
15  48  30  39  16  26   0 0.00  0.0    0 23.4 40 210   M    M   0        52 210
================================================================================
SM  532  249       582   0  0.05     1.5 229.1          M       39
================================================================================
AV 35.5 16.6                              15.3 FASTST   M    M   3    MAX(MPH)
                                 MISC ---->  # 40 210               # 52  210
================================================================================
NOTES:
# LAST OF SEVERAL OCCURRENCES

COLUMN 17 PEAK WIND IN M.P.H.

PRELIMINARY LOCAL CLIMATOLOGICAL DATA (WS FORM: F-6) , PAGE 2

                                          STATION:  CASPER WY
                                          MONTH:    DECEMBER
                                          YEAR:     2018
                                          LATITUDE:   42 55 N
                                          LONGITUDE: 106 28 W

[TEMPERATURE DATA]      [PRECIPITATION DATA]       SYMBOLS USED IN COLUMN 16

AVERAGE MONTHLY: 26.0   TOTAL FOR MONTH:   0.05    1 = FOG OR MIST
DPTR FM NORMAL:   1.7   DPTR FM NORMAL:   -0.19    2 = FOG REDUCING VISIBILITY
HIGHEST:    48 ON 15    GRTST 24HR  0.04 ON  2- 2      TO 1/4 MILE OR LESS
LOWEST:      0 ON  6                               3 = THUNDER
                        SNOW, ICE PELLETS, HAIL    4 = ICE PELLETS
                        TOTAL MONTH:   1.5 INCHES  5 = HAIL
                        GRTST 24HR   1.4 ON  3- 3  6 = FREEZING RAIN OR DRIZZLE
                        GRTST DEPTH:   1 ON  5, 4  7 = DUSTSTORM OR SANDSTORM:
                                                       VSBY 1/2 MILE OR LESS
                                                   8 = SMOKE OR HAZE
[NO. OF DAYS WITH]      [WEATHER - DAYS WITH]      9 = BLOWING SNOW
                                                   X = TORNADO
MAX 32 OR BELOW:   5    0.01 INCH OR MORE:   2
MAX 90 OR ABOVE:   0    0.10 INCH OR MORE:   0
MIN 32 OR BELOW:  15    0.50 INCH OR MORE:   0
MIN  0 OR BELOW:   1    1.00 INCH OR MORE:   0

[HDD (BASE 65) ]
TOTAL THIS MO.   582    CLEAR  (SCALE 0-3)  10
DPTR FM NORMAL   -29    PTCLDY (SCALE 4-7)   3
TOTAL FM JUL 1  2412    CLOUDY (SCALE 8-10)  2
DPTR FM NORMAL   -53

[CDD (BASE 65) ]
TOTAL THIS MO.     0
DPTR FM NORMAL     0    [PRESSURE DATA]
TOTAL FM JAN 1   425    HIGHEST SLP M ON M
DPTR FM NORMAL     3    LOWEST  SLP 29.77 ON  1

[REMARKS]
