000
CXUS52 KJAX 250900
CF6CRG
PRELIMINARY LOCAL CLIMATOLOGICAL DATA (WS FORM: F-6)

                                          STATION:   CRAIG EXEC ARPT
                                          MONTH:     FEBRUARY
                                          YEAR:      2020
                                          LATITUDE:   30 19 N
                                          LONGITUDE:  81 31 W

  TEMPERATURE IN F:       :PCPN:    SNOW:  WIND      :SUNSHINE: SKY     :PK WND
================================================================================
1   2   3   4   5  6A  6B    7    8   9   10  11  12  13   14  15   16   17  18
                                     12Z  AVG MX 2MIN
DY MAX MIN AVG DEP HDD CDD  WTR  SNW DPTH SPD SPD DIR MIN PSBL S-S WX    SPD DR
================================================================================

 1  55  48  52  -3  13   0 0.00  0.0    0  8.8 21 320   M    M  10 1      28 300
 2  65  44  55   0  10   0 0.00  0.0    0  9.8 18 300   M    M   0        26 280
 3  74  41  58   3   7   0 0.00  0.0    0  4.9 12 230   M    M   0        17 270
 4  73  43  58   3   7   0 0.00  0.0    0  4.5 13 210   M    M   0        16 220
 5  79  51  65   9   0   0 0.00  0.0    0  5.7 17 210   M    M   1        21 210
 6  84  64  74  18   0   9 0.47  0.0    0 15.9 43 220   M    M   4 13     53 220
 7  64  47  56   0   9   0 0.01  0.0    0 13.9 24 250   M    M   1 1      38 240
 8  62  41  52  -4  13   0 0.00  0.0    0  5.6 14 330   M    M   0        18 350
 9  65  41  53  -3  12   0 0.00  0.0    0  6.3 17  50   M    M   0 12     23  70
10  78  48  63   7   2   0 0.00  0.0    0  7.7 22 150   M    M   1 12     29 160
11  84  67  76  20   0  11 0.00  0.0    0  8.6 17 210   M    M   2        23 210
12  83  64  74  18   0   9 0.00  0.0    0  5.9 16 220   M    M   5 1      20 220
13  86  66  76  20   0  11 0.05  0.0    0 10.1 23 220   M    M   6 1      35 200
14  69  50  60   4   5   0 0.16  0.0    0  7.6 21 330   M    M   8 1      27 330
15  67  47  57   0   8   0 0.00  0.0    0 11.8 22  30   M    M   1        29  40
16  77  53  65   8   0   0 0.89  0.0    0  5.5 21 330   M    M   6 1      25 320
17  65  57  61   4   4   0 0.03  0.0    0  5.8 10  50   M    M   9 12     15  30
18  82  57  70  13   0   5 0.00  0.0    0  3.6 16 210   M    M   6 12     21 210
19  80  62  71  14   0   6 0.02  0.0    0  7.0 16  60   M    M   6 1      22  60
20  63  48  56  -1   9   0 0.22  0.0    0 10.4 18  20   M    M  10 1      26  10
21  50  43  47 -11  18   0 0.10  0.0    0 15.7 25  20   M    M   9 1      35  30
22  55  38  47 -11  18   0 0.00  0.0    0 11.2 22  40   M    M   4        31  30
23  67  43  55  -3  10   0 0.00  0.0    0  5.2 13  70   M    M   1        18  40
24  78  52  65   7   0   0 0.00  0.0    M  7.4 20 220   M    M   3 8      26 220
================================================================================
SM 1705 1215       145  51  1.95  0.0    198.9          M       93
================================================================================
AV 71.0 50.6                               8.3 FASTST   M    M   4    MAX(MPH)
                                 MISC ---->    43 220                 53 220
================================================================================
NOTES:
# LAST OF SEVERAL OCCURRENCES

COLUMN 17 PEAK WIND IN M.P.H.

PRELIMINARY LOCAL CLIMATOLOGICAL DATA (WS FORM: F-6) , PAGE 2

                                          STATION:   CRAIG EXEC ARPT
                                          MONTH:     FEBRUARY
                                          YEAR:      2020
                                          LATITUDE:   30 19 N
                                          LONGITUDE:  81 31 W

[TEMPERATURE DATA]      [PRECIPITATION DATA]       SYMBOLS USED IN COLUMN 16

AVERAGE MONTHLY: 60.8   TOTAL FOR MONTH:   1.95    1 = FOG OR MIST
DPTR FM NORMAL:   4.4   DPTR FM NORMAL:   -0.69    2 = FOG REDUCING VISIBILITY
HIGHEST:    86 ON 13    GRTST 24HR  0.89 ON 16-16      TO 1/4 MILE OR LESS
LOWEST:     38 ON 22                               3 = THUNDER
                        SNOW, ICE PELLETS, HAIL    4 = ICE PELLETS
                        TOTAL MONTH:   0.0 INCH    5 = HAIL
                        GRTST 24HR  0.0            6 = FREEZING RAIN OR DRIZZLE
                        GRTST DEPTH:  0            7 = DUSTSTORM OR SANDSTORM:
                                                       VSBY 1/2 MILE OR LESS
                                                   8 = SMOKE OR HAZE
[NO. OF DAYS WITH]      [WEATHER - DAYS WITH]      9 = BLOWING SNOW
                                                   X = TORNADO
MAX 32 OR BELOW:   0    0.01 INCH OR MORE:   9
MAX 90 OR ABOVE:   0    0.10 INCH OR MORE:   5
MIN 32 OR BELOW:   0    0.50 INCH OR MORE:   1
MIN  0 OR BELOW:   0    1.00 INCH OR MORE:   0

[HDD (BASE 65) ]
TOTAL THIS MO.   145    CLEAR  (SCALE 0-3)  12
DPTR FM NORMAL   -72    PTCLDY (SCALE 4-7)   8
TOTAL FM JUL 1   622    CLOUDY (SCALE 8-10)  4
DPTR FM NORMAL  -370

[CDD (BASE 65) ]
TOTAL THIS MO.    51
DPTR FM NORMAL    48    [PRESSURE DATA]
TOTAL FM JAN 1   119    HIGHEST SLP M ON M
DPTR FM NORMAL   105    LOWEST  SLP 29.46 ON  6

[REMARKS]
