000
CXUS56 KSGX 231245
CF6CRQ
PRELIMINARY LOCAL CLIMATOLOGICAL DATA (WS FORM: F-6)

                                          STATION:   CARLSBAD PALOMAR AIRPORT CA
                                          MONTH:     JANUARY
                                          YEAR:      2020
                                          LATITUDE:   33  7 N
                                          LONGITUDE: 117 17 W

  TEMPERATURE IN F:       :PCPN:    SNOW:  WIND      :SUNSHINE: SKY     :PK WND
================================================================================
1   2   3   4   5  6A  6B    7    8   9   10  11  12  13   14  15   16   17  18
                                     12Z  AVG MX 2MIN
DY MAX MIN AVG DEP HDD CDD  WTR  SNW DPTH SPD SPD DIR MIN PSBL S-S WX    SPD DR
================================================================================

 1  64  48  56   1   9   0 0.00  0.0    0  4.7 10 210   M    M   1 8      13 220
 2  66  49  58   3   7   0 0.00  0.0    0  3.8 12 270   M    M   1 1      15 260
 3  69  49  59   4   6   0 0.00  0.0    0  2.5  9 250   M    M   0        11  60
 4  67  47  57   2   8   0 0.00  0.0    0  2.2  9 290   M    M   1 1      13 280
 5  63  45  54  -1  11   0 0.00  0.0    0  2.6  8 240   M    M   0 18     10 270
 6  82  48  65  10   0   0 0.00  0.0    0  3.8 12 110   M    M   0        14 130
 7  73  48  61   6   4   0 0.00  0.0    0  2.9  8 250   M    M   1 12     12 250
 8  60  46  53  -2  12   0 0.00  0.0    0  5.0 15 210   M    M   5        20 200
 9  60  49  55   0  10   0 0.09    M    0  5.2 16 250   M    M   6 1      22 280
10  62  43  53  -2  12   0 0.00  0.0    0  3.4 10 240   M    M   0        13 250
11  60  43  52  -3  13   0 0.00  0.0    0  4.6 10 190   M    M   2 8      15 220
12  62  47  55   0  10   0 0.00  0.0    0  3.5  9 260   M    M   3        13 270
13  61  48  55   0  10   0 0.00  0.0    0  3.9 12 250   M    M   4 1      14 240
14  60  47  54  -1  11   0 0.00  0.0    0  2.7 10 250   M    M   2 18     15 230
15  61  44  53  -2  12   0 0.00  0.0    0  2.6  9 250   M    M   0 18     12 260
16  59  48  54  -2  11   0 0.00  0.0    0  4.8 15 240   M    M   9 18     19 240
17  60  49  55  -1  10   0 0.32    M    0  3.6  9 260   M    M   4 1      13 270
18  67  43  55  -1  10   0 0.00  0.0    0  2.6 10 260   M    M   0        14 270
19  71  45  58   2   7   0 0.00  0.0    0  2.5 12 230   M    M   0 8      14 260
20  63  51  57   1   8   0 0.00  0.0    0  2.9 21 240   M    M   2        24 230
21  58  50  54  -2  11   0 0.22  0.0    0  3.2 10 260   M    M   7 18     14 240
22  61  48  55  -1  10   0 0.00  0.0    0  2.5 12 250   M    M   1 1      17 250
================================================================================
SM 1409 1035       202   0  0.63     0.0  75.5          M       49
================================================================================
AV 64.1 47.1                               3.4 FASTST   M    M   2    MAX(MPH)
                                 MISC ---->  # 21 240               # 24  230
================================================================================
NOTES:
# LAST OF SEVERAL OCCURRENCES

COLUMN 17 PEAK WIND IN M.P.H.

PRELIMINARY LOCAL CLIMATOLOGICAL DATA (WS FORM: F-6) , PAGE 2

                                          STATION:  CARLSBAD PALOMAR AIRPORT CA
                                          MONTH:    JANUARY
                                          YEAR:     2020
                                          LATITUDE:   33  7 N
                                          LONGITUDE: 117 17 W

[TEMPERATURE DATA]      [PRECIPITATION DATA]       SYMBOLS USED IN COLUMN 16

AVERAGE MONTHLY: 55.6   TOTAL FOR MONTH:   0.63    1 = FOG OR MIST
DPTR FM NORMAL:   0.2   DPTR FM NORMAL:   -1.40    2 = FOG REDUCING VISIBILITY
HIGHEST:    82 ON  6    GRTST 24HR  0.32 ON 17-17      TO 1/4 MILE OR LESS
LOWEST:     43 ON 18,11                            3 = THUNDER
                        SNOW, ICE PELLETS, HAIL    4 = ICE PELLETS
                        TOTAL MONTH:   0.0 INCH    5 = HAIL
                        GRTST 24HR     0.0         6 = FREEZING RAIN OR DRIZZLE
                        GRTST DEPTH:   0           7 = DUSTSTORM OR SANDSTORM:
                                                       VSBY 1/2 MILE OR LESS
                                                   8 = SMOKE OR HAZE
[NO. OF DAYS WITH]      [WEATHER - DAYS WITH]      9 = BLOWING SNOW
                                                   X = TORNADO
MAX 32 OR BELOW:   0    0.01 INCH OR MORE:   3
MAX 90 OR ABOVE:   0    0.10 INCH OR MORE:   2
MIN 32 OR BELOW:   0    0.50 INCH OR MORE:   0
MIN  0 OR BELOW:   0    1.00 INCH OR MORE:   0

[HDD (BASE 65) ]
TOTAL THIS MO.   202    CLEAR  (SCALE 0-3)  16
DPTR FM NORMAL   -18    PTCLDY (SCALE 4-7)   5
TOTAL FM JUL 1   625    CLOUDY (SCALE 8-10)  1
DPTR FM NORMAL  -128

[CDD (BASE 65) ]
TOTAL THIS MO.     0
DPTR FM NORMAL     0    [PRESSURE DATA]
TOTAL FM JAN 1     0    HIGHEST SLP M ON M
DPTR FM NORMAL     0    LOWEST  SLP 29.82 ON  2

[REMARKS]
