000
CXUS56 KSGX 201045
CF6CRQ
PRELIMINARY LOCAL CLIMATOLOGICAL DATA (WS FORM: F-6)

                                          STATION:   CARLSBAD PALOMAR AIRPORT CA
                                          MONTH:     OCTOBER
                                          YEAR:      2019
                                          LATITUDE:   33  7 N
                                          LONGITUDE: 117 17 W

  TEMPERATURE IN F:       :PCPN:    SNOW:  WIND      :SUNSHINE: SKY     :PK WND
================================================================================
1   2   3   4   5  6A  6B    7    8   9   10  11  12  13   14  15   16   17  18
                                     12Z  AVG MX 2MIN
DY MAX MIN AVG DEP HDD CDD  WTR  SNW DPTH SPD SPD DIR MIN PSBL S-S WX    SPD DR
================================================================================

 1  70  56  63  -4   2   0 0.00  0.0    0  4.4 13 240   M    M   1        16 230
 2  73  56  65  -2   0   0 0.00  0.0    0  3.5 12 250   M    M   0        17 260
 3  72  57  65  -2   0   0 0.00  0.0    0  2.9 12 250   M    M   0 18     16 260
 4  72  55  64  -3   1   0 0.00  0.0    0  3.0 10 240   M    M   0        14 270
 5  74  53  64  -2   1   0 0.00  0.0    0  2.3 10 250   M    M   0        14 240
 6  78  55  67   1   0   2 0.00  0.0    0  2.3 12 250   M    M   0        14 240
 7  77  57  67   1   0   2 0.00  0.0    0  2.3 10 280   M    M   1 12     15 260
 8  73  54  64  -2   1   0 0.00  0.0    0  3.5 10 250   M    M   2 12     13 240
 9  69  62  66   0   0   1 0.00  0.0    0  4.9 14 240   M    M   7        18 220
10  72  59  66   0   0   1 0.00  0.0    0  3.7 13 250   M    M   2        17 250
11  88  56  72   6   0   7 0.00  0.0    0  3.9 14 250   M    M   0        17 240
12  73  55  64  -2   1   0 0.00  0.0    0  2.5 10 230   M    M   0        15 250
13  70  56  63  -3   2   0 0.00  0.0    0  4.6 13 260   M    M   6 12     17 260
14  70  61  66   0   0   1 0.00  0.0    0  3.3 12 250   M    M   4        18 280
15  72  56  64  -1   1   0 0.00  0.0    0  3.2 12 260   M    M   0 1      16 260
16  81  59  70   5   0   5 0.00  0.0    0  3.0 16 260   M    M   0 12     19 260
17  72  61  67   2   0   2 0.00  0.0    0  6.7 17 220   M    M   6 128    21 220
18  72  59  66   1   0   1 0.00  0.0    0  3.2 12 260   M    M   2 8      16 250
19  74  56  65   0   0   0 0.00  0.0    0  3.1 12 240   M    M   0        17 240
================================================================================
SM 1402 1083         9  22  0.00     0.0  66.3          M       31
================================================================================
AV 73.8 57.0                               3.5 FASTST   M    M   2    MAX(MPH)
                                 MISC ---->  # 17 220               # 21  220
================================================================================
NOTES:
# LAST OF SEVERAL OCCURRENCES

COLUMN 17 PEAK WIND IN M.P.H.

PRELIMINARY LOCAL CLIMATOLOGICAL DATA (WS FORM: F-6) , PAGE 2

                                          STATION:  CARLSBAD PALOMAR AIRPORT CA
                                          MONTH:    OCTOBER
                                          YEAR:     2019
                                          LATITUDE:   33  7 N
                                          LONGITUDE: 117 17 W

[TEMPERATURE DATA]      [PRECIPITATION DATA]       SYMBOLS USED IN COLUMN 16

AVERAGE MONTHLY: 65.4   TOTAL FOR MONTH:   0.00    1 = FOG OR MIST
DPTR FM NORMAL:  -0.6   DPTR FM NORMAL:   -0.31    2 = FOG REDUCING VISIBILITY
HIGHEST:    88 ON 11    GRTST 24HR  0.00 ON 19-19      TO 1/4 MILE OR LESS
LOWEST:     53 ON  5                               3 = THUNDER
                        SNOW, ICE PELLETS, HAIL    4 = ICE PELLETS
                        TOTAL MONTH:   0.0 INCH    5 = HAIL
                        GRTST 24HR     0.0         6 = FREEZING RAIN OR DRIZZLE
                        GRTST DEPTH:   0           7 = DUSTSTORM OR SANDSTORM:
                                                       VSBY 1/2 MILE OR LESS
                                                   8 = SMOKE OR HAZE
[NO. OF DAYS WITH]      [WEATHER - DAYS WITH]      9 = BLOWING SNOW
                                                   X = TORNADO
MAX 32 OR BELOW:   0    0.01 INCH OR MORE:   0
MAX 90 OR ABOVE:   0    0.10 INCH OR MORE:   0
MIN 32 OR BELOW:   0    0.50 INCH OR MORE:   0
MIN  0 OR BELOW:   0    1.00 INCH OR MORE:   0

[HDD (BASE 65) ]
TOTAL THIS MO.     9    CLEAR  (SCALE 0-3)  15
DPTR FM NORMAL   -10    PTCLDY (SCALE 4-7)   4
TOTAL FM JUL 1    11    CLOUDY (SCALE 8-10)  0
DPTR FM NORMAL   -15

[CDD (BASE 65) ]
TOTAL THIS MO.    22
DPTR FM NORMAL   -11    [PRESSURE DATA]
TOTAL FM JAN 1   684    HIGHEST SLP M ON M
DPTR FM NORMAL   232    LOWEST  SLP 29.72 ON 17

[REMARKS]
