000
CXUS56 KSGX 181545
CF6CRQ
PRELIMINARY LOCAL CLIMATOLOGICAL DATA (WS FORM: F-6)

                                          STATION:   CARLSBAD PALOMAR AIRPORT CA
                                          MONTH:     DECEMBER
                                          YEAR:      2018
                                          LATITUDE:   33  7 N
                                          LONGITUDE: 117 17 W

  TEMPERATURE IN F:       :PCPN:    SNOW:  WIND      :SUNSHINE: SKY     :PK WND
================================================================================
1   2   3   4   5  6A  6B    7    8   9   10  11  12  13   14  15   16   17  18
                                     12Z  AVG MX 2MIN
DY MAX MIN AVG DEP HDD CDD  WTR  SNW DPTH SPD SPD DIR MIN PSBL S-S WX    SPD DR
================================================================================

 1  63  52  58   2   7   0 0.01  0.0    0  6.2 15 270   M    M   5        25 280
 2  62  49  56   0   9   0 0.00  0.0    0  3.5 14 260   M    M   1        20 260
 3  66  47  57   1   8   0 0.00  0.0    0  3.0 10 270   M    M   0        14 280
 4  69  47  58   2   7   0 0.00  0.0    0  2.2 10 250   M    M   0        12 270
 5  61  47  54  -2  11   0 0.56    M    0  4.6 21 110   M    M   6 1      27 120
 6  66  54  60   4   5   0 0.86  0.0    0  5.9 18 120   M    M  10 13     22 120
 7  69  53  61   5   4   0 0.01  0.0    0  3.3 14 260   M    M   3 1      17 250
 8  67  50  59   4   6   0 0.00  0.0    0  2.4 10 250   M    M   0        15 260
 9  72  49  61   6   4   0 0.00  0.0    0  2.5 10 280   M    M   0 1      17 270
10  66  52  59   4   6   0 0.00  0.0    0  2.4  8 240   M    M   0 1      10 220
11  65  52  59   4   6   0 0.00  0.0    0  3.3  9 240   M    M   1 18     12 250
12  64  50  57   2   8   0 0.00  0.0    0  3.7 12 220   M    M   1 1      15 220
13  76  47  62   7   3   0 0.00  0.0    0  2.3  9 250   M    M   0 1      11 250
14  69  51  60   5   5   0 0.00  0.0    0  1.7  7 130   M    M   0        11 320
15  67  51  59   4   6   0 0.00  0.0    0  2.9  9 240   M    M   0        12 260
16  66  46  56   1   9   0 0.00  0.0    0  2.0 12 280   M    M   1 1      19 290
17  65  52  59   4   6   0    T  0.0    0  2.2 10 110   M    M   5 18     13 250
================================================================================
SM 1133  849       110   0  1.44     0.0  54.1          M       33
================================================================================
AV 66.7 49.9                               3.2 FASTST   M    M   2    MAX(MPH)
                                 MISC ---->  # 21 110               # 27  120
================================================================================
NOTES:
# LAST OF SEVERAL OCCURRENCES

COLUMN 17 PEAK WIND IN M.P.H.

PRELIMINARY LOCAL CLIMATOLOGICAL DATA (WS FORM: F-6) , PAGE 2

                                          STATION:  CARLSBAD PALOMAR AIRPORT CA
                                          MONTH:    DECEMBER
                                          YEAR:     2018
                                          LATITUDE:   33  7 N
                                          LONGITUDE: 117 17 W

[TEMPERATURE DATA]      [PRECIPITATION DATA]       SYMBOLS USED IN COLUMN 16

AVERAGE MONTHLY: 58.3   TOTAL FOR MONTH:   1.44    1 = FOG OR MIST
DPTR FM NORMAL:   2.9   DPTR FM NORMAL:    0.84    2 = FOG REDUCING VISIBILITY
HIGHEST:    76 ON 13    GRTST 24HR  0.86 ON  6- 6      TO 1/4 MILE OR LESS
LOWEST:     46 ON 16                               3 = THUNDER
                        SNOW, ICE PELLETS, HAIL    4 = ICE PELLETS
                        TOTAL MONTH:   0.0 INCH    5 = HAIL
                        GRTST 24HR     0.0         6 = FREEZING RAIN OR DRIZZLE
                        GRTST DEPTH:   0           7 = DUSTSTORM OR SANDSTORM:
                                                       VSBY 1/2 MILE OR LESS
                                                   8 = SMOKE OR HAZE
[NO. OF DAYS WITH]      [WEATHER - DAYS WITH]      9 = BLOWING SNOW
                                                   X = TORNADO
MAX 32 OR BELOW:   0    0.01 INCH OR MORE:   4
MAX 90 OR ABOVE:   0    0.10 INCH OR MORE:   2
MIN 32 OR BELOW:   0    0.50 INCH OR MORE:   2
MIN  0 OR BELOW:   0    1.00 INCH OR MORE:   0

[HDD (BASE 65) ]
TOTAL THIS MO.   110    CLEAR  (SCALE 0-3)  12
DPTR FM NORMAL   -54    PTCLDY (SCALE 4-7)   4
TOTAL FM JUL 1   179    CLOUDY (SCALE 8-10)  1
DPTR FM NORMAL  -212

[CDD (BASE 65) ]
TOTAL THIS MO.     0
DPTR FM NORMAL     0    [PRESSURE DATA]
TOTAL FM JAN 1   741    HIGHEST SLP M ON M
DPTR FM NORMAL   256    LOWEST  SLP 29.78 ON  6

[REMARKS]
