000
CXUS54 KFWD 220730
CF6CRS
PRELIMINARY LOCAL CLIMATOLOGICAL DATA (WS FORM: F-6)

                                          STATION:   CORSICANA
                                          MONTH:     OCTOBER
                                          YEAR:      2019
                                          LATITUDE:   32  1 N
                                          LONGITUDE:  96 24 W

  TEMPERATURE IN F:       :PCPN:    SNOW:  WIND      :SUNSHINE: SKY     :PK WND
================================================================================
1   2   3   4   5  6A  6B    7    8   9   10  11  12  13   14  15   16   17  18
                                     12Z  AVG MX 2MIN
DY MAX MIN AVG DEP HDD CDD  WTR  SNW DPTH SPD SPD DIR MIN PSBL S-S WX    SPD DR
================================================================================

 1  96  74  85  13   0  20 0.00  0.0    0 10.9 20 160   M    M   2        26 160
 2  96  71  84  12   0  19 0.00  0.0    0  9.2 20 160   M    M   0 1      27 170
 3  95  71  83  11   0  18    T  0.0    0  5.3 18 120   M    M   0 18     24 130
 4  94  71  83  11   0  18 0.00  0.0    0  5.3 12  40   M    M   1 3      16 120
 5  94  70  82  11   0  17 0.00  0.0    0  5.8 12 120   M    M   1        16 120
 6  96  70  83  12   0  18 0.01  0.0    0  8.3 21 340   M    M   1 1      26 330
 7  78  63  71   0   0   6 0.00  0.0    0 10.6 20 340   M    M   6        25  20
 8  81  56  69  -1   0   4 0.00  0.0    0  5.7 13  80   M    M   0        16 360
 9  89  60  75   5   0  10 0.00  0.0    0 12.8 22 160   M    M   3 1      26 160
10  94  71  83  13   0  18    T  0.0    0 16.2 28 180   M    M   5 38     37 190
11  70  43  57 -13   8   0 1.23  0.0    0 14.4 26 350   M    M   6 13     34 340
12  68  42  55 -14  10   0 0.00  0.0    0  4.3 10  40   M    M   1        17  40
13  75  54  65  -4   0   0    T  0.0    0  5.8 14 160   M    M   6        16 150
14  74  63  69   0   0   4    T  0.0    0  7.7 16 150   M    M   6        20 140
15  83  72  78  10   0  13 0.04  0.0    0  9.5 20 240   M    M   6 13     26 240
16  73  51  62  -6   3   0 0.00  0.0    0 10.3 24  10   M    M   1        31  10
17  70  49  60  -8   5   0 0.00  0.0    0  4.3 12 160   M    M   0        14 150
18  78  48  63  -5   2   0 0.00  0.0    0  6.9 14 110   M    M   0 1      22 150
19  89  60  75   8   0  10 0.00  0.0    0  8.9 20 220   M    M   2 1      24 210
20  87  56  72   5   0   7    T  0.0    0 10.7 32 180   M    M   1 1      43 180
21  80  51  66  -1   0   1 1.09  0.0    0 10.0 38 270   M    M   2 13     50 260
================================================================================
SM 1760 1266        28 183  2.37     0.0 182.9          M       50
================================================================================
AV 83.8 60.3                               8.7 FASTST   M    M   2    MAX(MPH)
                                 MISC ---->  # 38 270               # 50  260
================================================================================
NOTES:
# LAST OF SEVERAL OCCURRENCES

COLUMN 17 PEAK WIND IN M.P.H.

PRELIMINARY LOCAL CLIMATOLOGICAL DATA (WS FORM: F-6) , PAGE 2

                                          STATION:  CORSICANA
                                          MONTH:    OCTOBER
                                          YEAR:     2019
                                          LATITUDE:   32  1 N
                                          LONGITUDE:  96 24 W

[TEMPERATURE DATA]      [PRECIPITATION DATA]       SYMBOLS USED IN COLUMN 16

AVERAGE MONTHLY: 72.1   TOTAL FOR MONTH:   2.37    1 = FOG OR MIST
DPTR FM NORMAL:   2.5   DPTR FM NORMAL:   -0.39    2 = FOG REDUCING VISIBILITY
HIGHEST:    96 ON  6, 2 GRTST 24HR  1.23 ON 11-11      TO 1/4 MILE OR LESS
LOWEST:     42 ON 12                               3 = THUNDER
                        SNOW, ICE PELLETS, HAIL    4 = ICE PELLETS
                        TOTAL MONTH:   0.0 INCH    5 = HAIL
                        GRTST 24HR     0.0         6 = FREEZING RAIN OR DRIZZLE
                        GRTST DEPTH:   0           7 = DUSTSTORM OR SANDSTORM:
                                                       VSBY 1/2 MILE OR LESS
                                                   8 = SMOKE OR HAZE
[NO. OF DAYS WITH]      [WEATHER - DAYS WITH]      9 = BLOWING SNOW
                                                   X = TORNADO
MAX 32 OR BELOW:   0    0.01 INCH OR MORE:   4
MAX 90 OR ABOVE:   7    0.10 INCH OR MORE:   2
MIN 32 OR BELOW:   0    0.50 INCH OR MORE:   2
MIN  0 OR BELOW:   0    1.00 INCH OR MORE:   2

[HDD (BASE 65) ]
TOTAL THIS MO.    28    CLEAR  (SCALE 0-3)  15
DPTR FM NORMAL     2    PTCLDY (SCALE 4-7)   6
TOTAL FM JUL 1    28    CLOUDY (SCALE 8-10)  0
DPTR FM NORMAL    -1

[CDD (BASE 65) ]
TOTAL THIS MO.   183
DPTR FM NORMAL    64    [PRESSURE DATA]
TOTAL FM JAN 1  2858    HIGHEST SLP M ON M
DPTR FM NORMAL   304    LOWEST  SLP 29.46 ON 20

[REMARKS]
