000
CXUS52 KFFC 171110
CF6CSG
PRELIMINARY LOCAL CLIMATOLOGICAL DATA (WS FORM: F-6)

                                          STATION:   COLUMBUS
                                          MONTH:     FEBRUARY
                                          YEAR:      2018
                                          LATITUDE:   32 31 N
                                          LONGITUDE:  84 56 W

  TEMPERATURE IN F:       :PCPN:    SNOW:  WIND      :SUNSHINE: SKY     :PK WND
================================================================================
1   2   3   4   5  6A  6B    7    8   9   10  11  12  13   14  15   16   17  18
                                     12Z  AVG MX 2MIN
DY MAX MIN AVG DEP HDD CDD  WTR  SNW DPTH SPD SPD DIR MIN PSBL S-S WX    SPD DR
================================================================================

 1  64  36  50   2  15   0    T  0.0    0  5.4 14 210   M    M   8        17 230
 2  59  38  49   0  16   0 0.06  0.0    0  9.8 20  10   M    M   3 1      28 340
 3  58  34  46  -3  19   0 0.00  0.0    0  8.3 16 160   M    M   1        22 130
 4  59  46  53   4  12   0 0.84  0.0    0  8.3 25 310   M    M  10 1      34 310
 5  63  39  51   2  14   0 0.00  0.0    0  2.8 14  10   M    M   0        19  10
 6  77  42  60  11   5   0 0.00  0.0    0  4.6 14 190   M    M   2        20 200
 7  66  50  58   9   7   0 0.68  0.0    0  9.3 32 320   M    M   9 13     44 320
 8  64  41  53   3  12   0 0.00  0.0    0  6.3 15  30   M    M   1        22  20
 9  61  39  50   0  15   0    T    M    0  7.0 14 120   M    M   6 1      18 130
10  69  53  61  11   4   0 0.02  0.0    0  6.9 14 210   M    M  10 1      20 220
11  69  63  66  16   0   1 1.09  0.0    0  7.0 14 200   M    M  10 1      19 220
12  68  61  65  15   0   0    T  0.0    0  4.5 15 150   M    M  10 18     17 150
13  62  53  58   7   7   0 0.00  0.0    0  6.6 15  90   M    M   9 1      19  90
14  65  51  58   7   7   0 0.00  0.0    0  4.9 10 110   M    M  10 1      13 110
15  76  61  69  18   0   4 0.00  0.0    0  6.3 17 240   M    M   8 18     22 240
16  78  65  72  21   0   7    T  0.0    0  8.7 22 280   M    M   9        28 290
================================================================================
SM 1058  772       133  12  2.69     0.0 106.7          M      106
================================================================================
AV 66.1 48.3                               6.7 FASTST   M    M   7    MAX(MPH)
                                 MISC ---->  # 32 320               # 44  320
================================================================================
NOTES:
# LAST OF SEVERAL OCCURRENCES

COLUMN 17 PEAK WIND IN M.P.H.

PRELIMINARY LOCAL CLIMATOLOGICAL DATA (WS FORM: F-6) , PAGE 2

                                          STATION:  COLUMBUS
                                          MONTH:    FEBRUARY
                                          YEAR:     2018
                                          LATITUDE:   32 31 N
                                          LONGITUDE:  84 56 W

[TEMPERATURE DATA]      [PRECIPITATION DATA]       SYMBOLS USED IN COLUMN 16

AVERAGE MONTHLY: 57.2   TOTAL FOR MONTH:   2.69    1 = FOG OR MIST
DPTR FM NORMAL:   7.4   DPTR FM NORMAL:    0.24    2 = FOG REDUCING VISIBILITY
HIGHEST:    78 ON 16    GRTST 24HR  1.09 ON 11-11      TO 1/4 MILE OR LESS
LOWEST:     34 ON  3                               3 = THUNDER
                        SNOW, ICE PELLETS, HAIL    4 = ICE PELLETS
                        TOTAL MONTH:   0.0 INCH    5 = HAIL
                        GRTST 24HR     0.0         6 = FREEZING RAIN OR DRIZZLE
                        GRTST DEPTH:   0           7 = DUSTSTORM OR SANDSTORM:
                                                       VSBY 1/2 MILE OR LESS
                                                   8 = SMOKE OR HAZE
[NO. OF DAYS WITH]      [WEATHER - DAYS WITH]      9 = BLOWING SNOW
                                                   X = TORNADO
MAX 32 OR BELOW:   0    0.01 INCH OR MORE:   5
MAX 90 OR ABOVE:   0    0.10 INCH OR MORE:   3
MIN 32 OR BELOW:   0    0.50 INCH OR MORE:   3
MIN  0 OR BELOW:   0    1.00 INCH OR MORE:   1

[HDD (BASE 65) ]
TOTAL THIS MO.   133    CLEAR  (SCALE 0-3)   5
DPTR FM NORMAL  -112    PTCLDY (SCALE 4-7)   3
TOTAL FM JUL 1  1452    CLOUDY (SCALE 8-10)  8
DPTR FM NORMAL  -176

[CDD (BASE 65) ]
TOTAL THIS MO.    12
DPTR FM NORMAL    12    [PRESSURE DATA]
TOTAL FM JAN 1    14    HIGHEST SLP M ON M
DPTR FM NORMAL    13    LOWEST  SLP 29.87 ON  4

[REMARKS]
