000
CXUS52 KFFC 231110
CF6CSG
PRELIMINARY LOCAL CLIMATOLOGICAL DATA (WS FORM: F-6)

                                          STATION:   COLUMBUS
                                          MONTH:     SEPTEMBER
                                          YEAR:      2018
                                          LATITUDE:   32 31 N
                                          LONGITUDE:  84 56 W

  TEMPERATURE IN F:       :PCPN:    SNOW:  WIND      :SUNSHINE: SKY     :PK WND
================================================================================
1   2   3   4   5  6A  6B    7    8   9   10  11  12  13   14  15   16   17  18
                                     12Z  AVG MX 2MIN
DY MAX MIN AVG DEP HDD CDD  WTR  SNW DPTH SPD SPD DIR MIN PSBL S-S WX    SPD DR
================================================================================

 1  92  72  82   2   0  17 0.03  0.0    0  6.7 18 170   M    M   3 13     23 180
 2  91  74  83   3   0  18 0.00  0.0    0  7.5 17 140   M    M   2 3      23 130
 3  91  75  83   3   0  18    T  0.0    0  8.9 20 100   M    M   4 3      26 120
 4  89  73  81   1   0  16 0.19  0.0    0  8.4 28  90   M    M   3 13     34  90
 5  89  74  82   2   0  17 0.00  0.0    0  7.0 16 160   M    M   3        23 120
 6  90  74  82   3   0  17 0.00  0.0    0  5.9 14  90   M    M   2        17  90
 7  93  74  84   5   0  19 0.00  0.0    0  3.6 13 120   M    M   1        19 140
 8  93  72  83   4   0  18 0.00  0.0    0  2.4 13 180   M    M   2        16 160
 9  92  73  83   4   0  18 0.00  0.0    0  4.6 14 230   M    M   2        17 230
10  92  74  83   5   0  18 0.00  0.0    0  5.1 15 280   M    M   2        19 280
11  92  74  83   5   0  18    T  0.0    0  2.4 20 260   M    M   2 3      24 270
12  92  73  83   5   0  18 0.19  0.0    0  3.1 16 130   M    M   1 13     22 130
13  92  75  84   6   0  19 0.00  0.0    0  3.6 12  80   M    M   3        14  90
14  97  76  87  10   0  22 0.00  0.0    0  4.6 15 320   M    M   1        20 330
15  97  76  87  10   0  22 0.00  0.0    0  5.7 13 330   M    M   2        18 340
16  95  75  85   8   0  20    T  0.0    0  6.3 14 300   M    M   3        21 330
17  97  73  85   9   0  20 0.00  0.0    0  3.9 12 300   M    M   2        16 250
18  96  74  85   9   0  20 0.00  0.0    0  2.8 13 320   M    M   1        17 320
19  97  72  85   9   0  20 0.00  0.0    0  2.6 10  20   M    M   1        14  10
20  97  73  85  10   0  20 0.00  0.0    0  4.7 13 140   M    M   0        17 130
21  93  72  83   8   0  18 0.00  0.0    0  5.6 13 190   M    M   1 8      19 140
22  91  71  81   6   0  16 0.00  0.0    0  3.4 10 150   M    M   2        14 140
================================================================================
SM 2048 1619         0 409  0.41     0.0 108.8          M       43
================================================================================
AV 93.1 73.6                               4.9 FASTST   M    M   2    MAX(MPH)
                                 MISC ---->  # 28  90               # 34   90
================================================================================
NOTES:
# LAST OF SEVERAL OCCURRENCES

COLUMN 17 PEAK WIND IN M.P.H.

PRELIMINARY LOCAL CLIMATOLOGICAL DATA (WS FORM: F-6) , PAGE 2

                                          STATION:  COLUMBUS
                                          MONTH:    SEPTEMBER
                                          YEAR:     2018
                                          LATITUDE:   32 31 N
                                          LONGITUDE:  84 56 W

[TEMPERATURE DATA]      [PRECIPITATION DATA]       SYMBOLS USED IN COLUMN 16

AVERAGE MONTHLY: 83.3   TOTAL FOR MONTH:   0.41    1 = FOG OR MIST
DPTR FM NORMAL:   5.5   DPTR FM NORMAL:   -1.87    2 = FOG REDUCING VISIBILITY
HIGHEST:    97 ON 20,19 GRTST 24HR  0.19 ON 12-12      TO 1/4 MILE OR LESS
LOWEST:     71 ON 22                               3 = THUNDER
                        SNOW, ICE PELLETS, HAIL    4 = ICE PELLETS
                        TOTAL MONTH:   0.0 INCH    5 = HAIL
                        GRTST 24HR     0.0         6 = FREEZING RAIN OR DRIZZLE
                        GRTST DEPTH:   0           7 = DUSTSTORM OR SANDSTORM:
                                                       VSBY 1/2 MILE OR LESS
                                                   8 = SMOKE OR HAZE
[NO. OF DAYS WITH]      [WEATHER - DAYS WITH]      9 = BLOWING SNOW
                                                   X = TORNADO
MAX 32 OR BELOW:   0    0.01 INCH OR MORE:   3
MAX 90 OR ABOVE:  20    0.10 INCH OR MORE:   2
MIN 32 OR BELOW:   0    0.50 INCH OR MORE:   0
MIN  0 OR BELOW:   0    1.00 INCH OR MORE:   0

[HDD (BASE 65) ]
TOTAL THIS MO.     0    CLEAR  (SCALE 0-3)  20
DPTR FM NORMAL     0    PTCLDY (SCALE 4-7)   2
TOTAL FM JUL 1     0    CLOUDY (SCALE 8-10)  0
DPTR FM NORMAL     0

[CDD (BASE 65) ]
TOTAL THIS MO.   409
DPTR FM NORMAL   127    [PRESSURE DATA]
TOTAL FM JAN 1  2485    HIGHEST SLP M ON M
DPTR FM NORMAL   331    LOWEST  SLP 29.74 ON 16

[REMARKS]
