000
CXUS52 KFFC 231110
CF6CSG
PRELIMINARY LOCAL CLIMATOLOGICAL DATA (WS FORM: F-6)

                                          STATION:   COLUMBUS
                                          MONTH:     JUNE
                                          YEAR:      2018
                                          LATITUDE:   32 31 N
                                          LONGITUDE:  84 56 W

  TEMPERATURE IN F:       :PCPN:    SNOW:  WIND      :SUNSHINE: SKY     :PK WND
================================================================================
1   2   3   4   5  6A  6B    7    8   9   10  11  12  13   14  15   16   17  18
                                     12Z  AVG MX 2MIN
DY MAX MIN AVG DEP HDD CDD  WTR  SNW DPTH SPD SPD DIR MIN PSBL S-S WX    SPD DR
================================================================================

 1  92  73  83   6   0  18 0.10  0.0    0  5.3 18  30   M    M   6 13     23  20
 2   M   M   M   M   M   M    M    M    M   M   M   M   M    M   M 13      M  M
 3  95  74  85   7   0  20    T  0.0    0  5.3 18 300   M    M   2 13     22 310
 4  88  72  80   2   0  15 0.00  0.0    0  6.9 16 310   M    M   0        21 320
 5  85  65  75  -3   0  10 0.00  0.0    0  3.6 14 270   M    M   0        23 270
 6  91  65  78   0   0  13 0.00  0.0    0  2.3 12 360   M    M   0        14  30
 7  94  68  81   3   0  16 0.00  0.0    0  3.3 12  30   M    M   1        16  10
 8  92  71  82   3   0  17 0.14  0.0    0  4.7 22  70   M    M   2 3      28  70
 9  91  70  81   2   0  16 0.50  0.0    0  3.9 21 100   M    M   2 13     27  90
10  91  69  80   1   0  15    T  0.0    0  3.9 17 340   M    M   2 3      21 330
11  90  70  80   1   0  15 0.70  0.0    0  5.4 16 260   M    M   4 13     21 260
12  85  71  78  -1   0  13 0.05  0.0    0  3.7 12 320   M    M   4 13     15 270
13  90  71  81   1   0  16 0.00  0.0    0  3.7 14 280   M    M   4 13     19 280
14  88  73  81   1   0  16 1.30  0.0    0  4.9 25 170   M    M   6 138    27 180
15  89  73  81   1   0  16 0.00  0.0    0  3.2 10 210   M    M   6        13 210
16  89  74  82   2   0  17 0.32  0.0    0  4.0 15 160   M    M   5 13     19 170
17  83  71  77  -3   0  12 0.59  0.0    0  2.7  9 280   M    M   6 13     13 260
18  94  72  83   3   0  18 0.00  0.0    0  3.4 14 280   M    M   3 12     17 270
19  95  75  85   4   0  20 0.00  0.0    0  6.6 13 320   M    M   1        16 310
20  97  77  87   6   0  22 0.00  0.0    0  4.9 14 330   M    M   0        18 340
21  93  75  84   3   0  19 0.23  0.0    0  5.5 23 310   M    M   1 13     30 300
22  90  73  82   1   0  17 0.06  0.0    0  7.0 25 330   M    M   3 13     36 330
================================================================================
SM 1902 1502         0 341  3.99     0.0  94.2          M       58
================================================================================
AV 90.6 71.5                               4.5 FASTST   M    M   3    MAX(MPH)
                                 MISC ---->  # 25 170               # 36  330
================================================================================
NOTES:
# LAST OF SEVERAL OCCURRENCES

COLUMN 17 PEAK WIND IN M.P.H.

PRELIMINARY LOCAL CLIMATOLOGICAL DATA (WS FORM: F-6) , PAGE 2

                                          STATION:  COLUMBUS
                                          MONTH:    JUNE
                                          YEAR:     2018
                                          LATITUDE:   32 31 N
                                          LONGITUDE:  84 56 W

[TEMPERATURE DATA]      [PRECIPITATION DATA]       SYMBOLS USED IN COLUMN 16

AVERAGE MONTHLY: 81.1   TOTAL FOR MONTH:   3.99    1 = FOG OR MIST
DPTR FM NORMAL:   1.8   DPTR FM NORMAL:    1.35    2 = FOG REDUCING VISIBILITY
HIGHEST:    97 ON 20    GRTST 24HR  1.30 ON 14-14      TO 1/4 MILE OR LESS
LOWEST:     65 ON  6, 5                            3 = THUNDER
                        SNOW, ICE PELLETS, HAIL    4 = ICE PELLETS
                        TOTAL MONTH:   0.0 INCH    5 = HAIL
                        GRTST 24HR     0.0         6 = FREEZING RAIN OR DRIZZLE
                        GRTST DEPTH:   0           7 = DUSTSTORM OR SANDSTORM:
                                                       VSBY 1/2 MILE OR LESS
                                                   8 = SMOKE OR HAZE
[NO. OF DAYS WITH]      [WEATHER - DAYS WITH]      9 = BLOWING SNOW
                                                   X = TORNADO
MAX 32 OR BELOW:   0    0.01 INCH OR MORE:  10
MAX 90 OR ABOVE:  14    0.10 INCH OR MORE:   8
MIN 32 OR BELOW:   0    0.50 INCH OR MORE:   4
MIN  0 OR BELOW:   0    1.00 INCH OR MORE:   1

[HDD (BASE 65) ]
TOTAL THIS MO.     0    CLEAR  (SCALE 0-3)  13
DPTR FM NORMAL     0    PTCLDY (SCALE 4-7)   8
TOTAL FM JUL 1  1793    CLOUDY (SCALE 8-10)  0
DPTR FM NORMAL  -327

[CDD (BASE 65) ]
TOTAL THIS MO.   341
DPTR FM NORMAL    28    [PRESSURE DATA]
TOTAL FM JAN 1   859    HIGHEST SLP M ON M
DPTR FM NORMAL   188    LOWEST  SLP 29.77 ON 22

[REMARKS]
