000
CXUS55 KOHX 181010
CF6CSV
PRELIMINARY LOCAL CLIMATOLOGICAL DATA (WS FORM: F-6)

                                          STATION:   CROSSVILLE
                                          MONTH:     OCTOBER
                                          YEAR:      2019
                                          LATITUDE:   35 57 N
                                          LONGITUDE:  85  5 W

  TEMPERATURE IN F:       :PCPN:    SNOW:  WIND      :SUNSHINE: SKY     :PK WND
================================================================================
1   2   3   4   5  6A  6B    7    8   9   10  11  12  13   14  15   16   17  18
                                     12Z  AVG MX 2MIN
DY MAX MIN AVG DEP HDD CDD  WTR  SNW DPTH SPD SPD DIR MIN PSBL S-S WX    SPD DR
================================================================================

 1  91  63  77  15   0  12 0.00    M    M  2.0 10 280   M    M   0 1      13 310
 2  90  63  77  16   0  12 0.00    M    M  3.1 15 260   M    M   0        20 270
 3  91  61  76  15   0  11 0.00    M    M  3.7 14 290   M    M   0        20 280
 4  83  57  70  10   0   5 0.00    M    M  7.0 14  30   M    M   0        17  20
 5  85  54  70  10   0   5 0.01    M    M  6.4 15 160   M    M   1 13     24 180
 6  76  64  70  10   0   5 0.01    M    M  7.0 15 170   M    M   7        24 180
 7  67  53  60   0   5   0 0.22    M    M  7.4 15 180   M    M   9 1      23 170
 8  69  52  61   2   4   0 0.00    M    M  5.7 12  20   M    M   6 12     16  40
 9  76  50  63   4   2   0 0.00    M    M  1.7  8 140   M    M   6 12     12 170
10  78  53  66   7   0   1 0.00    M    M  3.2 12 150   M    M   4 12     20 180
11  77  60  69  11   0   4 0.00    M    M  5.8 15 270   M    M   5        22 180
12  60  35  48 -10  17   0 0.02    M    M  5.6 14 280   M    M   5 1      19 310
13  69  33  51  -7  14   0 0.00    M    M  2.7 14 290   M    M   1 12     18 260
14  74  35  55  -2  10   0 0.00    M    M  1.1  8 270   M    M   0 8      12 270
15  73  43  58   1   7   0 0.02    M    M  4.2 10 200   M    M   7 1      17 170
16  61  39  50  -7  15   0 0.35    M    M  7.7 20 330   M    M   4 1      31 330
17  58  33  46 -11  19   0 0.00  0.0    0  4.3 13  30   M    M   0        20 360
================================================================================
SM 1278  848        93  55  0.63     0.0  78.6          M       55
================================================================================
AV 75.2 49.9                               4.6 FASTST   M    M   3    MAX(MPH)
                                 MISC ---->  # 20 330               # 31  330
================================================================================
NOTES:
# LAST OF SEVERAL OCCURRENCES

COLUMN 17 PEAK WIND IN M.P.H.

PRELIMINARY LOCAL CLIMATOLOGICAL DATA (WS FORM: F-6) , PAGE 2

                                          STATION:  CROSSVILLE
                                          MONTH:    OCTOBER
                                          YEAR:     2019
                                          LATITUDE:   35 57 N
                                          LONGITUDE:  85  5 W

[TEMPERATURE DATA]      [PRECIPITATION DATA]       SYMBOLS USED IN COLUMN 16

AVERAGE MONTHLY: 62.5   TOTAL FOR MONTH:   0.63    1 = FOG OR MIST
DPTR FM NORMAL:   3.5   DPTR FM NORMAL:   -1.03    2 = FOG REDUCING VISIBILITY
HIGHEST:    91 ON  3, 1 GRTST 24HR  0.35 ON 16-16      TO 1/4 MILE OR LESS
LOWEST:     33 ON 17,13                            3 = THUNDER
                        SNOW, ICE PELLETS, HAIL    4 = ICE PELLETS
                        TOTAL MONTH:   0.0 INCH    5 = HAIL
                        GRTST 24HR     0.0         6 = FREEZING RAIN OR DRIZZLE
                        GRTST DEPTH:   0           7 = DUSTSTORM OR SANDSTORM:
                                                       VSBY 1/2 MILE OR LESS
                                                   8 = SMOKE OR HAZE
[NO. OF DAYS WITH]      [WEATHER - DAYS WITH]      9 = BLOWING SNOW
                                                   X = TORNADO
MAX 32 OR BELOW:   0    0.01 INCH OR MORE:   6
MAX 90 OR ABOVE:   3    0.10 INCH OR MORE:   2
MIN 32 OR BELOW:   0    0.50 INCH OR MORE:   0
MIN  0 OR BELOW:   0    1.00 INCH OR MORE:   0

[HDD (BASE 65) ]
TOTAL THIS MO.    93    CLEAR  (SCALE 0-3)   8
DPTR FM NORMAL   -24    PTCLDY (SCALE 4-7)   8
TOTAL FM JUL 1    93    CLOUDY (SCALE 8-10)  1
DPTR FM NORMAL   -79

[CDD (BASE 65) ]
TOTAL THIS MO.    55
DPTR FM NORMAL    42    [PRESSURE DATA]
TOTAL FM JAN 1  1192    HIGHEST SLP M ON M
DPTR FM NORMAL   208    LOWEST  SLP 29.75 ON 16

[REMARKS]
