000
CXUS54 KOHX 201010
CF6CSV
PRELIMINARY LOCAL CLIMATOLOGICAL DATA (WS FORM: F-6)

                                          STATION:   CROSSVILLE
                                          MONTH:     JANUARY
                                          YEAR:      2019
                                          LATITUDE:   35 57 N
                                          LONGITUDE:  85  5 W

  TEMPERATURE IN F:       :PCPN:    SNOW:  WIND      :SUNSHINE: SKY     :PK WND
================================================================================
1   2   3   4   5  6A  6B    7    8   9   10  11  12  13   14  15   16   17  18
                                     12Z  AVG MX 2MIN
DY MAX MIN AVG DEP HDD CDD  WTR  SNW DPTH SPD SPD DIR MIN PSBL S-S WX    SPD DR
================================================================================

 1  55  44  50  14  15   0 0.00    M    M  4.4 10 260   M    M   9        13 350
 2  47  42  45   9  20   0 0.31    M    M  3.5 12 260   M    M  10 1      16 150
 3  48  41  45   9  20   0 0.39    M    M  2.9  8 340   M    M  10 1      10 350
 4  57  39  48  12  17   0 0.84    M    M 10.3 26 260   M    M  10 1      37 260
 5  51  34  43   7  22   0    T    M    M  8.9 22 270   M    M   3 1      34 260
 6  62  32  47  11  18   0 0.00    M    M  1.9  8 270   M    M   2        10 250
 7  63  46  55  19  10   0 0.00    M    M  8.9 20 210   M    M   6        34 210
 8  63  39  51  15  14   0 0.00    M    M 11.3 25 320   M    M   6        35 310
 9  40  23  32  -4  33   0 0.00    M    M 12.2 24 300   M    M   0        39 310
10  34  21  28  -8  37   0 0.00    M    M  8.0 15  20   M    M   4        19  20
11  44  19  32  -4  33   0    T    M    M  3.5  9  90   M    M   5        14  30
12  43  36  40   4  25   0 0.23    M    M  6.6 13 140   M    M  10 1      21 130
13  44  34  39   3  26   0 0.15    M    M  7.1 15 270   M    M  10 1      19 150
14  35  29  32  -4  33   0    T    M    M  7.0 12 320   M    M  10 1      14 310
15  30  27  29  -7  36   0 0.00    M    M  3.9 10 260   M    M  10 1      25 160
16  42  27  35  -1  30   0 0.00    M    M  2.5 10 280   M    M  10 12     13 290
17  41  34  38   2  27   0 0.21    M    M  4.6 12 160   M    M  10 1      18 170
18  49  41  45   9  20   0 0.02    M    0  1.9  9 140   M    M  10 12     13 140
19  55  31  43   7  22   0 1.44    M    0 11.6 26 280   M    M  10 1      35 280
================================================================================
SM  903  639       458   0  3.59    M    121.0          M      145
================================================================================
AV 47.5 33.6                               6.4 FASTST   M    M   8    MAX(MPH)
                                 MISC ---->  # 26 260               # 39  310
================================================================================
NOTES:
# LAST OF SEVERAL OCCURRENCES

COLUMN 17 PEAK WIND IN M.P.H.

PRELIMINARY LOCAL CLIMATOLOGICAL DATA (WS FORM: F-6) , PAGE 2

                                          STATION:  CROSSVILLE
                                          MONTH:    JANUARY
                                          YEAR:     2019
                                          LATITUDE:   35 57 N
                                          LONGITUDE:  85  5 W

[TEMPERATURE DATA]      [PRECIPITATION DATA]       SYMBOLS USED IN COLUMN 16

AVERAGE MONTHLY: 40.6   TOTAL FOR MONTH:   3.59    1 = FOG OR MIST
DPTR FM NORMAL:   4.6   DPTR FM NORMAL:    0.66    2 = FOG REDUCING VISIBILITY
HIGHEST:    63 ON  8, 7 GRTST 24HR  1.44 ON 19-19      TO 1/4 MILE OR LESS
LOWEST:     19 ON 11                               3 = THUNDER
                        SNOW, ICE PELLETS, HAIL    4 = ICE PELLETS
                        TOTAL MONTH:    M          5 = HAIL
                        GRTST 24HR    M  ON   M    6 = FREEZING RAIN OR DRIZZLE
                        GRTST DEPTH:   0           7 = DUSTSTORM OR SANDSTORM:
                                                       VSBY 1/2 MILE OR LESS
                                                   8 = SMOKE OR HAZE
[NO. OF DAYS WITH]      [WEATHER - DAYS WITH]      9 = BLOWING SNOW
                                                   X = TORNADO
MAX 32 OR BELOW:   1    0.01 INCH OR MORE:   8
MAX 90 OR ABOVE:   0    0.10 INCH OR MORE:   7
MIN 32 OR BELOW:   8    0.50 INCH OR MORE:   2
MIN  0 OR BELOW:   0    1.00 INCH OR MORE:   1

[HDD (BASE 65) ]
TOTAL THIS MO.   458    CLEAR  (SCALE 0-3)   3
DPTR FM NORMAL   -98    PTCLDY (SCALE 4-7)   4
TOTAL FM JUL 1  2156    CLOUDY (SCALE 8-10) 12
DPTR FM NORMAL   -69

[CDD (BASE 65) ]
TOTAL THIS MO.     0
DPTR FM NORMAL     0    [PRESSURE DATA]
TOTAL FM JAN 1     0    HIGHEST SLP  0.00 ON  1
DPTR FM NORMAL     0    LOWEST  SLP 29.42 ON 19

[REMARKS]
