000
CXUS55 KOHX 261010
CF6CSV
PRELIMINARY LOCAL CLIMATOLOGICAL DATA (WS FORM: F-6)

                                          STATION:   CROSSVILLE
                                          MONTH:     MAY
                                          YEAR:      2018
                                          LATITUDE:   35 57 N
                                          LONGITUDE:  85  5 W

  TEMPERATURE IN F:       :PCPN:    SNOW:  WIND      :SUNSHINE: SKY     :PK WND
================================================================================
1   2   3   4   5  6A  6B    7    8   9   10  11  12  13   14  15   16   17  18
                                     12Z  AVG MX 2MIN
DY MAX MIN AVG DEP HDD CDD  WTR  SNW DPTH SPD SPD DIR MIN PSBL S-S WX    SPD DR
================================================================================

 1  78  47  63   3   2   0 0.00    M    M  3.9 14 170   M    M   0        22 170
 2  79  55  67   7   0   2 0.00    M    M  4.7 14 280   M    M   3        20 190
 3  82  57  70  10   0   5 0.00    M    M  5.9 16 270   M    M   1        21 270
 4  78  63  71  10   0   6    T    M    M  6.6 21 260   M    M   4        28 250
 5  73  56  65   4   0   0 0.18    M    M  4.6 26 260   M    M   6 13     35 260
 6  75  52  64   3   1   0 0.10    M    M  7.7 20 290   M    M   4 13     25 280
 7  76  49  63   1   2   0 0.00    M    M  4.7 16 280   M    M   2 1      20 280
 8  76  49  63   1   2   0 0.00    M    M  2.4  7 280   M    M   2 1       M  M
 9  77  52  65   3   0   0    T    M    M  5.5 17 260   M    M   3 3      23 150
10  80  64  72  10   0   7 0.09  0.0    0  7.0 20 270   M    M   2 38     27 260
11  83  58  71   9   0   6 0.00  0.0    0  4.5 16 270   M    M   1 1      23 280
12  83  58  71   8   0   6 0.00  0.0    0  6.0 20 270   M    M   0        25 280
13  84  54  69   6   0   4 0.00  0.0    0  4.2 15 290   M    M   0        21 310
14  87  58  73  10   0   8 0.00  0.0    0  2.3 13 300   M    M   1 1      23 320
15  83  62  73  10   0   8 1.39  0.0    0  2.6 29 360   M    M   3 13     35 340
16  80  60  70   6   0   5 0.24  0.0    0  2.1 10 160   M    M   4 123    15  20
17  79  59  69   5   0   4 0.32  0.0    0  1.8 18  60   M    M   7 123    23  90
18  77  64  71   7   0   6 0.02  0.0    0  4.2 12 170   M    M   6 13     19 190
19  81  64  73   9   0   8 0.28  0.0    0  6.1 17 270   M    M   5 1      22 270
20  85  62  74  10   0   9 0.00  0.0    0  2.7 10 330   M    M   1 1      16 290
21  79  62  71   6   0   6 0.00  0.0    0  3.5 13 130   M    M   2 1      19 130
22  77  63  70   5   0   5 0.70  0.0    0  3.2 13  20   M    M   8 138    18  20
23  82  61  72   7   0   7 0.00    M    M  3.5 13  10   M    M   3 12     16 320
24  85  61  73   7   0   8 0.36  0.0    0  3.0  9 350   M    M   4 13     14 180
25  82  66  74   8   0   9    T  0.0    0  4.4 10 280   M    M   2        16 180
================================================================================
SM 2001 1456         7 119  3.68     0.0 107.1          M       74
================================================================================
AV 80.0 58.2                               4.3 FASTST   M    M   3    MAX(MPH)
                                 MISC ---->  # 29 360               # 35  260
================================================================================
NOTES:
# LAST OF SEVERAL OCCURRENCES

COLUMN 17 PEAK WIND IN M.P.H.

PRELIMINARY LOCAL CLIMATOLOGICAL DATA (WS FORM: F-6) , PAGE 2

                                          STATION:  CROSSVILLE
                                          MONTH:    MAY
                                          YEAR:     2018
                                          LATITUDE:   35 57 N
                                          LONGITUDE:  85  5 W

[TEMPERATURE DATA]      [PRECIPITATION DATA]       SYMBOLS USED IN COLUMN 16

AVERAGE MONTHLY: 69.1   TOTAL FOR MONTH:   3.68    1 = FOG OR MIST
DPTR FM NORMAL:   6.3   DPTR FM NORMAL:   -0.63    2 = FOG REDUCING VISIBILITY
HIGHEST:    87 ON 14    GRTST 24HR  1.39 ON 15-15      TO 1/4 MILE OR LESS
LOWEST:     47 ON  1                               3 = THUNDER
                        SNOW, ICE PELLETS, HAIL    4 = ICE PELLETS
                        TOTAL MONTH:   0.0 INCH    5 = HAIL
                        GRTST 24HR     0.0         6 = FREEZING RAIN OR DRIZZLE
                        GRTST DEPTH:   0           7 = DUSTSTORM OR SANDSTORM:
                                                       VSBY 1/2 MILE OR LESS
                                                   8 = SMOKE OR HAZE
[NO. OF DAYS WITH]      [WEATHER - DAYS WITH]      9 = BLOWING SNOW
                                                   X = TORNADO
MAX 32 OR BELOW:   0    0.01 INCH OR MORE:  10
MAX 90 OR ABOVE:   0    0.10 INCH OR MORE:   8
MIN 32 OR BELOW:   0    0.50 INCH OR MORE:   2
MIN  0 OR BELOW:   0    1.00 INCH OR MORE:   1

[HDD (BASE 65) ]
TOTAL THIS MO.     7    CLEAR  (SCALE 0-3)  16
DPTR FM NORMAL   -91    PTCLDY (SCALE 4-7)   9
TOTAL FM JUL 1  4208    CLOUDY (SCALE 8-10)  0
DPTR FM NORMAL   -32

[CDD (BASE 65) ]
TOTAL THIS MO.   119
DPTR FM NORMAL    73    [PRESSURE DATA]
TOTAL FM JAN 1   128    HIGHEST SLP M ON M
DPTR FM NORMAL    65    LOWEST  SLP 29.84 ON 18

[REMARKS]
