000
CXUS56 KTFX 171205
CF6CTB
PRELIMINARY LOCAL CLIMATOLOGICAL DATA (WS FORM: F-6)

                                          STATION:   CUT BANK MT
                                          MONTH:     NOVEMBER
                                          YEAR:      2018
                                          LATITUDE:   48 37 N
                                          LONGITUDE: 112 23 W

  TEMPERATURE IN F:       :PCPN:    SNOW:  WIND      :SUNSHINE: SKY     :PK WND
================================================================================
1   2   3   4   5  6A  6B    7    8   9   10  11  12  13   14  15   16   17  18
                                     12Z  AVG MX 2MIN
DY MAX MIN AVG DEP HDD CDD  WTR  SNW DPTH SPD SPD DIR MIN PSBL S-S WX    SPD DR
================================================================================

 1  44  33  39   3  26   0 0.01    M    0 12.7 28 320   M    M   6        34 330
 2  53  33  43   7  22   0 0.08    M    0 20.7 46 250   M    M   6 1      58 250
 3  52  31  42   6  23   0    T    M    0 14.6 32 250   M    M   3        40 250
 4  53  27  40   5  25   0    T    M    0 24.3 47 250   M    M   5        55 250
 5  32  20  26  -9  39   0 0.14    M    0 11.1 17 360   M    M  10 12     22 360
 6  22  13  18 -16  47   0 0.12    M    2  5.3 14  10   M    M   9 1      16  20
 7  19   2  11 -23  54   0 0.02    M    4  5.6 13 280   M    M   6 18     15 360
 8  28  -2  13 -20  52   0 0.00    M    3  8.0 15  10   M    M   0        17  10
 9  36   1  19 -14  46   0 0.01    M    3 17.1 38 250   M    M   6 128    47 260
10  30  13  22 -10  43   0 0.02    M    3 14.9 30 330   M    M   8 1      35 330
11  27   5  16 -16  49   0    T    M    3  8.3 17  10   M    M   5 18     20  10
12  36   0  18 -14  47   0 0.00    M    3 12.7 30 260   M    M   1 1      35 260
13  46  31  39   8  26   0 0.00    M    2 22.3 37 240   M    M   0        44 260
14  47  37  42  11  23   0 0.00    M    1 26.7 51 250   M    M   0        65 240
15  47  31  39   9  26   0 0.00    M    0 17.5 29 250   M    M   2        36 250
16  42  11  27  -3  38   0    T    M    0 18.4 45 340   M    M  10 129    56 340
================================================================================
SM  614  286       586   0  0.40    M    240.2          M       77
================================================================================
AV 38.4 17.9                              15.0 FASTST   M    M   5    MAX(MPH)
                                 MISC ---->  # 51 250               # 65  240
================================================================================
NOTES:
# LAST OF SEVERAL OCCURRENCES

COLUMN 17 PEAK WIND IN M.P.H.

PRELIMINARY LOCAL CLIMATOLOGICAL DATA (WS FORM: F-6) , PAGE 2

                                          STATION:  CUT BANK MT
                                          MONTH:    NOVEMBER
                                          YEAR:     2018
                                          LATITUDE:   48 37 N
                                          LONGITUDE: 112 23 W

[TEMPERATURE DATA]      [PRECIPITATION DATA]       SYMBOLS USED IN COLUMN 16

AVERAGE MONTHLY: 28.1   TOTAL FOR MONTH:   0.40    1 = FOG OR MIST
DPTR FM NORMAL:  -5.0   DPTR FM NORMAL:    0.20    2 = FOG REDUCING VISIBILITY
HIGHEST:    53 ON  4, 2 GRTST 24HR  0.14 ON  5- 5      TO 1/4 MILE OR LESS
LOWEST:     -2 ON  8                               3 = THUNDER
                        SNOW, ICE PELLETS, HAIL    4 = ICE PELLETS
                        TOTAL MONTH:    M          5 = HAIL
                        GRTST 24HR    M  ON   M    6 = FREEZING RAIN OR DRIZZLE
                        GRTST DEPTH:   4 ON  7     7 = DUSTSTORM OR SANDSTORM:
                                                       VSBY 1/2 MILE OR LESS
                                                   8 = SMOKE OR HAZE
[NO. OF DAYS WITH]      [WEATHER - DAYS WITH]      9 = BLOWING SNOW
                                                   X = TORNADO
MAX 32 OR BELOW:   6    0.01 INCH OR MORE:   7
MAX 90 OR ABOVE:   0    0.10 INCH OR MORE:   2
MIN 32 OR BELOW:  13    0.50 INCH OR MORE:   0
MIN  0 OR BELOW:   2    1.00 INCH OR MORE:   0

[HDD (BASE 65) ]
TOTAL THIS MO.   586    CLEAR  (SCALE 0-3)   5
DPTR FM NORMAL    76    PTCLDY (SCALE 4-7)   8
TOTAL FM JUL 1  1958    CLOUDY (SCALE 8-10)  3
DPTR FM NORMAL   224

[CDD (BASE 65) ]
TOTAL THIS MO.     0
DPTR FM NORMAL     0    [PRESSURE DATA]
TOTAL FM JAN 1   185    HIGHEST SLP M ON M
DPTR FM NORMAL    23    LOWEST  SLP 29.60 ON  4

[REMARKS]
