000
CXUS56 KTFX 231205
CF6CTB
PRELIMINARY LOCAL CLIMATOLOGICAL DATA (WS FORM: F-6)

                                          STATION:   CUT BANK MT
                                          MONTH:     MAY
                                          YEAR:      2018
                                          LATITUDE:   48 37 N
                                          LONGITUDE: 112 23 W

  TEMPERATURE IN F:       :PCPN:    SNOW:  WIND      :SUNSHINE: SKY     :PK WND
================================================================================
1   2   3   4   5  6A  6B    7    8   9   10  11  12  13   14  15   16   17  18
                                     12Z  AVG MX 2MIN
DY MAX MIN AVG DEP HDD CDD  WTR  SNW DPTH SPD SPD DIR MIN PSBL S-S WX    SPD DR
================================================================================

 1  49  33  41  -5  24   0 0.00    M    0 14.4 28 350   M    M   7        32 360
 2  63  32  48   2  17   0 0.00    M    0 11.4 24 260   M    M   2        33 230
 3  71  36  54   8  11   0 0.00    M    0 14.6 28 270   M    M   0        33 270
 4  71  45  58  12   7   0 0.00    M    0 17.6 31 240   M    M   0        36 250
 5  69  43  56   9   9   0    T    M    0  8.0 20 250   M    M   3        26 210
 6  77  39  58  11   7   0 0.00    M    0  6.7 15 270   M    M   1        19 150
 7  74  51  63  16   2   0 0.04    M    0 15.9 29 260   M    M   5 13     35 260
 8  72  48  60  12   5   0 0.00    M    0 12.2 23 290   M    M   3        29 300
 9  63  43  53   5  12   0 0.23    M    0 11.0 24 320   M    M   6 1      29 310
10  64  41  53   5  12   0 0.06    M    0 10.8 25  20   M    M   8 1      30  30
11  44  32  38 -10  27   0 0.04    M    0 13.8 25 350   M    M   9 1      30  10
12  66  25  46  -3  19   0 0.00    M    0  4.9 16  50   M    M   2 12     21  10
13  74  33  54   5  11   0 0.00    M    0 10.2 25  20   M    M   2        34  20
14  76  39  58   9   7   0 0.00    M    0  5.8 14 220   M    M   0        20 140
15  82  43  63  13   2   0 0.00    M    0  6.5 16 250   M    M   0        22 280
16  80  45  63  13   2   0    T    M    0  8.7 35 250   M    M   3 3      40 240
17  54  42  48  -2  17   0 0.81    M    0 24.1 35 330   M    M   8 1      41 330
18  44  41  43  -8  22   0 0.20    M    0 11.9 21  10   M    M   9 1      26  10
19  51  39  45  -6  20   0 0.00    M    0  8.1 23 130   M    M   9 1      29 130
20  75  37  56   5   9   0 0.00    M    0  8.6 21 260   M    M   2 12     26 260
21  74  46  60   8   5   0 0.00    M    0  5.6 17 340   M    M   4        19 340
22  75  43  59   7   6   0 0.00    M    0  6.6 22 150   M    M   1        25 140
================================================================================
SM 1468  876       253   0  1.38    M    237.4          M       84
================================================================================
AV 66.7 39.8                              10.8 FASTST   M    M   4    MAX(MPH)
                                 MISC ---->  # 35 250               # 41  330
================================================================================
NOTES:
# LAST OF SEVERAL OCCURRENCES

COLUMN 17 PEAK WIND IN M.P.H.

PRELIMINARY LOCAL CLIMATOLOGICAL DATA (WS FORM: F-6) , PAGE 2

                                          STATION:  CUT BANK MT
                                          MONTH:    MAY
                                          YEAR:     2018
                                          LATITUDE:   48 37 N
                                          LONGITUDE: 112 23 W

[TEMPERATURE DATA]      [PRECIPITATION DATA]       SYMBOLS USED IN COLUMN 16

AVERAGE MONTHLY: 53.3   TOTAL FOR MONTH:   1.38    1 = FOG OR MIST
DPTR FM NORMAL:   4.6   DPTR FM NORMAL:    0.20    2 = FOG REDUCING VISIBILITY
HIGHEST:    82 ON 15    GRTST 24HR  0.81 ON 17-17      TO 1/4 MILE OR LESS
LOWEST:     25 ON 12                               3 = THUNDER
                        SNOW, ICE PELLETS, HAIL    4 = ICE PELLETS
                        TOTAL MONTH:    M          5 = HAIL
                        GRTST 24HR    M  ON   M    6 = FREEZING RAIN OR DRIZZLE
                        GRTST DEPTH:   0           7 = DUSTSTORM OR SANDSTORM:
                                                       VSBY 1/2 MILE OR LESS
                                                   8 = SMOKE OR HAZE
[NO. OF DAYS WITH]      [WEATHER - DAYS WITH]      9 = BLOWING SNOW
                                                   X = TORNADO
MAX 32 OR BELOW:   0    0.01 INCH OR MORE:   6
MAX 90 OR ABOVE:   0    0.10 INCH OR MORE:   3
MIN 32 OR BELOW:   3    0.50 INCH OR MORE:   1
MIN  0 OR BELOW:   0    1.00 INCH OR MORE:   0

[HDD (BASE 65) ]
TOTAL THIS MO.   253    CLEAR  (SCALE 0-3)  12
DPTR FM NORMAL  -108    PTCLDY (SCALE 4-7)   6
TOTAL FM JUL 1  8917    CLOUDY (SCALE 8-10)  4
DPTR FM NORMAL   736

[CDD (BASE 65) ]
TOTAL THIS MO.     0
DPTR FM NORMAL     0    [PRESSURE DATA]
TOTAL FM JAN 1     0    HIGHEST SLP M ON M
DPTR FM NORMAL     0    LOWEST  SLP 29.71 ON 10

[REMARKS]
