000
CXUS56 KTFX 221050
CF6CTB
PRELIMINARY LOCAL CLIMATOLOGICAL DATA (WS FORM: F-6)

                                          STATION:   CUT BANK MT
                                          MONTH:     OCTOBER
                                          YEAR:      2019
                                          LATITUDE:   48 37 N
                                          LONGITUDE: 112 23 W

  TEMPERATURE IN F:       :PCPN:    SNOW:  WIND      :SUNSHINE: SKY     :PK WND
================================================================================
1   2   3   4   5  6A  6B    7    8   9   10  11  12  13   14  15   16   17  18
                                     12Z  AVG MX 2MIN
DY MAX MIN AVG DEP HDD CDD  WTR  SNW DPTH SPD SPD DIR MIN PSBL S-S WX    SPD DR
================================================================================

 1  27   1  14 -34  51   0    T    M   11  4.3 13 140   M    M   5 128    14 140
 2  27   8  18 -30  47   0 0.00    M    9  5.4 13 140   M    M   5 128    14 130
 3  35  11  23 -25  42   0 0.00    M    9  4.2 13 160   M    M   4 128    14 150
 4  47  29  38  -9  27   0 0.00    M    4 10.5 21 260   M    M   2        25 260
 5  48  31  40  -7  25   0 0.00    M    1 18.2 29 270   M    M   0        36 270
 6  55  37  46  -1  19   0 0.00    M    0 23.2 36 260   M    M   0        42 260
 7  62  46  54   8  11   0 0.00    M    0 24.2 45 240   M    M   1        54 240
 8  53  20  37  -9  28   0 0.14    M    0 20.3 33 360   M    M   8 128    38 230
 9  24   1  13 -33  52   0    T    M    2 11.8 23  10   M    M   7 18     26  10
10  32  -3  15 -30  50   0 0.00    M    2  3.9 14 290   M    M   0        16 290
11  40  17  29 -16  36   0 0.00    M    2  5.4 15 290   M    M   0        16 290
12  52  18  35  -9  30   0 0.00    M    1  3.3  9 180   M    M   0        10 180
13  55  26  41  -3  24   0 0.00    M    T  7.3 23 270   M    M   3        28 270
14  46  27  37  -7  28   0 0.00    M    0 14.7 26 350   M    M   7        34 260
15  53  24  39  -4  26   0 0.00    M    0  8.9 22 240   M    M   0 1      28 240
16  70  45  58  15   7   0 0.00    M    0 10.8 26 240   M    M   0        33 240
17  59  38  49   6  16   0 0.00    M    0 17.8 35 250   M    M   0        42 250
18  50  36  43   1  22   0 0.00    M    0 23.5 40 240   M    M   0        47 240
19  50  31  41  -1  24   0 0.00    M    0  9.6 28 250   M    M   6        36 250
20  50  26  38  -3  27   0 0.00    M    0 11.8 28 240   M    M   3        32 240
21  48  29  39  -2  26   0 0.00    M    0 15.5 32 250   M    M   4        39 250
================================================================================
SM  983  498       618   0  0.14    M    254.6          M       55
================================================================================
AV 46.8 23.7                              12.1 FASTST   M    M   3    MAX(MPH)
                                 MISC ---->    45 240                 54 240
================================================================================
NOTES:
# LAST OF SEVERAL OCCURRENCES

COLUMN 17 PEAK WIND IN M.P.H.

PRELIMINARY LOCAL CLIMATOLOGICAL DATA (WS FORM: F-6) , PAGE 2

                                          STATION:   CUT BANK MT
                                          MONTH:     OCTOBER
                                          YEAR:      2019
                                          LATITUDE:   48 37 N
                                          LONGITUDE: 112 23 W

[TEMPERATURE DATA]      [PRECIPITATION DATA]       SYMBOLS USED IN COLUMN 16

AVERAGE MONTHLY: 35.3   TOTAL FOR MONTH:   0.14    1 = FOG OR MIST
DPTR FM NORMAL:  -9.5   DPTR FM NORMAL:   -0.20    2 = FOG REDUCING VISIBILITY
HIGHEST:    70 ON 16    GRTST 24HR  0.14 ON  7- 8      TO 1/4 MILE OR LESS
LOWEST:     -3 ON 10                               3 = THUNDER
                        SNOW, ICE PELLETS, HAIL    4 = ICE PELLETS
                        TOTAL MONTH:  M            5 = HAIL
                        GRTST 24HR    M  ON   M    6 = FREEZING RAIN OR DRIZZLE
                        GRTST DEPTH:  18 ON M      7 = DUSTSTORM OR SANDSTORM:
                                                       VSBY 1/2 MILE OR LESS
                                                   8 = SMOKE OR HAZE
[NO. OF DAYS WITH]      [WEATHER - DAYS WITH]      9 = BLOWING SNOW
                                                   X = TORNADO
MAX 32 OR BELOW:   4    0.01 INCH OR MORE:   1
MAX 90 OR ABOVE:   0    0.10 INCH OR MORE:   1
MIN 32 OR BELOW:  16    0.50 INCH OR MORE:   0
MIN  0 OR BELOW:   1    1.00 INCH OR MORE:   0

[HDD (BASE 65) ]
TOTAL THIS MO.   618    CLEAR  (SCALE 0-3)  12
DPTR FM NORMAL   193    PTCLDY (SCALE 4-7)   8
TOTAL FM JUL 1  1142    CLOUDY (SCALE 8-10)  1
DPTR FM NORMAL   180

[CDD (BASE 65) ]
TOTAL THIS MO.     0
DPTR FM NORMAL     0    [PRESSURE DATA]
TOTAL FM JAN 1   106    HIGHEST SLP M ON M
DPTR FM NORMAL   -55    LOWEST  SLP 29.45 ON 17

[REMARKS]
