000
CXUS52 KTAE 190800
CF6CTY
PRELIMINARY LOCAL CLIMATOLOGICAL DATA (WS FORM: F-6)

                                          STATION:   CROSS CITY
                                          MONTH:     JANUARY
                                          YEAR:      2019
                                          LATITUDE:   29 37 N
                                          LONGITUDE:  83  6 W

  TEMPERATURE IN F:       :PCPN:    SNOW:  WIND      :SUNSHINE: SKY     :PK WND
================================================================================
1   2   3   4   5  6A  6B    7    8   9   10  11  12  13   14  15   16   17  18
                                     12Z  AVG MX 2MIN
DY MAX MIN AVG DEP HDD CDD  WTR  SNW DPTH SPD SPD DIR MIN PSBL S-S WX    SPD DR
================================================================================

 1  80  56  68  16   0   3 0.00  0.0    0  4.4 10 230   M    M   6 12      M  M
 2  78  59  69  17   0   4 0.01  0.0    0  2.0  8 210   M    M   7 128     M  M
 3  76  58  67  15   0   2 0.02  0.0    0  5.7 14 230   M    M   9 1       M  M
 4  72  58  65  13   0   0 1.12  0.0    0  9.5 20 270   M    M   7 1      32 270
 5  60  44  52   0  13   0 0.00  0.0    0  6.9 14 300   M    M   2         M  M
 6  71  39  55   3  10   0 0.00  0.0    0  2.3  7  30   M    M   0 1       M  M
 7  75  39  57   5   8   0 0.00  0.0    0  2.0  9 220   M    M   1 1       M  M
 8  74  47  61   9   4   0 0.00  0.0    0  4.0 10 270   M    M   2 1       M  M
 9  65  40  53   1  12   0 0.00  0.0    0  7.1 14 330   M    M   1        16 340
10  58  35  47  -6  18   0 0.00  0.0    0  6.7 13 340   M    M   0        17 340
11  67  30  49  -4  16   0 0.00  0.0    0  4.5 10  30   M    M   3         M  M
12  76  46  61   8   4   0 0.00  0.0    0  5.3 10 190   M    M   6         M  M
13  75  54  65  12   0   0 0.09  0.0    0  5.9 12 270   M    M   5 1       M  M
14  61  47  54   1  11   0 0.00  0.0    0  7.6 13  20   M    M   9 1       M  M
15  55  40  48  -5  17   0 0.00  0.0    0  6.4  9 320   M    M   6         M  M
16  60  33  47  -6  18   0 0.00  0.0    0  2.3  8 280   M    M   0 1       M  M
17  68  31  50  -3  15   0 0.00  0.0    0  2.3 12 240   M    M   2 1       M  M
18  73  45  59   6   6   0 0.00  0.0    0  2.7 12 240   M    M   3         M  M
================================================================================
SM 1244  801       152   9  1.24     0.0  87.6          M       69
================================================================================
AV 69.1 44.5                               4.9 FASTST   M    M   4    MAX(MPH)
                                 MISC ---->  # 20 270               # 32  270
================================================================================
NOTES:
# LAST OF SEVERAL OCCURRENCES

COLUMN 17 PEAK WIND IN M.P.H.

PRELIMINARY LOCAL CLIMATOLOGICAL DATA (WS FORM: F-6) , PAGE 2

                                          STATION:  CROSS CITY
                                          MONTH:    JANUARY
                                          YEAR:     2019
                                          LATITUDE:   29 37 N
                                          LONGITUDE:  83  6 W

[TEMPERATURE DATA]      [PRECIPITATION DATA]       SYMBOLS USED IN COLUMN 16

AVERAGE MONTHLY: 56.8   TOTAL FOR MONTH:   1.24    1 = FOG OR MIST
DPTR FM NORMAL:   4.3   DPTR FM NORMAL:   -1.10    2 = FOG REDUCING VISIBILITY
HIGHEST:    80 ON  1    GRTST 24HR  1.12 ON  4- 4      TO 1/4 MILE OR LESS
LOWEST:     30 ON 11                               3 = THUNDER
                        SNOW, ICE PELLETS, HAIL    4 = ICE PELLETS
                        TOTAL MONTH:   0.0 INCH    5 = HAIL
                        GRTST 24HR     0.0         6 = FREEZING RAIN OR DRIZZLE
                        GRTST DEPTH:   0           7 = DUSTSTORM OR SANDSTORM:
                                                       VSBY 1/2 MILE OR LESS
                                                   8 = SMOKE OR HAZE
[NO. OF DAYS WITH]      [WEATHER - DAYS WITH]      9 = BLOWING SNOW
                                                   X = TORNADO
MAX 32 OR BELOW:   0    0.01 INCH OR MORE:   4
MAX 90 OR ABOVE:   0    0.10 INCH OR MORE:   1
MIN 32 OR BELOW:   2    0.50 INCH OR MORE:   1
MIN  0 OR BELOW:   0    1.00 INCH OR MORE:   1

[HDD (BASE 65) ]
TOTAL THIS MO.   152    CLEAR  (SCALE 0-3)   9
DPTR FM NORMAL   -75    PTCLDY (SCALE 4-7)   7
TOTAL FM JUL 1   565    CLOUDY (SCALE 8-10)  2
DPTR FM NORMAL  -167

[CDD (BASE 65) ]
TOTAL THIS MO.     9
DPTR FM NORMAL     9    [PRESSURE DATA]
TOTAL FM JAN 1     9    HIGHEST SLP M ON M
DPTR FM NORMAL     9    LOWEST  SLP 29.77 ON  4

[REMARKS]
