000
CXUS53 KUNR 260930
CF6CUT
PRELIMINARY LOCAL CLIMATOLOGICAL DATA (WS FORM: F-6)

                                          STATION:   CUSTER COUNTY AIRPORT SD
                                          MONTH:     OCTOBER
                                          YEAR:      2020
                                          LATITUDE:   43 43 N
                                          LONGITUDE: 103 37 W

  TEMPERATURE IN F:       :PCPN:    SNOW:  WIND      :SUNSHINE: SKY     :PK WND
================================================================================
1   2   3   4   5  6A  6B    7    8   9   10  11  12  13   14  15   16   17  18
                                     12Z  AVG MX 2MIN
DY MAX MIN AVG DEP HDD CDD  WTR  SNW DPTH SPD SPD DIR MIN PSBL S-S WX    SPD DR
================================================================================

 1  54  26  40  -8  25   0 0.00    M    M  4.9 13  70   M    M   0        20 100
 2  68  36  52   5  13   0 0.00    M    M  7.7 22 280   M    M   2        31 310
 3  62  33  48   1  17   0 0.00    M    M  4.3 14 360   M    M   2        24 360
 4  72  33  53   7  12   0 0.00    M    M  5.7 16 280   M    M   0        27 210
 5  70  44  57  11   8   0    T    M    M  7.8 18 280   M    M   0        33 350
 6  76  44  60  14   5   0 0.00    M    M  8.7 23 270   M    M   0        36 300
 7  69  40  55  10  10   0 0.00    M    M  4.9 13  80   M    M   0        18  70
 8  78  41  60  15   5   0 0.00    M    M  6.8 21 270   M    M   0        28 230
 9  77  40  59  14   6   0 0.00    M    M  5.6 14 210   M    M   0 8      20 190
10  76  36  56  12   9   0 0.00    M    M  7.3 14 170   M    M   1        28 180
11  64  34  49   5  16   0 0.02    M    M  9.6 25 290   M    M   4 1      40 320
12  61  27  44   0  21   0    T    M    M  8.5 28 280   M    M   3        39 300
13  60  30  45   2  20   0 0.00    M    M  5.9 28 260   M    M   1        43 260
14  59  27  43   0  22   0 0.01    M    M 13.4 30 280   M    M   5        51 280
15  40  25  33 -10  32   0 0.04    M    M  8.9 23 320   M    M   2 128    40 350
16  49  21  35  -8  30   0    T    M    M  5.9 15 250   M    M   6 12     24 250
17  45  23  34  -8  31   0 0.61    M    M  4.3 14 340   M    M  10 12     25 310
18  28  20  24 -18  41   0 0.04    M    M  3.1  9 260   M    M  10 12     15 250
19  38  28  33  -9  32   0 0.02    M    M  3.9 12 270   M    M  10 12     18 180
20  45  30  38  -4  27   0    T    M    M  6.3 17 280   M    M   7 12     26 300
21  33  27  30 -11  35   0 0.03    M    M  6.5 13  60   M    M  10 12     16  40
22  30  18  24 -17  41   0 0.10    M    M  4.8 14 360   M    M  10 1      26 360
23  23  14  19 -22  46   0    T    M    M  5.2 13 200   M    M   9 1      19 230
24  23   9  16 -24  49   0 0.19    M    M  6.9 14  60   M    M  10 1      21  30
25  13   0   7 -33  58   0 0.03    M    M  5.5 15  30   M    M  10 18     22  20
================================================================================
SM 1313  706       611   0  1.09    M    162.4          M      112
================================================================================
AV 52.5 28.2                               6.5 FASTST   M    M   4    MAX(MPH)
                                 MISC ---->    30 280                 51 280
================================================================================
NOTES:
# LAST OF SEVERAL OCCURRENCES

COLUMN 17 PEAK WIND IN M.P.H.

PRELIMINARY LOCAL CLIMATOLOGICAL DATA (WS FORM: F-6) , PAGE 2

                                          STATION:   CUSTER COUNTY AIRPORT SD
                                          MONTH:     OCTOBER
                                          YEAR:      2020
                                          LATITUDE:   43 43 N
                                          LONGITUDE: 103 37 W

[TEMPERATURE DATA]      [PRECIPITATION DATA]       SYMBOLS USED IN COLUMN 16

AVERAGE MONTHLY: 40.4   TOTAL FOR MONTH:   1.09    1 = FOG OR MIST
DPTR FM NORMAL:  -3.2   DPTR FM NORMAL:   -0.24    2 = FOG REDUCING VISIBILITY
HIGHEST:    78 ON  8    GRTST 24HR  0.61 ON 17-17      TO 1/4 MILE OR LESS
LOWEST:      0 ON 25                               3 = THUNDER
                        SNOW, ICE PELLETS, HAIL    4 = ICE PELLETS
                        TOTAL MONTH:  M            5 = HAIL
                        GRTST 24HR    M  ON   M    6 = FREEZING RAIN OR DRIZZLE
                        GRTST DEPTH:  M  ON   M    7 = DUSTSTORM OR SANDSTORM:
                                                       VSBY 1/2 MILE OR LESS
                                                   8 = SMOKE OR HAZE
[NO. OF DAYS WITH]      [WEATHER - DAYS WITH]      9 = BLOWING SNOW
                                                   X = TORNADO
MAX 32 OR BELOW:   5    0.01 INCH OR MORE:  10
MAX 90 OR ABOVE:   0    0.10 INCH OR MORE:   3
MIN 32 OR BELOW:  15    0.50 INCH OR MORE:   1
MIN  0 OR BELOW:   1    1.00 INCH OR MORE:   0

[HDD (BASE 65) ]
TOTAL THIS MO.   611    CLEAR  (SCALE 0-3)  12
DPTR FM NORMAL    74    PTCLDY (SCALE 4-7)   5
TOTAL FM JUL 1   956    CLOUDY (SCALE 8-10)  8
DPTR FM NORMAL   -67

[CDD (BASE 65) ]
TOTAL THIS MO.     0
DPTR FM NORMAL     0    [PRESSURE DATA]
TOTAL FM JAN 1   277    HIGHEST SLP M ON M
DPTR FM NORMAL   100    LOWEST  SLP 29.38 ON 11

[REMARKS]
