000
CXUS53 KUNR 180945
CF6CUT
PRELIMINARY LOCAL CLIMATOLOGICAL DATA (WS FORM: F-6)

                                          STATION:   CUSTER COUNTY AIRPORT SD
                                          MONTH:     JULY
                                          YEAR:      2018
                                          LATITUDE:   43 43 N
                                          LONGITUDE: 103 37 W

  TEMPERATURE IN F:       :PCPN:    SNOW:  WIND      :SUNSHINE: SKY     :PK WND
================================================================================
1   2   3   4   5  6A  6B    7    8   9   10  11  12  13   14  15   16   17  18
                                     12Z  AVG MX 2MIN
DY MAX MIN AVG DEP HDD CDD  WTR  SNW DPTH SPD SPD DIR MIN PSBL S-S WX    SPD DR
================================================================================

 1  74  42  58  -6   7   0 0.00    M    M  6.9 18 270   M    M   1        25 270
 2  81  48  65   1   0   0 0.00    M    M  6.8 16 260   M    M   0        23 280
 3  80  55  68   4   0   3 0.39    M    M  7.4 23 250   M    M   1 13     35 270
 4  75  54  65   1   0   0 0.00    M    M  5.3 14  70   M    M   1        17  70
 5  69  53  61  -4   4   0 0.00    M    M  7.0 16  80   M    M   8 1      23 110
 6  83  63  73   8   0   8 0.00    M    M  7.2 16 190   M    M   0        25 200
 7  91  60  76  11   0  11 0.00    M    M  6.2 22 270   M    M   1        30 270
 8  90  65  78  13   0  13 0.00    M    M  7.0 18  60   M    M   1 3      27  70
 9  87  62  75  10   0  10 0.00    M    M  8.1 16 150   M    M   2 12     24 120
10  89  65  77  11   0  12 0.00    M    M  6.1 15 190   M    M   0        24 190
11  86  63  75   9   0  10 0.00    M    M  6.4 21  70   M    M   1 13     28  70
12  70  57  64  -2   1   0 0.21    M    M  7.2 24 240   M    M   5 13     36 230
13  79  53  66   0   0   1 0.00    M    M  5.0 12 200   M    M   2 12     19 140
14  89  60  75   9   0  10 0.00    M    M  6.6 15  30   M    M   0        23  60
15  69  55  62  -4   3   0 1.97    M    M  5.1 16  10   M    M   9 13     23  30
16  77  57  67   1   0   2 0.07    M    M  5.9 22  60   M    M   4 13     30  80
17  78  54  66   0   0   1 0.83    M    M  6.9 24 300   M    M   4 13     37 290
================================================================================
SM 1367  966        15  81  3.47    M    111.1          M       40
================================================================================
AV 80.4 56.8                               6.5 FASTST   M    M   2    MAX(MPH)
                                 MISC ---->  # 24 240               # 37  290
================================================================================
NOTES:
# LAST OF SEVERAL OCCURRENCES

COLUMN 17 PEAK WIND IN M.P.H.

PRELIMINARY LOCAL CLIMATOLOGICAL DATA (WS FORM: F-6) , PAGE 2

                                          STATION:  CUSTER COUNTY AIRPORT SD
                                          MONTH:    JULY
                                          YEAR:     2018
                                          LATITUDE:   43 43 N
                                          LONGITUDE: 103 37 W

[TEMPERATURE DATA]      [PRECIPITATION DATA]       SYMBOLS USED IN COLUMN 16

AVERAGE MONTHLY: 68.6   TOTAL FOR MONTH:   3.47    1 = FOG OR MIST
DPTR FM NORMAL:   3.4   DPTR FM NORMAL:    2.11    2 = FOG REDUCING VISIBILITY
HIGHEST:    91 ON  7    GRTST 24HR  1.97 ON 15-15      TO 1/4 MILE OR LESS
LOWEST:     42 ON  1                               3 = THUNDER
                        SNOW, ICE PELLETS, HAIL    4 = ICE PELLETS
                        TOTAL MONTH:    M          5 = HAIL
                        GRTST 24HR    M  ON   M    6 = FREEZING RAIN OR DRIZZLE
                        GRTST DEPTH:  M  ON   M    7 = DUSTSTORM OR SANDSTORM:
                                                       VSBY 1/2 MILE OR LESS
                                                   8 = SMOKE OR HAZE
[NO. OF DAYS WITH]      [WEATHER - DAYS WITH]      9 = BLOWING SNOW
                                                   X = TORNADO
MAX 32 OR BELOW:   0    0.01 INCH OR MORE:   5
MAX 90 OR ABOVE:   2    0.10 INCH OR MORE:   4
MIN 32 OR BELOW:   0    0.50 INCH OR MORE:   2
MIN  0 OR BELOW:   0    1.00 INCH OR MORE:   1

[HDD (BASE 65) ]
TOTAL THIS MO.    15    CLEAR  (SCALE 0-3)  12
DPTR FM NORMAL   -23    PTCLDY (SCALE 4-7)   4
TOTAL FM JUL 1    15    CLOUDY (SCALE 8-10)  1
DPTR FM NORMAL   -23

[CDD (BASE 65) ]
TOTAL THIS MO.    81
DPTR FM NORMAL    40    [PRESSURE DATA]
TOTAL FM JAN 1   116    HIGHEST SLP M ON M
DPTR FM NORMAL    49    LOWEST  SLP 29.43 ON  3

[REMARKS]
