000
CXUS51 KILN 160600
CF6CVG
PRELIMINARY LOCAL CLIMATOLOGICAL DATA (WS FORM: F-6)

                                          STATION:   CINCINNATI OH
                                          MONTH:     OCTOBER
                                          YEAR:      2019
                                          LATITUDE:   39  2 N
                                          LONGITUDE:  84 40 W

  TEMPERATURE IN F:       :PCPN:    SNOW:  WIND      :SUNSHINE: SKY     :PK WND
================================================================================
1   2   3   4   5  6A  6B    7    8   9   10  11  12  13   14  15   16   17  18
                                     12Z  AVG MX 2MIN
DY MAX MIN AVG DEP HDD CDD  WTR  SNW DPTH SPD SPD DIR MIN PSBL S-S WX    SPD DR
================================================================================

 1  95  67  81  20   0  16 0.00  0.0    0  6.1 18 230   M    M   2 18     26 250
 2  94  68  81  20   0  16 0.00  0.0    0  8.5 23 260   M    M   3        29 270
 3  94  66  80  20   0  15 0.00  0.0    0 10.4 21 330   M    M   1        27 290
 4  71  56  64   4   1   0 0.00  0.0    0 12.4 22  30   M    M   3        28  10
 5  80  51  66   6   0   1    T  0.0    0  6.6 20  70   M    M   2        24  70
 6  76  57  67   8   0   2 0.36  0.0    0  7.7 20 270   M    M   9 1      26  80
 7  66  50  58  -1   7   0 0.16  0.0    0  2.6  9 120   M    M   8 1      12  60
 8  72  48  60   2   5   0 0.00  0.0    0  7.3 17  60   M    M   2 128    24  70
 9  76  50  63   5   2   0 0.00  0.0    0  5.8 13  40   M    M   1        16  30
10  80  57  69  11   0   4 0.00  0.0    0  7.0 14 120   M    M   7 1      16 120
11  76  46  61   4   4   0 0.14  0.0    0 11.0 28 290   M    M   9 1      32 320
12  56  36  46 -11  19   0 0.02  0.0    0  8.0 20 300   M    M   2 1      24 320
13  68  34  51  -6  14   0 0.00  0.0    0  7.9 17 200   M    M   1        22 210
14  69  42  56   0   9   0 0.00  0.0    0  5.5 16 280   M    M   0        23 280
15  77  44  61   5   4   0 0.05  0.0    0  8.5 20 200   M    M   3 3      26 180
================================================================================
SM 1150  772        65  54  0.73     0.0 115.3          M       53
================================================================================
AV 76.7 51.5                               7.7 FASTST   M    M   4    MAX(MPH)
                                 MISC ---->  # 28 290               # 32  320
================================================================================
NOTES:
# LAST OF SEVERAL OCCURRENCES

COLUMN 17 PEAK WIND IN M.P.H.

PRELIMINARY LOCAL CLIMATOLOGICAL DATA (WS FORM: F-6) , PAGE 2

                                          STATION:  CINCINNATI OH
                                          MONTH:    OCTOBER
                                          YEAR:     2019
                                          LATITUDE:   39  2 N
                                          LONGITUDE:  84 40 W

[TEMPERATURE DATA]      [PRECIPITATION DATA]       SYMBOLS USED IN COLUMN 16

AVERAGE MONTHLY: 64.1   TOTAL FOR MONTH:   0.73    1 = FOG OR MIST
DPTR FM NORMAL:   5.6   DPTR FM NORMAL:   -0.86    2 = FOG REDUCING VISIBILITY
HIGHEST:    95 ON  1    GRTST 24HR  0.36 ON  6- 6      TO 1/4 MILE OR LESS
LOWEST:     34 ON 13                               3 = THUNDER
                        SNOW, ICE PELLETS, HAIL    4 = ICE PELLETS
                        TOTAL MONTH:   0.0 INCH    5 = HAIL
                        GRTST 24HR     0.0         6 = FREEZING RAIN OR DRIZZLE
                        GRTST DEPTH:   0           7 = DUSTSTORM OR SANDSTORM:
                                                       VSBY 1/2 MILE OR LESS
                                                   8 = SMOKE OR HAZE
[NO. OF DAYS WITH]      [WEATHER - DAYS WITH]      9 = BLOWING SNOW
                                                   X = TORNADO
MAX 32 OR BELOW:   0    0.01 INCH OR MORE:   5
MAX 90 OR ABOVE:   3    0.10 INCH OR MORE:   3
MIN 32 OR BELOW:   0    0.50 INCH OR MORE:   0
MIN  0 OR BELOW:   0    1.00 INCH OR MORE:   0

[HDD (BASE 65) ]
TOTAL THIS MO.    65    CLEAR  (SCALE 0-3)  11
DPTR FM NORMAL   -48    PTCLDY (SCALE 4-7)   2
TOTAL FM JUL 1    65    CLOUDY (SCALE 8-10)  2
DPTR FM NORMAL  -106

[CDD (BASE 65) ]
TOTAL THIS MO.    54
DPTR FM NORMAL    38    [PRESSURE DATA]
TOTAL FM JAN 1  1496    HIGHEST SLP 30.28 ON  4
DPTR FM NORMAL   375    LOWEST  SLP 29.73 ON 15

[REMARKS]
