000
CXUS53 KUNR 170945
CF6D07
PRELIMINARY LOCAL CLIMATOLOGICAL DATA (WS FORM: F-6)

                                          STATION:   FAITH SD
                                          MONTH:     OCTOBER
                                          YEAR:      2018
                                          LATITUDE:   45  1 N
                                          LONGITUDE: 102  1 W

  TEMPERATURE IN F:       :PCPN:    SNOW:  WIND      :SUNSHINE: SKY     :PK WND
================================================================================
1   2   3   4   5  6A  6B    7    8   9   10  11  12  13   14  15   16   17  18
                                     12Z  AVG MX 2MIN
DY MAX MIN AVG DEP HDD CDD  WTR  SNW DPTH SPD SPD DIR MIN PSBL S-S WX    SPD DR
================================================================================

 1  59  39  49  -4  16   0 0.00    M    M 13.4 23 130   M    M   M        28 130
 2  73  40  57   5   8   0 0.04    M    M  9.0 16  90   M    M   M        20  90
 3  55  29  42 -10  23   0 0.00    M    M 15.8 47 330   M    M   M        60 330
 4  34  24  29 -22  36   0 0.06    M    M 16.2 30 130   M    M   M        37 130
 5  44  30  37 -14  28   0 0.04    M    M 11.0 26 310   M    M   M        32 320
 6  50  28  39 -11  26   0 0.00    M    M  9.2 20 140   M    M   M        24 130
 7  37  33  35 -15  30   0 0.00    M    M  9.7 18 140   M    M   M        23 150
 8  37  32  35 -15  30   0 0.31    M    M 10.3 16  30   M    M   M        19  10
 9  37  32  35 -14  30   0 0.19    M    M 14.1 24  30   M    M   M        29  20
10  35  23  29 -20  36   0 0.08    M    M 16.8 26  10   M    M   M        33 360
11  44  19  32 -17  33   0 0.00    M    M  6.3 13 330   M    M   M        16 320
12  56  32  44  -4  21   0 0.00    M    M 10.3 18 250   M    M   M        25 240
13  46  27  37 -11  28   0 0.00    M    M 18.0 31 330   M    M   M        39 320
14  31  22  27 -21  38   0 0.00    M    M 17.0 25 320   M    M   M        32 310
15  57  18  38  -9  27   0 0.00    M    M 14.5 28 270   M    M   M        34 270
16  61  41  51   4  14   0 0.00    M    M 14.4 29 340   M    M   M        34 320
================================================================================
SM  756  469       424   0  0.72    M    206.0          M        M
================================================================================
AV 47.3 29.3                              12.9 FASTST   M    M   6    MAX(MPH)
                                 MISC ---->  # 47 330               # 60  330
================================================================================
NOTES:
# LAST OF SEVERAL OCCURRENCES

COLUMN 17 PEAK WIND IN M.P.H.

PRELIMINARY LOCAL CLIMATOLOGICAL DATA (WS FORM: F-6) , PAGE 2

                                          STATION:  FAITH SD
                                          MONTH:    OCTOBER
                                          YEAR:     2018
                                          LATITUDE:   45  1 N
                                          LONGITUDE: 102  1 W

[TEMPERATURE DATA]      [PRECIPITATION DATA]       SYMBOLS USED IN COLUMN 16

AVERAGE MONTHLY: 38.3   TOTAL FOR MONTH:   0.72    1 = FOG OR MIST
DPTR FM NORMAL: -11.3   DPTR FM NORMAL:    0.11    2 = FOG REDUCING VISIBILITY
HIGHEST:    73 ON  2    GRTST 24HR  0.31 ON  8- 8      TO 1/4 MILE OR LESS
LOWEST:     18 ON 15                               3 = THUNDER
                        SNOW, ICE PELLETS, HAIL    4 = ICE PELLETS
                        TOTAL MONTH:    M          5 = HAIL
                        GRTST 24HR    M  ON   M    6 = FREEZING RAIN OR DRIZZLE
                        GRTST DEPTH:  M  ON   M    7 = DUSTSTORM OR SANDSTORM:
                                                       VSBY 1/2 MILE OR LESS
                                                   8 = SMOKE OR HAZE
[NO. OF DAYS WITH]      [WEATHER - DAYS WITH]      9 = BLOWING SNOW
                                                   X = TORNADO
MAX 32 OR BELOW:   1    0.01 INCH OR MORE:   6
MAX 90 OR ABOVE:   0    0.10 INCH OR MORE:   2
MIN 32 OR BELOW:  12    0.50 INCH OR MORE:   0
MIN  0 OR BELOW:   0    1.00 INCH OR MORE:   0

[HDD (BASE 65) ]
TOTAL THIS MO.   424    CLEAR  (SCALE 0-3)   0
DPTR FM NORMAL   177    PTCLDY (SCALE 4-7)   0
TOTAL FM JUL 1   660    CLOUDY (SCALE 8-10)  0
DPTR FM NORMAL   181

[CDD (BASE 65) ]
TOTAL THIS MO.     0
DPTR FM NORMAL     0    [PRESSURE DATA]
TOTAL FM JAN 1   688    HIGHEST SLP M ON M
DPTR FM NORMAL    54    LOWEST  SLP 29.17 ON  3

[REMARKS]
