000
CXUS53 KUNR 210945
CF6D07
PRELIMINARY LOCAL CLIMATOLOGICAL DATA (WS FORM: F-6)

                                          STATION:   FAITH SD
                                          MONTH:     JANUARY
                                          YEAR:      2019
                                          LATITUDE:   45  1 N
                                          LONGITUDE: 102  1 W

  TEMPERATURE IN F:       :PCPN:    SNOW:  WIND      :SUNSHINE: SKY     :PK WND
================================================================================
1   2   3   4   5  6A  6B    7    8   9   10  11  12  13   14  15   16   17  18
                                     12Z  AVG MX 2MIN
DY MAX MIN AVG DEP HDD CDD  WTR  SNW DPTH SPD SPD DIR MIN PSBL S-S WX    SPD DR
================================================================================

 1  19  -7   6 -14  59   0 0.00    M    M 11.2 20 230   M    M   M        26 270
 2  35  18  27   7  38   0 0.00    M    M 18.8 25 290   M    M   M        34 270
 3  44  27  36  16  29   0 0.00    M    M 12.5 18 280   M    M   M        25 280
 4  48  35  42  22  23   0 0.00    M    M 11.7 20 280   M    M   M        27 280
 5  47  30  39  19  26   0 0.00    M    M  8.6 22 130   M    M   M        29 140
 6  38  28  33  13  32   0 0.00    M    M 17.0 30 140   M    M   M        42 140
 7  47  29  38  18  27   0 0.00    M    M 15.0 28 290   M    M   M        36 310
 8  34  16  25   5  40   0 0.00    M    M 18.8 32 300   M    M   M        41 310
 9  24  11  18  -2  47   0 0.00    M    M 14.0 28 130   M    M   M        37 130
10  41  11  26   6  39   0 0.00    M    M  5.5 14 140   M    M   M         M  M
11   M   M   M   M   M   M    M    M    M   M   M   M   M    M   M         M  M
12  24  11  18  -2  47   0 0.00    M    M  8.0 15 200   M    M   M        19 200
13  35  22  29   9  36   0 0.00    M    M 10.5 18 200   M    M   M        22 200
14  33  19  26   6  39   0 0.00    M    M  8.1 18 170   M    M   M        22 170
15  35  18  27   7  38   0 0.00    M    M 11.9 23 360   M    M   M        28  10
16  24  16  20   0  45   0 0.00    M    M  8.7 17 120   M    M   M        21 120
17  26  19  23   3  42   0 0.03    M    M  7.2 17  90   M    M   M        25 110
18  19   1  10 -10  55   0 0.23    M    M 11.5 23  80   M    M   M        27  80
19  10   1   6 -14  59   0 0.00    M    M 12.5 18 160   M    M   M        21 160
20   9   1   5 -15  60   0 0.00    M    M 14.5 30 140   M    M   M        38 150
================================================================================
SM  592  306       781   0  0.26    M    226.0          M        M
================================================================================
AV 31.2 16.1                              11.9 FASTST   M    M   4    MAX(MPH)
                                 MISC ---->  # 32 300               # 42  140
================================================================================
NOTES:
# LAST OF SEVERAL OCCURRENCES

COLUMN 17 PEAK WIND IN M.P.H.

PRELIMINARY LOCAL CLIMATOLOGICAL DATA (WS FORM: F-6) , PAGE 2

                                          STATION:  FAITH SD
                                          MONTH:    JANUARY
                                          YEAR:     2019
                                          LATITUDE:   45  1 N
                                          LONGITUDE: 102  1 W

[TEMPERATURE DATA]      [PRECIPITATION DATA]       SYMBOLS USED IN COLUMN 16

AVERAGE MONTHLY: 23.6   TOTAL FOR MONTH:   0.26    1 = FOG OR MIST
DPTR FM NORMAL:   3.6   DPTR FM NORMAL:    0.14    2 = FOG REDUCING VISIBILITY
HIGHEST:    48 ON  4    GRTST 24HR  0.23 ON 18-18      TO 1/4 MILE OR LESS
LOWEST:     -7 ON  1                               3 = THUNDER
                        SNOW, ICE PELLETS, HAIL    4 = ICE PELLETS
                        TOTAL MONTH:    M          5 = HAIL
                        GRTST 24HR    M  ON   M    6 = FREEZING RAIN OR DRIZZLE
                        GRTST DEPTH:  M  ON   M    7 = DUSTSTORM OR SANDSTORM:
                                                       VSBY 1/2 MILE OR LESS
                                                   8 = SMOKE OR HAZE
[NO. OF DAYS WITH]      [WEATHER - DAYS WITH]      9 = BLOWING SNOW
                                                   X = TORNADO
MAX 32 OR BELOW:   8    0.01 INCH OR MORE:   2
MAX 90 OR ABOVE:   0    0.10 INCH OR MORE:   1
MIN 32 OR BELOW:  18    0.50 INCH OR MORE:   0
MIN  0 OR BELOW:   1    1.00 INCH OR MORE:   0

[HDD (BASE 65) ]
TOTAL THIS MO.   781    CLEAR  (SCALE 0-3)   0
DPTR FM NORMAL  -119    PTCLDY (SCALE 4-7)   0
TOTAL FM JUL 1  3917    CLOUDY (SCALE 8-10)  0
DPTR FM NORMAL  -126

[CDD (BASE 65) ]
TOTAL THIS MO.     0
DPTR FM NORMAL     0    [PRESSURE DATA]
TOTAL FM JAN 1     0    HIGHEST SLP M ON M
DPTR FM NORMAL     0    LOWEST  SLP 29.23 ON  6

[REMARKS]
