000
CXUS51 KRNK 230659
CF6DAN
PRELIMINARY LOCAL CLIMATOLOGICAL DATA (WS FORM: F-6)

                                          STATION:   DANVILLE VA
                                          MONTH:     OCTOBER
                                          YEAR:      2018
                                          LATITUDE:   36 34 N
                                          LONGITUDE:  79 20 W

  TEMPERATURE IN F:       :PCPN:    SNOW:  WIND      :SUNSHINE: SKY     :PK WND
================================================================================
1   2   3   4   5  6A  6B    7    8   9   10  11  12  13   14  15   16   17  18
                                     12Z  AVG MX 2MIN
DY MAX MIN AVG DEP HDD CDD  WTR  SNW DPTH SPD SPD DIR MIN PSBL S-S WX    SPD DR
================================================================================

 1  82  58  70   6   0   5 0.00  0.0    0  1.2  8 230   M    M   2 1      12 210
 2  83  62  73   9   0   8 0.00  0.0    0  2.7 14 220   M    M   0 1      18 250
 3  86  63  75  11   0  10 0.00  0.0    0  2.8  9  40   M    M   0        14  40
 4  88  63  76  13   0  11 0.00  0.0    0  3.4 10 260   M    M   1 1      13 300
 5  86  67  77  14   0  12    T  0.0    0  5.2 12  50   M    M   3        14  40
 6  79  67  73  10   0   8 0.00  0.0    0  2.1  8  40   M    M   7 1      10  40
 7  86  64  75  13   0  10 0.00  0.0    0  1.3  6 250   M    M   4 12      8  80
 8  84  67  76  14   0  11    T  0.0    0  2.7 10  60   M    M   6 12     14  80
 9  79  66  73  11   0   8 0.12  0.0    0  4.3  9  60   M    M   7 1      13  60
10  76  68  72  11   0   7 0.15  0.0    0  3.6  7  90   M    M   8 1      11 100
11  75  57  66   5   0   1 6.00  0.0    0  7.3 40 360   M    M  10 1      52 350
12  76  52  64   3   1   0 0.00  0.0    0   M   M   M   M    M   M         M  M
13  66  45  56  -4   9   0    T  0.0    0  5.5 15 320   M    M   1        19 320
14  57  44  51  -9  14   0 0.03  0.0    0  2.5 10  10   M    M   7        12  10
15  79  54  67   7   0   2    T  0.0    0  4.6 17 230   M    M   7 1      22 240
16  74  62  68   9   0   3 0.11  0.0    0  3.0 10  30   M    M   7        13  30
17  71  51  61   2   4   0 0.08  0.0    0  5.6 14 280   M    M   3 1      19 270
18  63  40  52  -7  13   0 0.00  0.0    0  3.8 13  10   M    M   0        16  20
19  67  36  52  -6  13   0 0.00  0.0    0  3.5 12 230   M    M   0        17 210
20  67  51  59   1   6   0 0.05  0.0    0  5.7 13 270   M    M   5 1      20 270
21  57  34  46 -12  19   0 0.00  0.0    0  8.2 29 340   M    M   1        37 340
22  62  29  46 -12  19   0 0.00  0.0    0  3.5 15 230   M    M   0 12     19 210
================================================================================
SM 1643 1200        98  96  6.54     0.0  82.5          M       79
================================================================================
AV 74.7 54.6                               3.9 FASTST   M    M   4    MAX(MPH)
                                 MISC ---->  # 40 360               # 52  350
================================================================================
NOTES:
# LAST OF SEVERAL OCCURRENCES

COLUMN 17 PEAK WIND IN M.P.H.

PRELIMINARY LOCAL CLIMATOLOGICAL DATA (WS FORM: F-6) , PAGE 2

                                          STATION:  DANVILLE VA
                                          MONTH:    OCTOBER
                                          YEAR:     2018
                                          LATITUDE:   36 34 N
                                          LONGITUDE:  79 20 W

[TEMPERATURE DATA]      [PRECIPITATION DATA]       SYMBOLS USED IN COLUMN 16

AVERAGE MONTHLY: 64.6   TOTAL FOR MONTH:   6.54    1 = FOG OR MIST
DPTR FM NORMAL:   3.7   DPTR FM NORMAL:    4.00    2 = FOG REDUCING VISIBILITY
HIGHEST:    88 ON  4    GRTST 24HR  6.00 ON 11-11      TO 1/4 MILE OR LESS
LOWEST:     29 ON 22                               3 = THUNDER
                        SNOW, ICE PELLETS, HAIL    4 = ICE PELLETS
                        TOTAL MONTH:   0.0 INCH    5 = HAIL
                        GRTST 24HR     0.0         6 = FREEZING RAIN OR DRIZZLE
                        GRTST DEPTH:   0           7 = DUSTSTORM OR SANDSTORM:
                                                       VSBY 1/2 MILE OR LESS
                                                   8 = SMOKE OR HAZE
[NO. OF DAYS WITH]      [WEATHER - DAYS WITH]      9 = BLOWING SNOW
                                                   X = TORNADO
MAX 32 OR BELOW:   0    0.01 INCH OR MORE:   7
MAX 90 OR ABOVE:   0    0.10 INCH OR MORE:   4
MIN 32 OR BELOW:   1    0.50 INCH OR MORE:   1
MIN  0 OR BELOW:   0    1.00 INCH OR MORE:   1

[HDD (BASE 65) ]
TOTAL THIS MO.    98    CLEAR  (SCALE 0-3)  11
DPTR FM NORMAL   -22    PTCLDY (SCALE 4-7)   8
TOTAL FM JUL 1    99    CLOUDY (SCALE 8-10)  2
DPTR FM NORMAL   -49

[CDD (BASE 65) ]
TOTAL THIS MO.    96
DPTR FM NORMAL    67    [PRESSURE DATA]
TOTAL FM JAN 1  1715    HIGHEST SLP M ON M
DPTR FM NORMAL   283    LOWEST  SLP 29.75 ON 20

[REMARKS]
