129
CXUS51 KRNK 220646
CF6DAN
PRELIMINARY LOCAL CLIMATOLOGICAL DATA (WS FORM: F-6)

                                          STATION:   DANVILLE VA
                                          MONTH:     OCTOBER
                                          YEAR:      2019
                                          LATITUDE:   36 34 N
                                          LONGITUDE:  79 20 W

  TEMPERATURE IN F:       :PCPN:    SNOW:  WIND      :SUNSHINE: SKY     :PK WND
================================================================================
1   2   3   4   5  6A  6B    7    8   9   10  11  12  13   14  15   16   17  18
                                     12Z  AVG MX 2MIN
DY MAX MIN AVG DEP HDD CDD  WTR  SNW DPTH SPD SPD DIR MIN PSBL S-S WX    SPD DR
================================================================================

 1  91  67  79  15   0  14 0.00  0.0    0  2.9 10 230   M    M   3        13 230
 2  97  69  83  19   0  18 0.00  0.0    0  4.6 15 260   M    M   1 1      19 250
 3  98  65  82  18   0  17 0.00  0.0    0  4.4 13 230   M    M   0        20 220
 4  95  64  80  17   0  15 0.00  0.0    0  6.6 17  50   M    M   1        24 300
 5  68  55  62  -1   3   0 0.00  0.0    0  7.3 18  50   M    M  10        24  60
 6  75  59  67   4   0   2 0.00  0.0    0  2.7  7 240   M    M   9        10 190
 7  84  55  70   8   0   5 0.00  0.0    0  1.9 12 230   M    M   4 1      15 220
 8  68  59  64   2   1   0    T  0.0    0 10.2 20  40   M    M   9 1      24  50
 9  76  53  65   3   0   0 0.00  0.0    0  6.7 16  40   M    M   4        21  30
10  77  50  64   3   1   0 0.00  0.0    0  5.0 13 360   M    M   1        16  60
11  80  47  64   3   1   0 0.00  0.0    0  2.4 10  40   M    M   0        17 350
12  84  49  67   6   0   2 0.00  0.0    0  2.7 13  20   M    M   4        15 360
13  68  57  63   3   2   0 0.28  0.0    0  3.5 10  50   M    M   8 1      13  50
14  76  47  62   2   3   0 0.00  0.0    0  3.5 13 340   M    M   3 12     18  10
15  77  40  59  -1   6   0 0.00  0.0    0  1.7 10  60   M    M   0        13  60
16  67  50  59   0   6   0 1.05  0.0    0  7.2 25 320   M    M   5 1      32 320
17  65  46  56  -3   9   0 0.00  0.0    0  9.2 18 260   M    M   1        24 280
18  67  36  52  -7  13   0 0.00  0.0    0  4.8 15 320   M    M   0        26 340
19  65  36  51  -7  14   0 0.20  0.0    0  2.2 10  50   M    M   3 1      13 220
20  64  52  58   0   7   0 2.32  0.0    0  8.2 17  10   M    M   9 1      23 360
21  73  51  62   4   3   0 0.00  0.0    0  1.8  8  60   M    M   5 1      10  80
================================================================================
SM 1615 1107        69  73  3.85     0.0  99.5          M       80
================================================================================
AV 76.9 52.7                               4.7 FASTST   M    M   4    MAX(MPH)
                                 MISC ---->  # 25 320               # 32  320
================================================================================
NOTES:
# LAST OF SEVERAL OCCURRENCES

COLUMN 17 PEAK WIND IN M.P.H.

PRELIMINARY LOCAL CLIMATOLOGICAL DATA (WS FORM: F-6) , PAGE 2

                                          STATION:  DANVILLE VA
                                          MONTH:    OCTOBER
                                          YEAR:     2019
                                          LATITUDE:   36 34 N
                                          LONGITUDE:  79 20 W

[TEMPERATURE DATA]      [PRECIPITATION DATA]       SYMBOLS USED IN COLUMN 16

AVERAGE MONTHLY: 64.8   TOTAL FOR MONTH:   3.85    1 = FOG OR MIST
DPTR FM NORMAL:   3.8   DPTR FM NORMAL:    1.41    2 = FOG REDUCING VISIBILITY
HIGHEST:    98 ON  3    GRTST 24HR  2.32 ON 20-20      TO 1/4 MILE OR LESS
LOWEST:     36 ON 19,18                            3 = THUNDER
                        SNOW, ICE PELLETS, HAIL    4 = ICE PELLETS
                        TOTAL MONTH:   0.0 INCH    5 = HAIL
                        GRTST 24HR     0.0         6 = FREEZING RAIN OR DRIZZLE
                        GRTST DEPTH:   0           7 = DUSTSTORM OR SANDSTORM:
                                                       VSBY 1/2 MILE OR LESS
                                                   8 = SMOKE OR HAZE
[NO. OF DAYS WITH]      [WEATHER - DAYS WITH]      9 = BLOWING SNOW
                                                   X = TORNADO
MAX 32 OR BELOW:   0    0.01 INCH OR MORE:   4
MAX 90 OR ABOVE:   4    0.10 INCH OR MORE:   4
MIN 32 OR BELOW:   0    0.50 INCH OR MORE:   2
MIN  0 OR BELOW:   0    1.00 INCH OR MORE:   2

[HDD (BASE 65) ]
TOTAL THIS MO.    69    CLEAR  (SCALE 0-3)  10
DPTR FM NORMAL   -43    PTCLDY (SCALE 4-7)   7
TOTAL FM JUL 1    73    CLOUDY (SCALE 8-10)  4
DPTR FM NORMAL   -67

[CDD (BASE 65) ]
TOTAL THIS MO.    73
DPTR FM NORMAL    45    [PRESSURE DATA]
TOTAL FM JAN 1  1763    HIGHEST SLP M ON M
DPTR FM NORMAL   332    LOWEST  SLP 29.65 ON 16

[REMARKS]
