000
CXUS51 KRNK 200814
CF6DAN

PRELIMINARY LOCAL CLIMATOLOGICAL DATA (WS FORM: F-6)

                                          STATION:   DANVILLE VA
                                          MONTH:     JULY
                                          YEAR:      2018
                                          LATITUDE:   36 34 N
                                          LONGITUDE:  79 20 W

  TEMPERATURE IN F:       :PCPN:    SNOW:  WIND      :SUNSHINE: SKY     :PK WND
================================================================================
1   2   3   4   5  6A  6B    7    8   9   10  11  12  13   14  15   16   17  18
                                     12Z  AVG MX 2MIN
DY MAX MIN AVG DEP HDD CDD  WTR  SNW DPTH SPD SPD DIR MIN PSBL S-S WX    SPD DR
================================================================================

 1  93  69  81   3   0  16 0.00  0.0    0  2.4  8 250   M    M   1        12 160
 2  93  73  83   5   0  18 0.00  0.0    0  2.0  7 160   M    M   0        11 210
 3  93  73  83   5   0  18 0.00  0.0    0  3.5 12  60   M    M   2        18  40
 4  90  71  81   3   0  16    T  0.0    0  4.6 12  50   M    M   2        15  40
 5  91  71  81   3   0  16 0.00  0.0    0  2.3  7 120   M    M   4        10 160
 6  90  70  80   2   0  15 0.08  0.0    0  4.0 21 250   M    M   3 3      26 250
 7  79  62  71  -7   0   6 0.00  0.0    0 10.1 20  40   M    M   3        27  50
 8  82  58  70  -8   0   5 0.00  0.0    0  7.5 17  40   M    M   0        20  30
 9  86  52  69  -9   0   4 0.00  0.0    0  2.3 13  30   M    M   0        17  60
10  92  58  75  -3   0  10 0.00  0.0    0  4.3 14  50   M    M   0        19  30
11  94  65  80   2   0  15 1.00  0.0    0  4.4 20 240   M    M   4 123    28 230
12  87  69  78   0   0  13 0.01  0.0    0  6.7 14  50   M    M   4        18  60
13  85  65  75  -3   0  10 0.00  0.0    0  4.3 10  50   M    M   3 12     15  30
14  87  63  75  -3   0  10 0.00  0.0    0  1.7  8  50   M    M   0        10  90
15  92  62  77  -1   0  12 0.00  0.0    0  1.9 10 240   M    M   0        13 240
16  88  72  80   2   0  15 0.11  0.0    0  3.3 28 220   M    M   1 13     36 220
17  92  70  81   3   0  16 0.06  0.0    0  5.2 23 280   M    M   1 13     30 320
18  86  63  75  -3   0  10 0.00  0.0    0  5.1 18  50   M    M   4        23  50
19  87  59  73  -5   0   8 0.00  0.0    0  3.9 13  50   M    M   1        16  90
================================================================================
SM 1687 1245         0 233  1.26     0.0  79.5          M       33
================================================================================
AV 88.8 65.5                               4.2 FASTST   M    M   2    MAX(MPH)
                                 MISC ---->  # 28 220               # 36  220
================================================================================
NOTES:
# LAST OF SEVERAL OCCURRENCES

COLUMN 17 PEAK WIND IN M.P.H.

PRELIMINARY LOCAL CLIMATOLOGICAL DATA (WS FORM: F-6) , PAGE 2

                                          STATION:  DANVILLE VA
                                          MONTH:    JULY
                                          YEAR:     2018
                                          LATITUDE:   36 34 N
                                          LONGITUDE:  79 20 W

[TEMPERATURE DATA]      [PRECIPITATION DATA]       SYMBOLS USED IN COLUMN 16

AVERAGE MONTHLY: 77.2   TOTAL FOR MONTH:   1.26    1 = FOG OR MIST
DPTR FM NORMAL:  -0.8   DPTR FM NORMAL:   -1.61    2 = FOG REDUCING VISIBILITY
HIGHEST:    94 ON 11    GRTST 24HR  1.00 ON 11-11      TO 1/4 MILE OR LESS
LOWEST:     52 ON  9                               3 = THUNDER
                        SNOW, ICE PELLETS, HAIL    4 = ICE PELLETS
                        TOTAL MONTH:   0.0 INCH    5 = HAIL
                        GRTST 24HR     0.0         6 = FREEZING RAIN OR DRIZZLE
                        GRTST DEPTH:   0           7 = DUSTSTORM OR SANDSTORM:
                                                       VSBY 1/2 MILE OR LESS
                                                   8 = SMOKE OR HAZE
[NO. OF DAYS WITH]      [WEATHER - DAYS WITH]      9 = BLOWING SNOW
                                                   X = TORNADO
MAX 32 OR BELOW:   0    0.01 INCH OR MORE:   5
MAX 90 OR ABOVE:  10    0.10 INCH OR MORE:   2
MIN 32 OR BELOW:   0    0.50 INCH OR MORE:   1
MIN  0 OR BELOW:   0    1.00 INCH OR MORE:   1

[HDD (BASE 65) ]
TOTAL THIS MO.     0    CLEAR  (SCALE 0-3)  13
DPTR FM NORMAL     0    PTCLDY (SCALE 4-7)   6
TOTAL FM JUL 1     0    CLOUDY (SCALE 8-10)  0
DPTR FM NORMAL     0

[CDD (BASE 65) ]
TOTAL THIS MO.   233
DPTR FM NORMAL   -14    [PRESSURE DATA]
TOTAL FM JAN 1   812    HIGHEST SLP M ON M
DPTR FM NORMAL   124    LOWEST  SLP 29.85 ON 17

[REMARKS]
DUE TO MISSING DATA ON JANUARY 4-9, JANUARY 21-22, MARCH 2-3, AND
APRIL 26-27, ALL INFORMATION WILL BE CALCULATED WITHOUT DATA FROM
THESE DATES.
