000
CXUS55 KDVN 231100
CF6DBQ
PRELIMINARY LOCAL CLIMATOLOGICAL DATA (WS FORM: F-6)

                                          STATION:   DUBUQUE IA
                                          MONTH:     JANUARY
                                          YEAR:      2019
                                          LATITUDE:   42 24 N
                                          LONGITUDE:  90 42 W

  TEMPERATURE IN F:       :PCPN:    SNOW:  WIND      :SUNSHINE: SKY     :PK WND
================================================================================
1   2   3   4   5  6A  6B    7    8   9   10  11  12  13   14  15   16   17  18
                                     12Z  AVG MX 2MIN
DY MAX MIN AVG DEP HDD CDD  WTR  SNW DPTH SPD SPD DIR MIN PSBL S-S WX    SPD DR
================================================================================

 1  30  21  26   7  39   0 0.00  0.0    1  7.3 21 360   M    M  10 1      26  20
 2  25  20  23   4  42   0 0.00  0.0    1 12.3 20 240   M    M   8 1      26 230
 3  39  18  29  10  36   0 0.00  0.0    T 11.8 20 230   M    M   0        24 220
 4  45  26  36  17  29   0 0.00  0.0    T  5.4 12 210   M    M   0        15 210
 5  48  28  38  19  27   0 0.00  0.0    0  7.7 13 300   M    M   0 1      16 270
 6  37  30  34  15  31   0 0.07  0.0    0 14.0 29 130   M    M   3 1      43 120
 7  48  33  41  22  24   0 0.95  0.0    0 15.5 26 280   M    M   9 1      37 160
 8  41  19  30  11  35   0 0.00  0.0    0 18.5 38 300   M    M   5 1      53 310
 9  21  12  17  -2  48   0 0.00  0.0    0 14.8 29 310   M    M   1        38 300
10  25  13  19   0  46   0 0.00  0.0    0  4.9 13 160   M    M   0        16 160
11  28  18  23   4  42   0 0.00  0.0    0 10.0 18 150   M    M   7        22 160
12  30  27  29  10  36   0 0.18  2.3    0 10.7 18  50   M    M  10 18     26  50
13  29  23  26   7  39   0    T    T    2  7.7 15  50   M    M  10 8      20  30
14  25  18  22   3  43   0 0.00  0.0    2  8.9 18 230   M    M  10 1      23 220
15  32  25  29  10  36   0    T    T    2 11.3 20 240   M    M  10 1      27 250
16  32  20  26   7  39   0 0.00  0.0    2  7.1 18 340   M    M   5        23 340
17  29  24  27   8  38   0    T    T    1  8.1 15 310   M    M  10 16     20 310
18  24  16  20   1  45   0 0.26  2.6    1 10.4 21  40   M    M  10 18     28  20
19  17   4  11  -8  54   0 0.28  3.0    7 16.5 25  20   M    M   4 1      34  40
20   9  -8   1 -18  64   0 0.00  0.0    5  7.9 15 340   M    M   1        20 340
21  13 -10   2 -17  63   0 0.00  0.0    5 14.3 25 130   M    M   3        36 130
22  26  13  20   1  45   0 0.15  2.1    4 12.1 25 150   M    M   9 18     36 140
================================================================================
SM  653  390       901   0  1.89    10.0 237.2          M      125
================================================================================
AV 29.7 17.7                              10.8 FASTST   M    M   6    MAX(MPH)
                                 MISC ---->  # 38 300               # 53  310
================================================================================
NOTES:
# LAST OF SEVERAL OCCURRENCES

COLUMN 17 PEAK WIND IN M.P.H.

PRELIMINARY LOCAL CLIMATOLOGICAL DATA (WS FORM: F-6) , PAGE 2

                                          STATION:  DUBUQUE IA
                                          MONTH:    JANUARY
                                          YEAR:     2019
                                          LATITUDE:   42 24 N
                                          LONGITUDE:  90 42 W

[TEMPERATURE DATA]      [PRECIPITATION DATA]       SYMBOLS USED IN COLUMN 16

AVERAGE MONTHLY: 23.7   TOTAL FOR MONTH:   1.89    1 = FOG OR MIST
DPTR FM NORMAL:   4.7   DPTR FM NORMAL:    1.07    2 = FOG REDUCING VISIBILITY
HIGHEST:    48 ON  7, 5 GRTST 24HR  0.95 ON  7- 7      TO 1/4 MILE OR LESS
LOWEST:    -10 ON 21                               3 = THUNDER
                        SNOW, ICE PELLETS, HAIL    4 = ICE PELLETS
                        TOTAL MONTH:  10.0 INCHES  5 = HAIL
                        GRTST 24HR   3.0 ON 19-19  6 = FREEZING RAIN OR DRIZZLE
                        GRTST DEPTH:   7 ON 19     7 = DUSTSTORM OR SANDSTORM:
                                                       VSBY 1/2 MILE OR LESS
                                                   8 = SMOKE OR HAZE
[NO. OF DAYS WITH]      [WEATHER - DAYS WITH]      9 = BLOWING SNOW
                                                   X = TORNADO
MAX 32 OR BELOW:  16    0.01 INCH OR MORE:   6
MAX 90 OR ABOVE:   0    0.10 INCH OR MORE:   5
MIN 32 OR BELOW:  21    0.50 INCH OR MORE:   1
MIN  0 OR BELOW:   2    1.00 INCH OR MORE:   0

[HDD (BASE 65) ]
TOTAL THIS MO.   901    CLEAR  (SCALE 0-3)   7
DPTR FM NORMAL  -111    PTCLDY (SCALE 4-7)   6
TOTAL FM JUL 1  3690    CLOUDY (SCALE 8-10)  9
DPTR FM NORMAL  -132

[CDD (BASE 65) ]
TOTAL THIS MO.     0
DPTR FM NORMAL     0    [PRESSURE DATA]
TOTAL FM JAN 1     0    HIGHEST SLP M ON M
DPTR FM NORMAL     0    LOWEST  SLP 29.50 ON  7

[REMARKS]
