000
CXUS55 KBOU 160800
CF6DEN
PRELIMINARY LOCAL CLIMATOLOGICAL DATA (WS FORM: F-6)

                                          STATION:   DENVER CO
                                          MONTH:     JANUARY
                                          YEAR:      2019
                                          LATITUDE:   39 52 N
                                          LONGITUDE: 104 40 W

  TEMPERATURE IN F:       :PCPN:    SNOW:  WIND      :SUNSHINE: SKY     :PK WND
================================================================================
1   2   3   4   5  6A  6B    7    8   9   10  11  12  13   14  15   16   17  18
                                     12Z  AVG MX 2MIN
DY MAX MIN AVG DEP HDD CDD  WTR  SNW DPTH SPD SPD DIR MIN PSBL S-S WX    SPD DR
================================================================================

 1  12  -5   4 -26  61   0 0.00  0.0    T  5.2 12 170   M    M   5        15 210
 2  38   2  20 -10  45   0 0.00  0.0    T  9.0 17 210   M    M   1        21 210
 3  56  16  36   6  29   0 0.00  0.0    0  9.5 17 210   M    M   1        22 210
 4  62  30  46  16  19   0 0.00  0.0    0  9.3 16 210   M    M   2        20 220
 5  60  33  47  17  18   0 0.00  0.0    0  7.5 17 220   M    M   6        23 220
 6  58  30  44  14  21   0    T  0.0    0  9.3 24 280   M    M   6        33 270
 7  52  16  34   3  31   0 0.00  0.0    0 14.9 40 290   M    M   3        54 290
 8  50  22  36   5  29   0 0.00  0.0    0 11.0 23 140   M    M   3        29 140
 9  50  23  37   6  28   0 0.00  0.0    0  4.9 12 230   M    M   6        13 230
10  61  28  45  14  20   0 0.00  0.0    0  8.1 16 210   M    M   8        22 210
11  44  32  38   7  27   0 0.45  1.0    0 11.4 20 360   M    M  10 1      26  10
12  35  17  26  -5  39   0 0.03  0.3    1  6.8 17 350   M    M   7 1      22 350
13  35  17  26  -5  39   0 0.00  0.0    T  7.6 14 180   M    M   1        15 170
14  43  20  32   1  33   0 0.00  0.0    0 11.6 17 220   M    M   1        22 220
15  46  21  34   3  31   0 0.00  0.0    0 11.0 17 210   M    M   5        26 220
================================================================================
SM  702  302       470   0  0.48     1.3 137.1          M       65
================================================================================
AV 46.8 20.1                               9.1 FASTST   M    M   4    MAX(MPH)
                                 MISC ---->  # 40 290               # 54  290
================================================================================
NOTES:
# LAST OF SEVERAL OCCURRENCES

COLUMN 17 PEAK WIND IN M.P.H.

PRELIMINARY LOCAL CLIMATOLOGICAL DATA (WS FORM: F-6) , PAGE 2

                                          STATION:  DENVER CO
                                          MONTH:    JANUARY
                                          YEAR:     2019
                                          LATITUDE:   39 52 N
                                          LONGITUDE: 104 40 W

[TEMPERATURE DATA]      [PRECIPITATION DATA]       SYMBOLS USED IN COLUMN 16

AVERAGE MONTHLY: 33.5   TOTAL FOR MONTH:   0.48    1 = FOG OR MIST
DPTR FM NORMAL:   2.9   DPTR FM NORMAL:    0.28    2 = FOG REDUCING VISIBILITY
HIGHEST:    62 ON  4    GRTST 24HR  0.45 ON 11-11      TO 1/4 MILE OR LESS
LOWEST:     -5 ON  1                               3 = THUNDER
                        SNOW, ICE PELLETS, HAIL    4 = ICE PELLETS
                        TOTAL MONTH:   1.3 INCHES  5 = HAIL
                        GRTST 24HR   1.0 ON 11-11  6 = FREEZING RAIN OR DRIZZLE
                        GRTST DEPTH:   1 ON 12     7 = DUSTSTORM OR SANDSTORM:
                                                       VSBY 1/2 MILE OR LESS
                                                   8 = SMOKE OR HAZE
[NO. OF DAYS WITH]      [WEATHER - DAYS WITH]      9 = BLOWING SNOW
                                                   X = TORNADO
MAX 32 OR BELOW:   1    0.01 INCH OR MORE:   2
MAX 90 OR ABOVE:   0    0.10 INCH OR MORE:   1
MIN 32 OR BELOW:  14    0.50 INCH OR MORE:   0
MIN  0 OR BELOW:   1    1.00 INCH OR MORE:   0

[HDD (BASE 65) ]
TOTAL THIS MO.   470    CLEAR  (SCALE 0-3)   7
DPTR FM NORMAL   -45    PTCLDY (SCALE 4-7)   7
TOTAL FM JUL 1  2842    CLOUDY (SCALE 8-10)  1
DPTR FM NORMAL  -141

[CDD (BASE 65) ]
TOTAL THIS MO.     0
DPTR FM NORMAL     0    [PRESSURE DATA]
TOTAL FM JAN 1     0    HIGHEST SLP M ON M
DPTR FM NORMAL     0    LOWEST  SLP 29.46 ON  6

[REMARKS]
