000
CXUS56 KOTX 210900
CF6DEW
PRELIMINARY LOCAL CLIMATOLOGICAL DATA (WS FORM: F-6)

                                          STATION:   DEER_PARK WA AIRPORT
                                          MONTH:     OCTOBER
                                          YEAR:      2019
                                          LATITUDE:   47 58 N
                                          LONGITUDE: 117 25 W

  TEMPERATURE IN F:       :PCPN:    SNOW:  WIND      :SUNSHINE: SKY     :PK WND
================================================================================
1   2   3   4   5  6A  6B    7    8   9   10  11  12  13   14  15   16   17  18
                                     12Z  AVG MX 2MIN
DY MAX MIN AVG DEP HDD CDD  WTR  SNW DPTH SPD SPD DIR MIN PSBL S-S WX    SPD DR
================================================================================

 1  54  23  39 -11  26   0 0.00    M    M  3.1  9  40   M    M   1        11  20
 2  54  20  37 -13  28   0 0.00    M    M  3.1 10  30   M    M   0 1      13  30
 3  49  31  40  -9  25   0    T    M    M  3.7  9  30   M    M   8 1      15 360
 4  51  28  40  -9  25   0 0.03    M    M  1.5  8 200   M    M   9 12     17 340
 5  58  29  44  -4  21   0 0.00    M    M  4.4 16 240   M    M   5 12     19 240
 6  60  24  42  -6  23   0 0.00    M    M  2.7  9 200   M    M   1 1      13 130
 7  64  34  49   2  16   0    T    M    M  7.7 23 210   M    M   7        31 220
 8  57  33  45  -2  20   0 0.24    M    M 10.1 24 300   M    M   7 18     29 310
 9  44  20  32 -14  33   0 0.00    M    M  7.2 20  40   M    M   2        26  50
10  47  15  31 -15  34   0 0.00    M    M  2.1 10 220   M    M   0        14 210
11  54  20  37  -9  28   0 0.00    M    M  2.8 10  60   M    M   0        13  30
12  53  23  38  -7  27   0 0.00    M    M  1.8  8  40   M    M   1        11  90
13  50  36  43  -2  22   0 0.00    M    M  1.5  7  70   M    M   9         8  70
14  57  30  44  -1  21   0 0.00    M    M  1.4  7 240   M    M   4 1       M  M
15  57  28  43  -1  22   0 0.00    M    M  4.1 12 260   M    M   3        13  40
16  62  40  51   7  14   0 0.04    M    M  3.6 15 230   M    M   4        19 240
17  58  43  51   7  14   0 0.13    M    M  9.5 25 220   M    M   7 1      31 220
18  51  40  46   3  19   0 0.26    M    M 10.5 21 220   M    M   7 1      27 210
19  43  33  38  -5  27   0 0.54    M    M  3.1  9  30   M    M   9 12     17 230
20  46  38  42   0  23   0 0.18    M    M  6.0 17 220   M    M  10 1      23 230
================================================================================
SM 1069  588       468   0  1.42    M     89.9          M       94
================================================================================
AV 53.5 29.4                               4.5 FASTST   M    M   5    MAX(MPH)
                                 MISC ---->  # 25 220               # 31  220
================================================================================
NOTES:
# LAST OF SEVERAL OCCURRENCES

COLUMN 17 PEAK WIND IN M.P.H.

PRELIMINARY LOCAL CLIMATOLOGICAL DATA (WS FORM: F-6) , PAGE 2

                                          STATION:  DEER_PARK WA AIRPORT
                                          MONTH:    OCTOBER
                                          YEAR:     2019
                                          LATITUDE:   47 58 N
                                          LONGITUDE: 117 25 W

[TEMPERATURE DATA]      [PRECIPITATION DATA]       SYMBOLS USED IN COLUMN 16

AVERAGE MONTHLY: 41.4   TOTAL FOR MONTH:   1.42    1 = FOG OR MIST
DPTR FM NORMAL:  -4.6   DPTR FM NORMAL:    0.50    2 = FOG REDUCING VISIBILITY
HIGHEST:    64 ON  7    GRTST 24HR  0.54 ON 19-19      TO 1/4 MILE OR LESS
LOWEST:     15 ON 10                               3 = THUNDER
                        SNOW, ICE PELLETS, HAIL    4 = ICE PELLETS
                        TOTAL MONTH:    M          5 = HAIL
                        GRTST 24HR    M  ON   M    6 = FREEZING RAIN OR DRIZZLE
                        GRTST DEPTH:  M  ON   M    7 = DUSTSTORM OR SANDSTORM:
                                                       VSBY 1/2 MILE OR LESS
                                                   8 = SMOKE OR HAZE
[NO. OF DAYS WITH]      [WEATHER - DAYS WITH]      9 = BLOWING SNOW
                                                   X = TORNADO
MAX 32 OR BELOW:   0    0.01 INCH OR MORE:   7
MAX 90 OR ABOVE:   0    0.10 INCH OR MORE:   5
MIN 32 OR BELOW:  12    0.50 INCH OR MORE:   1
MIN  0 OR BELOW:   0    1.00 INCH OR MORE:   0

[HDD (BASE 65) ]
TOTAL THIS MO.   468    CLEAR  (SCALE 0-3)   8
DPTR FM NORMAL    88    PTCLDY (SCALE 4-7)   8
TOTAL FM JUL 1   824    CLOUDY (SCALE 8-10)  4
DPTR FM NORMAL    25

[CDD (BASE 65) ]
TOTAL THIS MO.     0
DPTR FM NORMAL     0    [PRESSURE DATA]
TOTAL FM JAN 1   159    HIGHEST SLP  0.00 ON 14
DPTR FM NORMAL   -28    LOWEST  SLP  0.00 ON 14

[REMARKS]
