000
CXUS55 KCYS 261000
CF6DGW
PRELIMINARY LOCAL CLIMATOLOGICAL DATA (WS FORM: F-6)

                                          STATION:   CONVERSE CO (DOUGLAS) WY ARPT
                                          MONTH:     APRIL
                                          YEAR:      2018
                                          LATITUDE:   42 46 N
                                          LONGITUDE: 105 22 W

  TEMPERATURE IN F:       :PCPN:    SNOW:  WIND      :SUNSHINE: SKY     :PK WND
================================================================================
1   2   3   4   5  6A  6B    7    8   9   10  11  12  13   14  15   16   17  18
                                     12Z  AVG MX 2MIN
DY MAX MIN AVG DEP HDD CDD  WTR  SNW DPTH SPD SPD DIR MIN PSBL S-S WX    SPD DR
================================================================================

 1  50  15  33  -7  32   0    T    M    M  8.6 21 150   M    M   6 1      25 150
 2  64  17  41   1  24   0 0.02    M    M 16.0 45 270   M    M   4 1      55 270
 3  42  10  26 -14  39   0    T    M    M 16.2 35 290   M    M   2 1      40 280
 4  59  23  41   0  24   0 0.00    M    M 12.0 31 300   M    M   4        41 300
 5  51  21  36  -5  29   0    T    M    M  9.1 21 360   M    M   5 1      26 360
 6  26  15  21 -20  44   0 0.09    M    M 11.9 20 140   M    M   8 18     24  40
 7  53  13  33  -9  32   0 0.00    M    M 10.9 24 270   M    M   4        33 270
 8  59  33  46   4  19   0 0.07    M    M 14.4 38 280   M    M   5 1      47 280
 9  55  26  41  -1  24   0 0.01    M    M  8.9 26 300   M    M   5 1      32 310
10  69  23  46   4  19   0 0.00    M    M  9.9 26 270   M    M   0        33 270
11  72  43  58  16   7   0 0.00    M    M 16.0 41 280   M    M   2        53 270
12  65  38  52   9  13   0    T    M    M 22.5 39 140   M    M   5        49 140
13  38  28  33 -10  32   0 0.12    M    M 21.7 37 340   M    M   9 1      46 340
14  54  24  39  -4  26   0 0.00    M    M 14.3 28 320   M    M   2        34 320
15  62  20  41  -2  24   0 0.00    M    M  6.9 22 140   M    M   1        27 140
16  74  32  53   9  12   0 0.00    M    M 12.3 36 140   M    M   0        46 140
17  53  28  41  -3  24   0 0.16    M    M 16.1 32 340   M    M   4 123    41 360
18  52  26  39  -5  26   0 0.00    M    M 10.9 22 290   M    M   1        25 290
19  63  27  45   1  20   0 0.00    M    M 22.5 35 150   M    M   0        45 140
20  51  36  44  -1  21   0 0.01    M    M 14.6 30 140   M    M   6        37 140
21  56  34  45   0  20   0 0.00    M    M 10.5 22 140   M    M   6 1      27 140
22  69  30  50   5  15   0 0.00    M    M  7.7 15 140   M    M   2 12     18 180
23  63  34  49   3  16   0 0.01    M    M 15.5 33 340   M    M   6 3      42 350
24  43  22  33 -13  32   0    T    M    M 10.6 21 330   M    M   8 8      28 350
25  73  14  44  -2  21   0 0.00    M    M  7.9 26  10   M    M   0        34 350
================================================================================
SM 1416  632       595   0  0.49    M    327.9          M       95
================================================================================
AV 56.6 25.3                              13.1 FASTST   M    M   4    MAX(MPH)
                                 MISC ---->  # 45 270               # 55  270
================================================================================
NOTES:
# LAST OF SEVERAL OCCURRENCES

COLUMN 17 PEAK WIND IN M.P.H.

PRELIMINARY LOCAL CLIMATOLOGICAL DATA (WS FORM: F-6) , PAGE 2

                                          STATION:  CONVERSE CO (DOUGLAS) WY ARPT
                                          MONTH:    APRIL
                                          YEAR:     2018
                                          LATITUDE:   42 46 N
                                          LONGITUDE: 105 22 W

[TEMPERATURE DATA]      [PRECIPITATION DATA]       SYMBOLS USED IN COLUMN 16

AVERAGE MONTHLY: 41.0   TOTAL FOR MONTH:   0.49    1 = FOG OR MIST
DPTR FM NORMAL:  -2.0   DPTR FM NORMAL:   -0.69    2 = FOG REDUCING VISIBILITY
HIGHEST:    74 ON 16    GRTST 24HR  0.16 ON 17-17      TO 1/4 MILE OR LESS
LOWEST:     10 ON  3                               3 = THUNDER
                        SNOW, ICE PELLETS, HAIL    4 = ICE PELLETS
                        TOTAL MONTH:    M          5 = HAIL
                        GRTST 24HR    M  ON   M    6 = FREEZING RAIN OR DRIZZLE
                        GRTST DEPTH:  M  ON   M    7 = DUSTSTORM OR SANDSTORM:
                                                       VSBY 1/2 MILE OR LESS
                                                   8 = SMOKE OR HAZE
[NO. OF DAYS WITH]      [WEATHER - DAYS WITH]      9 = BLOWING SNOW
                                                   X = TORNADO
MAX 32 OR BELOW:   1    0.01 INCH OR MORE:   8
MAX 90 OR ABOVE:   0    0.10 INCH OR MORE:   2
MIN 32 OR BELOW:  19    0.50 INCH OR MORE:   0
MIN  0 OR BELOW:   0    1.00 INCH OR MORE:   0

[HDD (BASE 65) ]
TOTAL THIS MO.   595    CLEAR  (SCALE 0-3)  10
DPTR FM NORMAL    45    PTCLDY (SCALE 4-7)  13
TOTAL FM JUL 1  6858    CLOUDY (SCALE 8-10)  2
DPTR FM NORMAL   -10

[CDD (BASE 65) ]
TOTAL THIS MO.     0
DPTR FM NORMAL     0    [PRESSURE DATA]
TOTAL FM JAN 1     0    HIGHEST SLP M ON M
DPTR FM NORMAL     0    LOWEST  SLP 29.18 ON 12

[REMARKS]
