000
CXUS55 KCYS 231000
CF6DGW
PRELIMINARY LOCAL CLIMATOLOGICAL DATA (WS FORM: F-6)

                                          STATION:   CONVERSE CO (DOUGLAS) WY ARPT
                                          MONTH:     JANUARY
                                          YEAR:      2019
                                          LATITUDE:   42 46 N
                                          LONGITUDE: 105 22 W

  TEMPERATURE IN F:       :PCPN:    SNOW:  WIND      :SUNSHINE: SKY     :PK WND
================================================================================
1   2   3   4   5  6A  6B    7    8   9   10  11  12  13   14  15   16   17  18
                                     12Z  AVG MX 2MIN
DY MAX MIN AVG DEP HDD CDD  WTR  SNW DPTH SPD SPD DIR MIN PSBL S-S WX    SPD DR
================================================================================

 1  10 -16  -3 -27  68   0    T    M    M  2.7 12 300   M    M   2 18     14 300
 2  34   0  17  -7  48   0 0.00    M    M  8.5 17 300   M    M   1        23 300
 3  44   5  25   1  40   0 0.00    M    M  9.6 22 320   M    M   0        26 310
 4  54  23  39  14  26   0 0.00    M    M  9.0 23 260   M    M   0        28 260
 5  55  18  37  12  28   0 0.00    M    M  3.9 15 140   M    M   0        18 140
 6  49  32  41  16  24   0 0.00    M    M 18.4 39 260   M    M   2        51 250
 7  45  21  33   8  32   0    T    M    M 19.5 45 270   M    M   1        56 270
 8  41  13  27   2  38   0 0.00    M    M 10.2 28 300   M    M   0        36 300
 9  54  15  35  10  30   0 0.00    M    M  7.3 22 250   M    M   0        28 250
10  55  29  42  17  23   0 0.00    M    M  5.7 18 330   M    M   2        23 340
11  40  23  32   7  33   0 0.01    M    M  7.8 16 340   M    M   8 1      23 330
12  42  14  28   3  37   0 0.00    M    M  3.8 12 340   M    M   2 12     12 340
13  40   7  24  -1  41   0 0.00    M    M  5.9 14 280   M    M   0        17 300
14  47   9  28   3  37   0 0.00    M    M  7.8 18 320   M    M   0        23 310
15  47  14  31   6  34   0 0.00    M    M  9.0 20 310   M    M   0        24 310
16  45  22  34   9  31   0    T    M    M  6.3 24 300   M    M   6        29 300
17  49  20  35  10  30   0 0.00    M    M  9.0 30 250   M    M   5        37 250
18  37  24  31   6  34   0 0.00    M    M  7.9 18 330   M    M   9        23 320
19  45  12  29   4  36   0 0.00    M    M  9.8 32 290   M    M   1        37 290
20  48  35  42  17  23   0 0.00    M    M  9.3 24 290   M    M   3        32 220
21  46  21  34   9  31   0 0.09    M    M 13.8 30 330   M    M   5 1      39 330
22  26  11  19  -6  46   0    T    M    M 13.2 26 330   M    M   5 1      33 330
================================================================================
SM  953  352       770   0  0.10    M    198.4          M       52
================================================================================
AV 43.3 16.0                               9.0 FASTST   M    M   2    MAX(MPH)
                                 MISC ---->  # 45 270               # 56  270
================================================================================
NOTES:
# LAST OF SEVERAL OCCURRENCES

COLUMN 17 PEAK WIND IN M.P.H.

PRELIMINARY LOCAL CLIMATOLOGICAL DATA (WS FORM: F-6) , PAGE 2

                                          STATION:  CONVERSE CO (DOUGLAS) WY ARPT
                                          MONTH:    JANUARY
                                          YEAR:     2019
                                          LATITUDE:   42 46 N
                                          LONGITUDE: 105 22 W

[TEMPERATURE DATA]      [PRECIPITATION DATA]       SYMBOLS USED IN COLUMN 16

AVERAGE MONTHLY: 29.7   TOTAL FOR MONTH:   0.10    1 = FOG OR MIST
DPTR FM NORMAL:   4.8   DPTR FM NORMAL:   -0.13    2 = FOG REDUCING VISIBILITY
HIGHEST:    55 ON 10, 5 GRTST 24HR  0.09 ON 21-21      TO 1/4 MILE OR LESS
LOWEST:    -16 ON  1                               3 = THUNDER
                        SNOW, ICE PELLETS, HAIL    4 = ICE PELLETS
                        TOTAL MONTH:    M          5 = HAIL
                        GRTST 24HR    M  ON   M    6 = FREEZING RAIN OR DRIZZLE
                        GRTST DEPTH:  M  ON   M    7 = DUSTSTORM OR SANDSTORM:
                                                       VSBY 1/2 MILE OR LESS
                                                   8 = SMOKE OR HAZE
[NO. OF DAYS WITH]      [WEATHER - DAYS WITH]      9 = BLOWING SNOW
                                                   X = TORNADO
MAX 32 OR BELOW:   2    0.01 INCH OR MORE:   2
MAX 90 OR ABOVE:   0    0.10 INCH OR MORE:   0
MIN 32 OR BELOW:  21    0.50 INCH OR MORE:   0
MIN  0 OR BELOW:   2    1.00 INCH OR MORE:   0

[HDD (BASE 65) ]
TOTAL THIS MO.   770    CLEAR  (SCALE 0-3)  16
DPTR FM NORMAL  -112    PTCLDY (SCALE 4-7)   5
TOTAL FM JUL 1  3725    CLOUDY (SCALE 8-10)  1
DPTR FM NORMAL  -246

[CDD (BASE 65) ]
TOTAL THIS MO.     0
DPTR FM NORMAL     0    [PRESSURE DATA]
TOTAL FM JAN 1     0    HIGHEST SLP M ON M
DPTR FM NORMAL     0    LOWEST  SLP 29.34 ON 21

[REMARKS]
