000
CXUS55 KCYS 271000
CF6DGW
PRELIMINARY LOCAL CLIMATOLOGICAL DATA (WS FORM: F-6)

                                          STATION:   CONVERSE CO (DOUGLAS) WY ARPT
                                          MONTH:     MAY
                                          YEAR:      2020
                                          LATITUDE:   42 46 N
                                          LONGITUDE: 105 22 W

  TEMPERATURE IN F:       :PCPN:    SNOW:  WIND      :SUNSHINE: SKY     :PK WND
================================================================================
1   2   3   4   5  6A  6B    7    8   9   10  11  12  13   14  15   16   17  18
                                     12Z  AVG MX 2MIN
DY MAX MIN AVG DEP HDD CDD  WTR  SNW DPTH SPD SPD DIR MIN PSBL S-S WX    SPD DR
================================================================================

 1  68  41  55   7  10   0 0.01    M    M 10.3 20 360   M    M   5        24  10
 2  66  43  55   7  10   0    T    M    M 10.1 23 140   M    M   6 123    28 160
 3  72  45  59  10   6   0    T    M    M  9.3 29 280   M    M   5 1      38 280
 4  53  31  42  -7  23   0 0.06    M    M 10.2 30 320   M    M   7 13     38 330
 5  67  23  45  -4  20   0 0.00    M    M  9.4 32 300   M    M   0 1      40 330
 6  69  26  48  -2  17   0 0.00    M    M 11.5 28 140   M    M   0        35 150
 7  59  35  47  -3  18   0 0.02    M    M 17.4 40 280   M    M   6        51 320
 8  62  22  42  -8  23   0 0.06    M    M  8.9 28 300   M    M   5 12     36 300
 9  53  32  43  -8  22   0 0.08    M    M 12.7 32 360   M    M   8 1      42 360
10  53  29  41 -10  24   0 0.00    M    M 10.0 21  60   M    M   8        25  60
11  46  34  40 -11  25   0 0.00    M    M 18.1 26 140   M    M   9 1      33 140
12  67  35  51  -1  14   0    T    M    M 17.0 26 130   M    M   6 13     32 140
13  68  39  54   2  11   0 0.00    M    M 11.8 31 270   M    M   4 12     38 280
14  71  30  51  -1  14   0    T    M    M  9.1 25 300   M    M   3        35 270
15  70  34  52  -1  13   0    T    M    M  9.3 23 260   M    M   3        33 230
16  63  35  49  -4  16   0 0.08    M    M 11.7 28 290   M    M   5 1      35 280
17  74  35  55   1  10   0 0.00    M    M 15.5 26 140   M    M   3 12     32 130
18  88  47  68  14   0   3 0.00    M    M 16.1 26 140   M    M   0        33 140
19  91  53  72  18   0   7 0.01    M    M 15.1 45 150   M    M   0 38     55 150
20  82  43  63   9   2   0 0.42    M    M 12.3 33 280   M    M   1 3      47 280
21  71  40  56   1   9   0 0.00    M    M 13.0 30 250   M    M   0        40 230
22  80  37  59   4   6   0 0.00    M    M 11.0 29 140   M    M   0        39 140
23  71  41  56   0   9   0 0.11    M    M 12.6 28 360   M    M   4 13     36 360
24  61  37  49  -7  16   0 0.00    M    M 11.9 21 310   M    M   4        30 330
25  64  35  50  -6  15   0 0.00    M    M  7.3 17 320   M    M   5        29 340
26  79  31  55  -2  10   0 0.00    M    M  6.9 21 280   M    M   2        31 270
================================================================================
SM 1768  933       343  10  0.85    M    308.5          M       99
================================================================================
AV 68.0 35.9                              11.9 FASTST   M    M   4    MAX(MPH)
                                 MISC ---->  # 45 150               # 55  150
================================================================================
NOTES:
# LAST OF SEVERAL OCCURRENCES

COLUMN 17 PEAK WIND IN M.P.H.

PRELIMINARY LOCAL CLIMATOLOGICAL DATA (WS FORM: F-6) , PAGE 2

                                          STATION:  CONVERSE CO (DOUGLAS) WY ARPT
                                          MONTH:    MAY
                                          YEAR:     2020
                                          LATITUDE:   42 46 N
                                          LONGITUDE: 105 22 W

[TEMPERATURE DATA]      [PRECIPITATION DATA]       SYMBOLS USED IN COLUMN 16

AVERAGE MONTHLY: 51.9   TOTAL FOR MONTH:   0.85    1 = FOG OR MIST
DPTR FM NORMAL:  -0.3   DPTR FM NORMAL:   -1.25    2 = FOG REDUCING VISIBILITY
HIGHEST:    91 ON 19    GRTST 24HR  0.42 ON 20-20      TO 1/4 MILE OR LESS
LOWEST:     22 ON  8                               3 = THUNDER
                        SNOW, ICE PELLETS, HAIL    4 = ICE PELLETS
                        TOTAL MONTH:    M          5 = HAIL
                        GRTST 24HR    M  ON   M    6 = FREEZING RAIN OR DRIZZLE
                        GRTST DEPTH:  M  ON   M    7 = DUSTSTORM OR SANDSTORM:
                                                       VSBY 1/2 MILE OR LESS
                                                   8 = SMOKE OR HAZE
[NO. OF DAYS WITH]      [WEATHER - DAYS WITH]      9 = BLOWING SNOW
                                                   X = TORNADO
MAX 32 OR BELOW:   0    0.01 INCH OR MORE:   9
MAX 90 OR ABOVE:   1    0.10 INCH OR MORE:   2
MIN 32 OR BELOW:   8    0.50 INCH OR MORE:   0
MIN  0 OR BELOW:   0    1.00 INCH OR MORE:   0

[HDD (BASE 65) ]
TOTAL THIS MO.   343    CLEAR  (SCALE 0-3)  10
DPTR FM NORMAL     9    PTCLDY (SCALE 4-7)  15
TOTAL FM JUL 1  7343    CLOUDY (SCALE 8-10)  1
DPTR FM NORMAL    52

[CDD (BASE 65) ]
TOTAL THIS MO.    10
DPTR FM NORMAL    10    [PRESSURE DATA]
TOTAL FM JAN 1    10    HIGHEST SLP M ON M
DPTR FM NORMAL    10    LOWEST  SLP 29.41 ON 20

[REMARKS]
