000
CXUS54 KEPZ 301030
CF6DMN
PRELIMINARY LOCAL CLIMATOLOGICAL DATA (WS FORM: F-6)

                                          STATION:   DEMING
                                          MONTH:     MAY
                                          YEAR:      2020
                                          LATITUDE:   32 15 N
                                          LONGITUDE: 107 42 W

  TEMPERATURE IN F:       :PCPN:    SNOW:  WIND      :SUNSHINE: SKY     :PK WND
================================================================================
1   2   3   4   5  6A  6B    7    8   9   10  11  12  13   14  15   16   17  18
                                     12Z  AVG MX 2MIN
DY MAX MIN AVG DEP HDD CDD  WTR  SNW DPTH SPD SPD DIR MIN PSBL S-S WX    SPD DR
================================================================================

 1  94  55  75  10   0  10 0.00    M    M  9.8 26 240   M    M   0        39 230
 2  93  51  72   7   0   7 0.00    M    M 10.9 25 260   M    M   0        37 250
 3  92  51  72   6   0   7 0.00    M    M  9.1 25 250   M    M   0        36 260
 4  93  50  72   6   0   7 0.00    M    M 10.3 23 270   M    M   0        34 240
 5  87  53  70   4   0   5 0.00    M    M  9.8 28  40   M    M   0        37  30
 6  94  51  73   7   0   8 0.00    M    M  6.7 16 200   M    M   0        24 190
 7  97  53  75   8   0  10 0.00    M    M 11.5 28 260   M    M   0        40 270
 8  83  51  67   0   0   2 0.00    M    M 12.1 23 110   M    M   0        38  90
 9  90  48  69   2   0   4 0.00    M    M  6.6 18 240   M    M   0        24 240
10  87  58  73   5   0   8 0.01    M    M  7.2 29 240   M    M   2 8      43 240
11  89  50  70   2   0   5    T    M    M  5.8 23 210   M    M   1        39 260
12  88  49  69   1   0   4 0.00    M    M  9.4 24 250   M    M   0 8      33 230
13  87  50  69   1   0   4 0.00    M    0  9.8 24 250   M    M   0        39 250
14  86  50  68  -1   0   3 0.00    M    M  9.5 22 290   M    M   0        30 290
15  87  54  71   2   0   6 0.00  0.0    0  9.9 21 250   M    M   0        31 280
16  91  50  71   2   0   6 0.00    M    M  8.3 18 230   M    M   0        29 290
17  95  53  74   4   0   9 0.00    M    M  8.3 20 240   M    M   0        27 270
18  97  50  74   4   0   9 0.00    M    M  7.8 21 270   M    M   0        29 270
19  93  62  78   8   0  13 0.00    M    M 11.5 25 250   M    M   0        34 250
20  86  51  69  -1   0   4 0.00    M    M 10.7 23 230   M    M   0        33 240
21  85  48  67  -4   0   2 0.00    M    M 11.2 25 280   M    M   0        36 280
22  89  43  66  -5   0   1 0.00    M    M  7.8 22 260   M    M   0        33 260
23  88  53  71   0   0   6 0.00    M    M 11.9 24 240   M    M   0        38 230
24  86  60  73   2   0   8 0.00    M    M 12.2 25 270   M    M   0        37 260
25  88  48  68  -4   0   3 0.00    M    M  9.1 20 260   M    M   0        28 300
26  89  52  71  -1   0   6 0.00  0.0    M  8.3 16 270   M    M   0        23 270
27  98  54  76   4   0  11 0.00    M    M  6.0 13 210   M    M   0        22 200
28 100  59  80   8   0  15 0.00    M    M  7.5 18 320   M    M   0        33 330
29  94  65  80   7   0  15 0.00    M    M  9.2 18 120   M    M   0        34 110
================================================================================
SM 2626 1522         0 198  0.01  0.0    268.2          M        3
================================================================================
AV 90.6 52.5                               9.2 FASTST   M    M   0    MAX(MPH)
                                 MISC ---->    29 240                 43 240
================================================================================
NOTES:
# LAST OF SEVERAL OCCURRENCES

COLUMN 17 PEAK WIND IN M.P.H.

PRELIMINARY LOCAL CLIMATOLOGICAL DATA (WS FORM: F-6) , PAGE 2

                                          STATION:   DEMING
                                          MONTH:     MAY
                                          YEAR:      2020
                                          LATITUDE:   32 15 N
                                          LONGITUDE: 107 42 W

[TEMPERATURE DATA]      [PRECIPITATION DATA]       SYMBOLS USED IN COLUMN 16

AVERAGE MONTHLY: 71.5   TOTAL FOR MONTH:   0.01    1 = FOG OR MIST
DPTR FM NORMAL:   2.6   DPTR FM NORMAL:   -0.41    2 = FOG REDUCING VISIBILITY
HIGHEST:   100 ON 28    GRTST 24HR  0.01 ON 10-10      TO 1/4 MILE OR LESS
LOWEST:     43 ON 22                               3 = THUNDER
                        SNOW, ICE PELLETS, HAIL    4 = ICE PELLETS
                        TOTAL MONTH:   0.0 INCH    5 = HAIL
                        GRTST 24HR  0.0            6 = FREEZING RAIN OR DRIZZLE
                        GRTST DEPTH:  0            7 = DUSTSTORM OR SANDSTORM:
                                                       VSBY 1/2 MILE OR LESS
                                                   8 = SMOKE OR HAZE
[NO. OF DAYS WITH]      [WEATHER - DAYS WITH]      9 = BLOWING SNOW
                                                   X = TORNADO
MAX 32 OR BELOW:   0    0.01 INCH OR MORE:   1
MAX 90 OR ABOVE:  14    0.10 INCH OR MORE:   0
MIN 32 OR BELOW:   0    0.50 INCH OR MORE:   0
MIN  0 OR BELOW:   0    1.00 INCH OR MORE:   0

[HDD (BASE 65) ]
TOTAL THIS MO.     0    CLEAR  (SCALE 0-3)  29
DPTR FM NORMAL   -21    PTCLDY (SCALE 4-7)   0
TOTAL FM JUL 1  2943    CLOUDY (SCALE 8-10)  0
DPTR FM NORMAL  -224

[CDD (BASE 65) ]
TOTAL THIS MO.   198
DPTR FM NORMAL    62    [PRESSURE DATA]
TOTAL FM JAN 1   227    HIGHEST SLP M ON M
DPTR FM NORMAL    73    LOWEST  SLP 29.61 ON 23

[REMARKS]
