000
CXUS55 KEAX 250736
CF6DMO
PRELIMINARY LOCAL CLIMATOLOGICAL DATA (WS FORM: F-6)

                                          STATION:   SEDALIA MO
                                          MONTH:     SEPTEMBER
                                          YEAR:      2018
                                          LATITUDE:   38 42 N
                                          LONGITUDE:  93  6 W

  TEMPERATURE IN F:       :PCPN:    SNOW:  WIND      :SUNSHINE: SKY     :PK WND
================================================================================
1   2   3   4   5  6A  6B    7    8   9   10  11  12  13   14  15   16   17  18
                                     12Z  AVG MX 2MIN
DY MAX MIN AVG DEP HDD CDD  WTR  SNW DPTH SPD SPD DIR MIN PSBL S-S WX    SPD DR
================================================================================

 1  90  71  81   6   0  16 0.00    M    M 11.6 20 190   M    M   0        29 180
 2  86  69  78   4   0  13 0.00    M    M  9.2 20 170   M    M   2        27 170
 3  88  71  80   6   0  15 0.00    M    M  9.5 20 150   M    M   3        26 170
 4  89  68  79   5   0  14 0.00    M    M 10.7 23 180   M    M   1        33 180
 5  87  69  78   5   0  13 0.38    M    M  7.1 18 270   M    M   1 138    27 260
 6  77  67  72  -1   0   7 1.99    M    M  5.6 13  40   M    M   8 13     17  50
 7  71  65  68  -4   0   3 1.45    M    M 10.1 16  20   M    M  10 18     22  20
 8  67  57  62 -10   3   0 0.73    M    M 11.9 17  30   M    M   9 8      22  20
 9  74  56  65  -7   0   0 0.00    M    M  7.0 14  60   M    M   6        19  60
10  79  52  66  -5   0   1 0.00    M    M  2.6  9  50   M    M   0 8      13  80
11  81  55  68  -3   0   3 0.00    M    M  5.4 12 140   M    M   1        15 210
12  80  56  68  -2   0   3 0.00    M    M  7.4 16 160   M    M   3        23 160
13  83  60  72   2   0   7 0.00    M    M  6.6 12 160   M    M   1 1      19 120
14  88  64  76   6   0  11 0.00    M    M  4.2 10 230   M    M   1        14 200
15  89  64  77   8   0  12 0.00    M    M  3.2 12  40   M    M   2        16  60
16  88  63  76   7   0  11 0.00    M    M  2.3  9  70   M    M   1        14  70
17  88  63  76   8   0  11 0.00    M    M  3.3  9 270   M    M   0 8      14 220
18  91  67  79  11   0  14 0.00    M    M  6.7 15 200   M    M   1        20 220
19  91  69  80  12   0  15 0.00    M    M  7.3 14 220   M    M   1        20 230
20  91  72  82  15   0  17 0.00    M    M 11.5 22 200   M    M   1        29 220
21  77  57  67   0   0   2 0.24    M    M  8.8 21 270   M    M   1 13     31 280
22  73  49  61  -5   4   0 0.00    M    M  6.4 14  40   M    M   0        18  40
23  77  48  63  -3   2   0 0.00    M    M  5.4 14 110   M    M   2 128    19  90
24  72  64  68   2   0   3 0.00    M    M  4.1 10 200   M    M  10 1      13 200
================================================================================
SM 1977 1496         9 191  4.79    M    167.9          M       65
================================================================================
AV 82.4 62.3                               7.0 FASTST   M    M   3    MAX(MPH)
                                 MISC ---->  # 23 180               # 33  180
================================================================================
NOTES:
# LAST OF SEVERAL OCCURRENCES

COLUMN 17 PEAK WIND IN M.P.H.

PRELIMINARY LOCAL CLIMATOLOGICAL DATA (WS FORM: F-6) , PAGE 2

                                          STATION:  SEDALIA MO
                                          MONTH:    SEPTEMBER
                                          YEAR:     2018
                                          LATITUDE:   38 42 N
                                          LONGITUDE:  93  6 W

[TEMPERATURE DATA]      [PRECIPITATION DATA]       SYMBOLS USED IN COLUMN 16

AVERAGE MONTHLY: 72.4   TOTAL FOR MONTH:   4.79    1 = FOG OR MIST
DPTR FM NORMAL:   2.1   DPTR FM NORMAL:    1.43    2 = FOG REDUCING VISIBILITY
HIGHEST:    91 ON 20,19 GRTST 24HR  1.99 ON  6- 6      TO 1/4 MILE OR LESS
LOWEST:     48 ON 23                               3 = THUNDER
                        SNOW, ICE PELLETS, HAIL    4 = ICE PELLETS
                        TOTAL MONTH:    M          5 = HAIL
                        GRTST 24HR    M  ON   M    6 = FREEZING RAIN OR DRIZZLE
                        GRTST DEPTH:  M  ON   M    7 = DUSTSTORM OR SANDSTORM:
                                                       VSBY 1/2 MILE OR LESS
                                                   8 = SMOKE OR HAZE
[NO. OF DAYS WITH]      [WEATHER - DAYS WITH]      9 = BLOWING SNOW
                                                   X = TORNADO
MAX 32 OR BELOW:   0    0.01 INCH OR MORE:   5
MAX 90 OR ABOVE:   4    0.10 INCH OR MORE:   5
MIN 32 OR BELOW:   0    0.50 INCH OR MORE:   3
MIN  0 OR BELOW:   0    1.00 INCH OR MORE:   2

[HDD (BASE 65) ]
TOTAL THIS MO.     9    CLEAR  (SCALE 0-3)  19
DPTR FM NORMAL   -12    PTCLDY (SCALE 4-7)   1
TOTAL FM JUL 1     9    CLOUDY (SCALE 8-10)  4
DPTR FM NORMAL   -13

[CDD (BASE 65) ]
TOTAL THIS MO.   191
DPTR FM NORMAL    44    [PRESSURE DATA]
TOTAL FM JAN 1  1826    HIGHEST SLP  0.00 ON M
DPTR FM NORMAL   394    LOWEST  SLP  0.00 ON M

[REMARKS]
