981
CXUS53 KEAX 270736
CF6DMO
PRELIMINARY LOCAL CLIMATOLOGICAL DATA (WS FORM: F-6)

                                          STATION:   SEDALIA MO
                                          MONTH:     MAY
                                          YEAR:      2024
                                          LATITUDE:   38 42 N
                                          LONGITUDE:  93  6 W

  TEMPERATURE IN F:       :PCPN:    SNOW:  WIND      :SUNSHINE: SKY     :PK WND
================================================================================
1   2   3   4   5  6A  6B    7    8   9   10  11  12  13   14  15   16   17  18
                                     12Z  AVG MX 2MIN
DY MAX MIN AVG DEP HDD CDD  WTR  SNW DPTH SPD SPD DIR MIN PSBL S-S WX    SPD DR
================================================================================

 1  79  63  71  12   0   6 0.00    M    M  9.7 16 100   M    M   0        22  90
 2  80  60  70  10   0   5 0.33    M    M  9.0 20 200   M    M   7 13     30 210
 3  73  57  65   5   0   0 0.00    M    M  9.0 15  70   M    M   4        21 110
 4  77  54  66   6   0   1 0.00    M    M 10.4 20 320   M    M   6        29 320
 5  61  50  56  -5   9   0 0.19    M    M  6.6 13 100   M    M   5 1      18 100
 6  78  59  69   8   0   4 0.12    M    M 10.2 37 270   M    M   8 13     52 290
 7  79  57  68   7   0   3 0.91    M    M  8.9 29 260   M    M   3 13     41 270
 8  69  52  61  -1   4   0 1.16    M    M  7.2 25 270   M    M   5 13     38 280
 9  75  56  66   4   0   1 0.00    M    M 11.4 22 280   M    M   1        32 280
10  74  52  63   1   2   0 0.00    M    M  7.9 16 310   M    M   3        22 310
11  79  55  67   4   0   2 0.00    M    M  5.9 14 320   M    M   1        19 320
12  82  57  70   7   0   5 0.00    M    M  8.5 15 210   M    M   2        28 200
13  70  61  66   3   0   1 1.59    M    M  5.0 14 220   M    M   8 1      18 230
14  74  59  67   3   0   2 0.21    M    M  6.9 21  20   M    M   5 1      27  20
15  72  62  67   3   0   2 0.11    M    M  4.6 14 150   M    M   8 1      17 140
16  76  62  69   5   0   4 0.08    M    M  5.8 15 240   M    M   5 1      25 230
17  81  61  71   6   0   6 0.00    M    M  4.0 10 180   M    M   1 1      14 200
18  85  63  74   9   0   9 0.00    M    M  6.9 14 200   M    M   0        20 250
19  87  66  77  12   0  12    T    M    M  8.2 28 230   M    M   1        42 210
20  84  67  76  10   0  11    T    M    M  7.9 17 190   M    M   2 3      30 180
21  86  61  74   8   0   9 0.22    M    M 15.1 31 200   M    M   2 3      52 230
22  75  58  67   1   0   2 0.03    M    M  3.8 13 320   M    M   1        18 320
23  82  56  69   2   0   4 0.00    M    M  6.9 15 170   M    M   4        20 170
24  86  62  74   7   0   9    T    M    M 12.7 22 300   M    M   3        32 310
25  80  55  68   1   0   3    M    M    M  8.8 16 140   M    M   0        23 130
26  82  55  69   1   0   4 0.38    M    M  9.7 23 320   M    M   4 13     36 340
================================================================================
SM 2026 1520        15 105  5.33    M    211.0          M       89
================================================================================
AV 77.9 58.5                               8.1 FASTST   M    M   3    MAX(MPH)
                                 MISC ---->    37 270               # 52 290
================================================================================
NOTES:
# LAST OF SEVERAL OCCURRENCES

COLUMN 17 PEAK WIND IN M.P.H.

PRELIMINARY LOCAL CLIMATOLOGICAL DATA (WS FORM: F-6) , PAGE 2

                                          STATION:   SEDALIA MO
                                          MONTH:     MAY
                                          YEAR:      2024
                                          LATITUDE:   38 42 N
                                          LONGITUDE:  93  6 W

[TEMPERATURE DATA]      [PRECIPITATION DATA]       SYMBOLS USED IN COLUMN 16

AVERAGE MONTHLY: 68.2   TOTAL FOR MONTH:   5.33    1 = FOG OR MIST
DPTR FM NORMAL:   4.7   DPTR FM NORMAL:    1.44    2 = FOG REDUCING VISIBILITY
HIGHEST:    87 ON 19    GRTST 24HR  1.59 ON 13-13      TO 1/4 MILE OR LESS
LOWEST:     50 ON  5                               3 = THUNDER
                        SNOW, ICE PELLETS, HAIL    4 = ICE PELLETS
                        TOTAL MONTH:  M            5 = HAIL
                        GRTST 24HR    M  ON   M    6 = FREEZING RAIN OR DRIZZLE
                        GRTST DEPTH:  M  ON   M    7 = DUSTSTORM OR SANDSTORM:
                                                       VSBY 1/2 MILE OR LESS
                                                   8 = SMOKE OR HAZE
[NO. OF DAYS WITH]      [WEATHER - DAYS WITH]      9 = BLOWING SNOW
                                                   X = TORNADO
MAX 32 OR BELOW:   0    0.01 INCH OR MORE:  12
MAX 90 OR ABOVE:   0    0.10 INCH OR MORE:  10
MIN 32 OR BELOW:   0    0.50 INCH OR MORE:   3
MIN  0 OR BELOW:   0    1.00 INCH OR MORE:   2

[HDD (BASE 65) ]
TOTAL THIS MO.    15    CLEAR  (SCALE 0-3)  13
DPTR FM NORMAL   -92    PTCLDY (SCALE 4-7)  13
TOTAL FM JUL 1  3707    CLOUDY (SCALE 8-10)  0
DPTR FM NORMAL -1226

[CDD (BASE 65) ]
TOTAL THIS MO.   105
DPTR FM NORMAL    38    [PRESSURE DATA]
TOTAL FM JAN 1   161    HIGHEST SLP M ON M
DPTR FM NORMAL    72    LOWEST  SLP 29.47 ON 26

[REMARKS]