000
CXUS55 KEAX 230736
CF6DMO
PRELIMINARY LOCAL CLIMATOLOGICAL DATA (WS FORM: F-6)

                                          STATION:   SEDALIA MO
                                          MONTH:     FEBRUARY
                                          YEAR:      2018
                                          LATITUDE:   38 42 N
                                          LONGITUDE:  93  6 W

  TEMPERATURE IN F:       :PCPN:    SNOW:  WIND      :SUNSHINE: SKY     :PK WND
================================================================================
1   2   3   4   5  6A  6B    7    8   9   10  11  12  13   14  15   16   17  18
                                     12Z  AVG MX 2MIN
DY MAX MIN AVG DEP HDD CDD  WTR  SNW DPTH SPD SPD DIR MIN PSBL S-S WX    SPD DR
================================================================================

 1  41  17  29  -4  36   0 0.00    M    M 11.2 24 350   M    M   5        30  10
 2  35  10  23 -10  42   0 0.00    M    M  6.6 15 190   M    M   2        20 190
 3  51  32  42   9  23   0 0.00    M    M 12.8 24 210   M    M   4        35 210
 4  43   7  25  -9  40   0 0.01    M    M 14.3 26 330   M    M   6 1      33 330
 5  27   0  14 -20  51   0 0.02    M    M  6.7 15 320   M    M   4 16     18 340
 6  25  13  19 -15  46   0 0.00    M    M  8.4 15  30   M    M   5        17  40
 7  31  13  22 -12  43   0 0.00    M    M  5.7 14 330   M    M   2        18 310
 8  53  18  36   2  29   0 0.00    M    M 10.4 21 200   M    M   2        29 200
 9  48  24  36   1  29   0 0.00    M    M 12.9 21 200   M    M   3        26 190
10  24  17  21 -14  44   0 0.01    M    M 13.6 20  10   M    M  10 16     24  10
11  27  15  21 -14  44   0    T    M    M  7.0 17 350   M    M   7 16     20 350
12  36  13  25 -11  40   0 0.00    M    M  7.3 15 100   M    M   0 12     22  80
13  47  24  36   0  29   0    T    M    M  8.6 17 220   M    M   6        21 220
14  60  41  51  15  14   0 0.00    M    M 10.9 22 210   M    M   7 1      29 200
15  76  41  59  23   6   0 0.00    M    M 17.1 31 220   M    M   3        41 240
16  41  28  35  -2  30   0    T    M    M 11.3 26 350   M    M   4        33 360
17  53  28  41   4  24   0 0.14    M    M  8.8 22 320   M    M   4 1      28 280
18  59  29  44   7  21   0 0.00    M    M 16.9 30 170   M    M   2        36 180
19  67  40  54  16  11   0 0.89    M    M 14.4 25 180   M    M  10 13     35 180
20  44  25  35  -3  30   0 1.08    M    M 12.6 28 310   M    M  10 16     37 310
21  31  23  27 -11  38   0    T    M    M 12.7 20  10   M    M   7 1      25  10
22  41  29  35  -3  30   0 0.09    M    M  8.1 15 130   M    M  10 16     20 120
================================================================================
SM  960  487       700   0  2.24    M    238.3          M      113
================================================================================
AV 43.6 22.1                              10.8 FASTST   M    M   5    MAX(MPH)
                                 MISC ---->  # 31 220               # 41  240
================================================================================
NOTES:
# LAST OF SEVERAL OCCURRENCES

COLUMN 17 PEAK WIND IN M.P.H.

PRELIMINARY LOCAL CLIMATOLOGICAL DATA (WS FORM: F-6) , PAGE 2

                                          STATION:  SEDALIA MO
                                          MONTH:    FEBRUARY
                                          YEAR:     2018
                                          LATITUDE:   38 42 N
                                          LONGITUDE:  93  6 W

[TEMPERATURE DATA]      [PRECIPITATION DATA]       SYMBOLS USED IN COLUMN 16

AVERAGE MONTHLY: 32.9   TOTAL FOR MONTH:   2.24    1 = FOG OR MIST
DPTR FM NORMAL:  -2.6   DPTR FM NORMAL:    0.70    2 = FOG REDUCING VISIBILITY
HIGHEST:    76 ON 15    GRTST 24HR  1.08 ON 20-20      TO 1/4 MILE OR LESS
LOWEST:      0 ON  5                               3 = THUNDER
                        SNOW, ICE PELLETS, HAIL    4 = ICE PELLETS
                        TOTAL MONTH:    M          5 = HAIL
                        GRTST 24HR    M  ON   M    6 = FREEZING RAIN OR DRIZZLE
                        GRTST DEPTH:  M  ON   M    7 = DUSTSTORM OR SANDSTORM:
                                                       VSBY 1/2 MILE OR LESS
                                                   8 = SMOKE OR HAZE
[NO. OF DAYS WITH]      [WEATHER - DAYS WITH]      9 = BLOWING SNOW
                                                   X = TORNADO
MAX 32 OR BELOW:   6    0.01 INCH OR MORE:   7
MAX 90 OR ABOVE:   0    0.10 INCH OR MORE:   3
MIN 32 OR BELOW:  19    0.50 INCH OR MORE:   2
MIN  0 OR BELOW:   1    1.00 INCH OR MORE:   1

[HDD (BASE 65) ]
TOTAL THIS MO.   700    CLEAR  (SCALE 0-3)   7
DPTR FM NORMAL    49    PTCLDY (SCALE 4-7)  11
TOTAL FM JUL 1  3420    CLOUDY (SCALE 8-10)  4
DPTR FM NORMAL   -46

[CDD (BASE 65) ]
TOTAL THIS MO.     0
DPTR FM NORMAL     0    [PRESSURE DATA]
TOTAL FM JAN 1     0    HIGHEST SLP  0.00 ON M
DPTR FM NORMAL     0    LOWEST  SLP  0.00 ON M

[REMARKS]
