383
CXUS55 KEAX 190736
CF6DMO
PRELIMINARY LOCAL CLIMATOLOGICAL DATA (WS FORM: F-6)

                                          STATION:   SEDALIA MO
                                          MONTH:     OCTOBER
                                          YEAR:      2019
                                          LATITUDE:   38 42 N
                                          LONGITUDE:  93  6 W

  TEMPERATURE IN F:       :PCPN:    SNOW:  WIND      :SUNSHINE: SKY     :PK WND
================================================================================
1   2   3   4   5  6A  6B    7    8   9   10  11  12  13   14  15   16   17  18
                                     12Z  AVG MX 2MIN
DY MAX MIN AVG DEP HDD CDD  WTR  SNW DPTH SPD SPD DIR MIN PSBL S-S WX    SPD DR
================================================================================

 1  86  65  76  13   0  11 0.00    M    M 10.9 23 230   M    M   0        33 230
 2  86  66  76  13   0  11 0.02    M    M 10.2 22 220   M    M   5 1      30 300
 3  66  52  59  -3   6   0 0.08    M    M  9.4 18 320   M    M   5 18     25 320
 4  66  49  58  -4   7   0 0.00    M    M  7.8 14 100   M    M   4        19 100
 5  68  53  61  -1   4   0 0.09    M    M  9.7 23 220   M    M   4 1      35 210
 6  68  47  58  -3   7   0 0.05    M    M  4.3 13  40   M    M   3        17  20
 7  71  43  57  -4   8   0 0.00    M    M  3.1 10 300   M    M   0 8      14 360
 8  70  41  56  -5   9   0 0.00    M    M  7.2 17 180   M    M   0        24 180
 9  63  44  54  -6  11   0 0.01    M    M  8.1 14 110   M    M   1        19 140
10  68  44  56  -4   9   0 2.30    M    M 12.2 31 180   M    M   9 13     42 180
11  48  32  40 -20  25   0 0.00    M    M 11.2 21 280   M    M   6 1      30 290
12  61  31  46 -14  19   0 0.00    M    M 12.5 24 210   M    M   0        34 220
13  64  40  52  -7  13   0 0.00    M    M  6.9 17 220   M    M   0        26 220
14  71  36  54  -5  11   0 0.00    M    M  8.2 21 170   M    M   0 1      28 170
15  70  45  58  -1   7   0 0.04    M    M 10.8 20 310   M    M   6        29 320
16  54  39  47 -11  18   0 0.00    M    M  7.0 18 350   M    M   3 8      24 320
17  65  36  51  -7  14   0 0.00    M    M  8.1 14 140   M    M   0        18 160
18  71  44  58   0   7   0 0.00    M    M 12.0 21 160   M    M   0 8      29 170
================================================================================
SM 1216  807       175  22  2.59    M    159.6          M       46
================================================================================
AV 67.6 44.8                               8.9 FASTST   M    M   3    MAX(MPH)
                                 MISC ---->  # 31 180               # 42  180
================================================================================
NOTES:
# LAST OF SEVERAL OCCURRENCES

COLUMN 17 PEAK WIND IN M.P.H.

PRELIMINARY LOCAL CLIMATOLOGICAL DATA (WS FORM: F-6) , PAGE 2

                                          STATION:  SEDALIA MO
                                          MONTH:    OCTOBER
                                          YEAR:     2019
                                          LATITUDE:   38 42 N
                                          LONGITUDE:  93  6 W

[TEMPERATURE DATA]      [PRECIPITATION DATA]       SYMBOLS USED IN COLUMN 16

AVERAGE MONTHLY: 56.2   TOTAL FOR MONTH:   2.59    1 = FOG OR MIST
DPTR FM NORMAL:  -4.1   DPTR FM NORMAL:    0.30    2 = FOG REDUCING VISIBILITY
HIGHEST:    86 ON  2, 1 GRTST 24HR  2.30 ON 10-10      TO 1/4 MILE OR LESS
LOWEST:     31 ON 12                               3 = THUNDER
                        SNOW, ICE PELLETS, HAIL    4 = ICE PELLETS
                        TOTAL MONTH:    M          5 = HAIL
                        GRTST 24HR    M  ON   M    6 = FREEZING RAIN OR DRIZZLE
                        GRTST DEPTH:  M  ON   M    7 = DUSTSTORM OR SANDSTORM:
                                                       VSBY 1/2 MILE OR LESS
                                                   8 = SMOKE OR HAZE
[NO. OF DAYS WITH]      [WEATHER - DAYS WITH]      9 = BLOWING SNOW
                                                   X = TORNADO
MAX 32 OR BELOW:   0    0.01 INCH OR MORE:   7
MAX 90 OR ABOVE:   0    0.10 INCH OR MORE:   1
MIN 32 OR BELOW:   2    0.50 INCH OR MORE:   1
MIN  0 OR BELOW:   0    1.00 INCH OR MORE:   1

[HDD (BASE 65) ]
TOTAL THIS MO.   175    CLEAR  (SCALE 0-3)  11
DPTR FM NORMAL    62    PTCLDY (SCALE 4-7)   6
TOTAL FM JUL 1   177    CLOUDY (SCALE 8-10)  1
DPTR FM NORMAL    19

[CDD (BASE 65) ]
TOTAL THIS MO.    22
DPTR FM NORMAL    -6    [PRESSURE DATA]
TOTAL FM JAN 1  1146    HIGHEST SLP  0.00 ON M
DPTR FM NORMAL  -332    LOWEST  SLP  0.00 ON M

[REMARKS]
