139
CXUS52 KCAE 271400
CF6DNL
PRELIMINARY LOCAL CLIMATOLOGICAL DATA (WS FORM: F-6)

                                          STATION:   AUGUSTA DANIEL FIELD GA
                                          MONTH:     MAY
                                          YEAR:      2024
                                          LATITUDE:   33 28 N
                                          LONGITUDE:  82  2 W

  TEMPERATURE IN F:       :PCPN:    SNOW:  WIND      :SUNSHINE: SKY     :PK WND
================================================================================
1   2   3   4   5  6A  6B    7    8   9   10  11  12  13   14  15   16   17  18
                                     12Z  AVG MX 2MIN
DY MAX MIN AVG DEP HDD CDD  WTR  SNW DPTH SPD SPD DIR MIN PSBL S-S WX    SPD DR
================================================================================

 1  86  62  74   3   0   9 0.00    M    M  3.6 13 330   M    M   2 12     19 350
 2  89  64  77   6   0  12 0.00    M    M  3.0 12 160   M    M   1 8      17 140
 3  85  65  75   3   0  10 0.00    M    M  4.7  8 160   M    M   3 12     13 140
 4  79  68  74   2   0   9 1.83    M    M  5.1 17 210   M    M   8 123    27 240
 5  83  68  76   4   0  11 0.13    M    M  3.8 15 310   M    M   7 3      21 300
 6  80  67  74   2   0   9 0.47    M    M  5.2 13 140   M    M   5 138    24 240
 7  89  68  79   6   0  14 0.00    M    M  5.8 15 210   M    M   1        22 250
 8  87  72  80   7   0  15 0.00    M    M  4.6 16 200   M    M   1        23 230
 9  77  67  72  -1   0   7 0.94    M    M  6.1 17  10   M    M   5 13     25 360
10  82  66  74   1   0   9 0.05    M    M  7.1 16 280   M    M   2 1      27 250
11  77  56  67  -7   0   2 0.00    M    M  4.9 16 320   M    M   0        22 320
12  83  61  72  -2   0   7 0.00    M    M  4.3 13 300   M    M   0        20 310
13  73  63  68  -6   0   3 0.01    M    M  4.0 20 120   M    M   5        31 130
14  81  65  73  -1   0   8 0.12    M    M  5.3  9 190   M    M   7 1      14 200
15  84  69  77   2   0  12 0.20    M    M  6.3 16 320   M    M   4 13     23 220
16  86  66  76   1   0  11 0.00    M    M  5.2 10 350   M    M   1        17 320
17  79  67  73  -2   0   8    T    M    M  3.5 13 190   M    M   3        19 220
18  77  68  73  -2   0   8 0.07    M    M  3.2 15 210   M    M   8 1      22 220
19  75  65  70  -6   0   5    T    M    M  6.2 14  40   M    M   7        21  10
20  85  61  73  -3   0   8 0.00    M    M  7.7 14  40   M    M   1        22  10
21  86  63  75  -1   0  10 0.00    M    M  3.8 14 110   M    M   0        19 110
22  87  65  76   0   0  11 0.00    M    M  4.1 12 180   M    M   2        17 200
23  90  71  81   5   0  16 0.00    M    M  4.3 12 210   M    M   1        15 200
24  91  70  81   4   0  16 0.95    M    M  3.9 21 220   M    M   2 123    33 220
25  85  70  78   1   0  13 0.06    M    M  2.4 25 330   M    M   1 3      36 320
26  91  69  80   3   0  15 0.00    M    M  3.5 13 210   M    M   1        18 230
================================================================================
SM 2167 1716         0 258  4.83    M    121.6          M       78
================================================================================
AV 83.3 66.0                               4.7 FASTST   M    M   3    MAX(MPH)
                                 MISC ---->    25 330                 36 320
================================================================================
NOTES:
# LAST OF SEVERAL OCCURRENCES

COLUMN 17 PEAK WIND IN M.P.H.

PRELIMINARY LOCAL CLIMATOLOGICAL DATA (WS FORM: F-6) , PAGE 2

                                          STATION:   AUGUSTA DANIEL FIELD GA
                                          MONTH:     MAY
                                          YEAR:      2024
                                          LATITUDE:   33 28 N
                                          LONGITUDE:  82  2 W

[TEMPERATURE DATA]      [PRECIPITATION DATA]       SYMBOLS USED IN COLUMN 16

AVERAGE MONTHLY: 74.7   TOTAL FOR MONTH:   4.83    1 = FOG OR MIST
DPTR FM NORMAL:   0.5   DPTR FM NORMAL:    2.63    2 = FOG REDUCING VISIBILITY
HIGHEST:    91 ON 26,24  GRTST 24HR  1.84 ON  4- 5      TO 1/4 MILE OR LESS
LOWEST:     56 ON 11                               3 = THUNDER
                        SNOW, ICE PELLETS, HAIL    4 = ICE PELLETS
                        TOTAL MONTH:  M            5 = HAIL
                        GRTST 24HR    M  ON   M    6 = FREEZING RAIN OR DRIZZLE
                        GRTST DEPTH:  M  ON   M    7 = DUSTSTORM OR SANDSTORM:
                                                       VSBY 1/2 MILE OR LESS
                                                   8 = SMOKE OR HAZE
[NO. OF DAYS WITH]      [WEATHER - DAYS WITH]      9 = BLOWING SNOW
                                                   X = TORNADO
MAX 32 OR BELOW:   0    0.01 INCH OR MORE:  11
MAX 90 OR ABOVE:   3    0.10 INCH OR MORE:   7
MIN 32 OR BELOW:   0    0.50 INCH OR MORE:   3
MIN  0 OR BELOW:   0    1.00 INCH OR MORE:   1

[HDD (BASE 65) ]
TOTAL THIS MO.     0    CLEAR  (SCALE 0-3)  15
DPTR FM NORMAL    -2    PTCLDY (SCALE 4-7)  11
TOTAL FM JUL 1  1700    CLOUDY (SCALE 8-10)  0
DPTR FM NORMAL  -178

[CDD (BASE 65) ]
TOTAL THIS MO.   258
DPTR FM NORMAL    12    [PRESSURE DATA]
TOTAL FM JAN 1   425    HIGHEST SLP M ON M
DPTR FM NORMAL     6    LOWEST  SLP 29.66 ON 10

[REMARKS]