000
CXUS55 KVEF 180940
CF6DRA
PRELIMINARY LOCAL CLIMATOLOGICAL DATA (WS FORM: F-6)

                                          STATION:   DESERT ROCK-MERCURY NV
                                          MONTH:     AUGUST
                                          YEAR:      2018
                                          LATITUDE:   36 37 N
                                          LONGITUDE: 116  1 W

  TEMPERATURE IN F:       :PCPN:    SNOW:  WIND      :SUNSHINE: SKY     :PK WND
================================================================================
1   2   3   4   5  6A  6B    7    8   9   10  11  12  13   14  15   16   17  18
                                     12Z  AVG MX 2MIN
DY MAX MIN AVG DEP HDD CDD  WTR  SNW DPTH SPD SPD DIR MIN PSBL S-S WX    SPD DR
================================================================================

 1 105  77  91   6   0  26 0.00  0.0    0  9.6 26  40   M    M   0        33  40
 2 104  77  91   6   0  26 0.00  0.0    0 10.3 29  40   M    M   0        37  40
 3 105  76  91   6   0  26 0.00  0.0    0  7.8 21 100   M    M   0        31 210
 4 106  79  93   8   0  28 0.00  0.0    0 12.5 24 230   M    M   0        35 220
 5 102  70  86   1   0  21 0.00  0.0    0  7.4 20 250   M    M   0 8      23 260
 6 104  67  86   1   0  21 0.00  0.0    0  4.9 16 260   M    M   0        24 240
 7 108  68  88   3   0  23 0.00  0.0    0  5.1 21 250   M    M   0        30 250
 8 105  72  89   4   0  24 0.00  0.0    0  7.0 21 220   M    M   0        27 230
 9 106  75  91   7   0  26 0.00  0.0    0  7.2 17 210   M    M   0        29 240
10 105  78  92   8   0  27 0.00  0.0    0  8.9 21 230   M    M   0        26 250
11 103  76  90   6   0  25 0.00  0.0    0 11.8 41 110   M    M   0        53 110
12  99  74  87   3   0  22 0.00  0.0    0  9.4 25 210   M    M   0        32 220
13 102  73  88   4   0  23 0.00  0.0    0  8.2 22 220   M    M   0        30 230
14 103  70  87   3   0  22 0.00  0.0    0  7.1 22 230   M    M   0        32 250
15  96  75  86   2   0  21 0.00  0.0    0  6.3 15  30   M    M   1        20 250
16 100  76  88   5   0  23 0.00  0.0    M  8.6 25  30   M    M   1        30 160
17 100  71  86   3   0  21 0.00  0.0    0  4.9 17 240   M    M   0        26 210
================================================================================
SM 1753 1254         0 405  0.00     0.0 137.0          M        2
================================================================================
AV103.1 73.8                               8.1 FASTST   M    M   0    MAX(MPH)
                                 MISC ---->  # 41 110               # 53  110
================================================================================
NOTES:
# LAST OF SEVERAL OCCURRENCES

COLUMN 17 PEAK WIND IN M.P.H.

PRELIMINARY LOCAL CLIMATOLOGICAL DATA (WS FORM: F-6) , PAGE 2

                                          STATION:  DESERT ROCK-MERCURY NV
                                          MONTH:    AUGUST
                                          YEAR:     2018
                                          LATITUDE:   36 37 N
                                          LONGITUDE: 116  1 W

[TEMPERATURE DATA]      [PRECIPITATION DATA]       SYMBOLS USED IN COLUMN 16

AVERAGE MONTHLY: 88.4   TOTAL FOR MONTH:   0.00    1 = FOG OR MIST
DPTR FM NORMAL:   4.1   DPTR FM NORMAL:   -0.40    2 = FOG REDUCING VISIBILITY
HIGHEST:   108 ON  7    GRTST 24HR  0.00 ON 17-17      TO 1/4 MILE OR LESS
LOWEST:     67 ON  6                               3 = THUNDER
                        SNOW, ICE PELLETS, HAIL    4 = ICE PELLETS
                        TOTAL MONTH:   0.0 INCH    5 = HAIL
                        GRTST 24HR     0.0         6 = FREEZING RAIN OR DRIZZLE
                        GRTST DEPTH:   0           7 = DUSTSTORM OR SANDSTORM:
                                                       VSBY 1/2 MILE OR LESS
                                                   8 = SMOKE OR HAZE
[NO. OF DAYS WITH]      [WEATHER - DAYS WITH]      9 = BLOWING SNOW
                                                   X = TORNADO
MAX 32 OR BELOW:   0    0.01 INCH OR MORE:   0
MAX 90 OR ABOVE:  17    0.10 INCH OR MORE:   0
MIN 32 OR BELOW:   0    0.50 INCH OR MORE:   0
MIN  0 OR BELOW:   0    1.00 INCH OR MORE:   0

[HDD (BASE 65) ]
TOTAL THIS MO.     0    CLEAR  (SCALE 0-3)  17
DPTR FM NORMAL     0    PTCLDY (SCALE 4-7)   0
TOTAL FM JUL 1     0    CLOUDY (SCALE 8-10)  0
DPTR FM NORMAL     0

[CDD (BASE 65) ]
TOTAL THIS MO.   405
DPTR FM NORMAL    76    [PRESSURE DATA]
TOTAL FM JAN 1  1913    HIGHEST SLP M ON M
DPTR FM NORMAL   332    LOWEST  SLP 29.62 ON  4

[REMARKS]
