000
CXUS55 KVEF 160940
CF6DRA
PRELIMINARY LOCAL CLIMATOLOGICAL DATA (WS FORM: F-6)

                                          STATION:   DESERT ROCK-MERCURY NV
                                          MONTH:     OCTOBER
                                          YEAR:      2019
                                          LATITUDE:   36 37 N
                                          LONGITUDE: 116  1 W

  TEMPERATURE IN F:       :PCPN:    SNOW:  WIND      :SUNSHINE: SKY     :PK WND
================================================================================
1   2   3   4   5  6A  6B    7    8   9   10  11  12  13   14  15   16   17  18
                                     12Z  AVG MX 2MIN
DY MAX MIN AVG DEP HDD CDD  WTR  SNW DPTH SPD SPD DIR MIN PSBL S-S WX    SPD DR
================================================================================

 1  71  40  56 -13   9   0 0.00  0.0    0  6.0 16 240   M    M   0        21 230
 2  77  46  62  -7   3   0 0.00  0.0    0  6.7 20  20   M    M   0        23  20
 3  83  43  63  -5   2   0 0.00  0.0    0  7.4 25 180   M    M   0        33 210
 4  79  56  68   0   0   3 0.00  0.0    0  7.9 20 180   M    M   0        26 230
 5  82  53  68   0   0   3 0.00  0.0    0  7.6 20  40   M    M   0        23  40
 6  81  51  66  -1   0   1 0.00  0.0    0 10.1 21  40   M    M   0        25  50
 7  86  57  72   5   0   7 0.00  0.0    0  6.9 20  40   M    M   0        23  40
 8  87  49  68   2   0   3 0.00  0.0    0  6.6 18 230   M    M   0        23 240
 9  85  53  69   3   0   4 0.00  0.0    0 14.9 41  40   M    M   0        52  30
10  66  43  55 -11  10   0 0.00  0.0    0 16.1 33  30   M    M   0        39  20
11  69  43  56  -9   9   0 0.00  0.0    0 10.5 22 120   M    M   0        26 130
12  76  40  58  -7   7   0 0.00  0.0    0  5.4 15  40   M    M   0        19  40
13  78  37  58  -6   7   0 0.00  0.0    0  5.6 22 220   M    M   0        28 170
14  81  42  62  -2   3   0 0.00  0.0    0  4.1 12 130   M    M   0        16 130
15  82  43  63  -1   2   0 0.00  0.0    0  3.9 12 230   M    M   0        16 210
================================================================================
SM 1183  696        52  21  0.00     0.0 119.7          M        0
================================================================================
AV 78.9 46.4                               8.0 FASTST   M    M   0    MAX(MPH)
                                 MISC ---->  # 41  40               # 52   30
================================================================================
NOTES:
# LAST OF SEVERAL OCCURRENCES

COLUMN 17 PEAK WIND IN M.P.H.

PRELIMINARY LOCAL CLIMATOLOGICAL DATA (WS FORM: F-6) , PAGE 2

                                          STATION:  DESERT ROCK-MERCURY NV
                                          MONTH:    OCTOBER
                                          YEAR:     2019
                                          LATITUDE:   36 37 N
                                          LONGITUDE: 116  1 W

[TEMPERATURE DATA]      [PRECIPITATION DATA]       SYMBOLS USED IN COLUMN 16

AVERAGE MONTHLY: 62.6   TOTAL FOR MONTH:   0.00    1 = FOG OR MIST
DPTR FM NORMAL:  -3.8   DPTR FM NORMAL:   -0.16    2 = FOG REDUCING VISIBILITY
HIGHEST:    87 ON  8    GRTST 24HR  0.00 ON 15-15      TO 1/4 MILE OR LESS
LOWEST:     37 ON 13                               3 = THUNDER
                        SNOW, ICE PELLETS, HAIL    4 = ICE PELLETS
                        TOTAL MONTH:   0.0 INCH    5 = HAIL
                        GRTST 24HR     0.0         6 = FREEZING RAIN OR DRIZZLE
                        GRTST DEPTH:   0           7 = DUSTSTORM OR SANDSTORM:
                                                       VSBY 1/2 MILE OR LESS
                                                   8 = SMOKE OR HAZE
[NO. OF DAYS WITH]      [WEATHER - DAYS WITH]      9 = BLOWING SNOW
                                                   X = TORNADO
MAX 32 OR BELOW:   0    0.01 INCH OR MORE:   0
MAX 90 OR ABOVE:   0    0.10 INCH OR MORE:   0
MIN 32 OR BELOW:   0    0.50 INCH OR MORE:   0
MIN  0 OR BELOW:   0    1.00 INCH OR MORE:   0

[HDD (BASE 65) ]
TOTAL THIS MO.    52    CLEAR  (SCALE 0-3)  15
DPTR FM NORMAL    22    PTCLDY (SCALE 4-7)   0
TOTAL FM JUL 1    62    CLOUDY (SCALE 8-10)  0
DPTR FM NORMAL    24

[CDD (BASE 65) ]
TOTAL THIS MO.    21
DPTR FM NORMAL   -30    [PRESSURE DATA]
TOTAL FM JAN 1  2180    HIGHEST SLP M ON M
DPTR FM NORMAL    -1    LOWEST  SLP 29.55 ON  9

[REMARKS]
