000
CXUS55 KVEF 170940
CF6DRA
PRELIMINARY LOCAL CLIMATOLOGICAL DATA (WS FORM: F-6)

                                          STATION:   DESERT ROCK-MERCURY NV
                                          MONTH:     NOVEMBER
                                          YEAR:      2018
                                          LATITUDE:   36 37 N
                                          LONGITUDE: 116  1 W

  TEMPERATURE IN F:       :PCPN:    SNOW:  WIND      :SUNSHINE: SKY     :PK WND
================================================================================
1   2   3   4   5  6A  6B    7    8   9   10  11  12  13   14  15   16   17  18
                                     12Z  AVG MX 2MIN
DY MAX MIN AVG DEP HDD CDD  WTR  SNW DPTH SPD SPD DIR MIN PSBL S-S WX    SPD DR
================================================================================

 1  76  43  60   3   5   0    T    M    0  8.9 24  20   M    M   0        30  30
 2  78  49  64   8   1   0 0.00  0.0    0  5.2 17 230   M    M   0        19 230
 3  76  55  66  10   0   1 0.00  0.0    0 10.1 20  50   M    M   0        23  60
 4  73  51  62   7   3   0 0.00  0.0    0  7.3 18  20   M    M   0        22  30
 5  77  46  62   7   3   0 0.00  0.0    0  4.6 14 210   M    M   0        17 210
 6  75  45  60   5   5   0 0.00  0.0    0  5.9 20  40   M    M   0        23  40
 7  74  42  58   4   7   0 0.00  0.0    0  7.2 23  40   M    M   0        29  50
 8  61  45  53  -1  12   0 0.00  0.0    0 16.8 24  20   M    M   0        31  40
 9  64  38  51  -2  14   0 0.00  0.0    0 12.0 23  30   M    M   0        27  30
10  64  28  46  -7  19   0 0.00  0.0    0  5.2 17 230   M    M   0        21 240
11  58  36  47  -5  18   0 0.00  0.0    0 11.9 28  40   M    M   0        35  40
12  56  36  46  -6  19   0 0.00  0.0    0 12.5 21 110   M    M   0        32  90
13  60  37  49  -3  16   0 0.00  0.0    0 10.0 22 120   M    M   0        26 120
14  68  40  54   3  11   0 0.00  0.0    0  5.3 15 120   M    M   0        18 130
15  72  36  54   3  11   0 0.00  0.0    0  4.4 15  20   M    M   0        17  30
16  68  36  52   2  13   0 0.00  0.0    0  3.5 10 230   M    M   0        14 220
================================================================================
SM 1100  663       157   1    T      0.0 130.8          M        0
================================================================================
AV 68.8 41.4                               8.2 FASTST   M    M   0    MAX(MPH)
                                 MISC ---->  # 28  40               # 35   40
================================================================================
NOTES:
# LAST OF SEVERAL OCCURRENCES

COLUMN 17 PEAK WIND IN M.P.H.

PRELIMINARY LOCAL CLIMATOLOGICAL DATA (WS FORM: F-6) , PAGE 2

                                          STATION:  DESERT ROCK-MERCURY NV
                                          MONTH:    NOVEMBER
                                          YEAR:     2018
                                          LATITUDE:   36 37 N
                                          LONGITUDE: 116  1 W

[TEMPERATURE DATA]      [PRECIPITATION DATA]       SYMBOLS USED IN COLUMN 16

AVERAGE MONTHLY: 55.1   TOTAL FOR MONTH:      T    1 = FOG OR MIST
DPTR FM NORMAL:   1.6   DPTR FM NORMAL:   -0.18    2 = FOG REDUCING VISIBILITY
HIGHEST:    78 ON  2    GRTST 24HR    T  ON  1- 1      TO 1/4 MILE OR LESS
LOWEST:     28 ON 10                               3 = THUNDER
                        SNOW, ICE PELLETS, HAIL    4 = ICE PELLETS
                        TOTAL MONTH:   0.0 INCH    5 = HAIL
                        GRTST 24HR     0.0         6 = FREEZING RAIN OR DRIZZLE
                        GRTST DEPTH:   0           7 = DUSTSTORM OR SANDSTORM:
                                                       VSBY 1/2 MILE OR LESS
                                                   8 = SMOKE OR HAZE
[NO. OF DAYS WITH]      [WEATHER - DAYS WITH]      9 = BLOWING SNOW
                                                   X = TORNADO
MAX 32 OR BELOW:   0    0.01 INCH OR MORE:   0
MAX 90 OR ABOVE:   0    0.10 INCH OR MORE:   0
MIN 32 OR BELOW:   1    0.50 INCH OR MORE:   0
MIN  0 OR BELOW:   0    1.00 INCH OR MORE:   0

[HDD (BASE 65) ]
TOTAL THIS MO.   157    CLEAR  (SCALE 0-3)  16
DPTR FM NORMAL   -29    PTCLDY (SCALE 4-7)   0
TOTAL FM JUL 1   208    CLOUDY (SCALE 8-10)  0
DPTR FM NORMAL  -106

[CDD (BASE 65) ]
TOTAL THIS MO.     1
DPTR FM NORMAL     1    [PRESSURE DATA]
TOTAL FM JAN 1  2639    HIGHEST SLP M ON M
DPTR FM NORMAL   445    LOWEST  SLP 29.77 ON  5

[REMARKS]
