000
CXUS53 KFGF 231743
CF6DVL
PRELIMINARY LOCAL CLIMATOLOGICAL DATA (WS FORM: F-6)

                                          STATION:   DEVILS LAKE ND
                                          MONTH:     JANUARY
                                          YEAR:      2019
                                          LATITUDE:   48  7 N
                                          LONGITUDE:  98 54 W

  TEMPERATURE IN F:       :PCPN:    SNOW:  WIND      :SUNSHINE: SKY     :PK WND
================================================================================
1   2   3   4   5  6A  6B    7    8   9   10  11  12  13   14  15   16   17  18
                                     12Z  AVG MX 2MIN
DY MAX MIN AVG DEP HDD CDD  WTR  SNW DPTH SPD SPD DIR MIN PSBL S-S WX    SPD DR
================================================================================

 1   7 -22  -7 -15  72   0    T    M    M 10.6 22 200   M    M   4        31 200
 2  30   7  19  11  46   0    T    M    M 13.1 22 210   M    M   7 1       M  M
 3  37  27  32  24  33   0 0.00    M    M 15.2 25 250   M    M   0        31 250
 4  36  19  28  20  37   0 0.00    M    M  6.9 16 250   M    M   0 1       M  M
 5  36  19  28  20  37   0    T    M    M 10.5 17 270   M    M   7 1       M  M
 6  29  15  22  14  43   0    T    M    M 17.8 25 130   M    M  10 1      33 130
 7  34  22  28  20  37   0    T    M    M 14.4 25 280   M    M   5 1      38 270
 8  23  -1  11   3  54   0    T    M    M 28.8 38 290   M    M   5 18     47 290
 9   6  -9  -1  -9  66   0 0.00    M    M  9.6 16 120   M    M   5         M  M
10  16   4  10   2  55   0 0.00    M    M 12.5 17 150   M    M   3         M  M
11  14   0   7  -1  58   0    T    M    M  9.1 14 360   M    M   4 1       M  M
12  20  11  16   8  49   0    T    M    M  5.6 12 360   M    M  10 1       M  M
13  23  17  20  12  45   0    T    M    M 12.0 20 220   M    M  10 1      23 220
14  19   4  12   4  53   0    T    M    M  5.5 13 360   M    M   6 12      M  M
15  27  -6  11   3  54   0    T    M    M 14.3 22 360   M    M   4 19     31 320
16   4 -10  -3 -11  68   0    T    M    M  6.9 10 120   M    M   3 1       M  M
17   7 -12  -2 -10  67   0 0.02    M    M  5.6 14  10   M    M   9 1       M  M
18  -3 -13  -8 -16  73   0    M    M    M  6.1 12  10   M    M   7         M  M
19  -5 -21 -13 -21  78   0 0.00    M    M  5.3 13  80   M    M   5         M  M
20   1 -14  -6 -14  71   0 0.03    M    M 13.2 24 150   M    M   8         M  M
21   8   1   5  -3  60   0 0.04    M    M 13.0 22 150   M    M  10 1      30 150
22  13  -9   2  -6  63   0 0.02    M    M  9.1 17 340   M    M   6 1       M  M
================================================================================
SM  382   29      1219   0  0.11    M    245.1          M      128
================================================================================
AV 17.4  1.3                              11.1 FASTST   M    M   6    MAX(MPH)
                                 MISC ---->  # 38 290               # 47  290
================================================================================
NOTES:
# LAST OF SEVERAL OCCURRENCES

COLUMN 17 PEAK WIND IN M.P.H.

PRELIMINARY LOCAL CLIMATOLOGICAL DATA (WS FORM: F-6) , PAGE 2

                                          STATION:  DEVILS LAKE ND
                                          MONTH:    JANUARY
                                          YEAR:     2019
                                          LATITUDE:   48  7 N
                                          LONGITUDE:  98 54 W

[TEMPERATURE DATA]      [PRECIPITATION DATA]       SYMBOLS USED IN COLUMN 16

AVERAGE MONTHLY:  9.3   TOTAL FOR MONTH:   0.11    1 = FOG OR MIST
DPTR FM NORMAL:   1.3   DPTR FM NORMAL:   -0.36    2 = FOG REDUCING VISIBILITY
HIGHEST:    37 ON  3    GRTST 24HR  0.04 ON 21-21      TO 1/4 MILE OR LESS
LOWEST:    -22 ON  1                               3 = THUNDER
                        SNOW, ICE PELLETS, HAIL    4 = ICE PELLETS
                        TOTAL MONTH:    M          5 = HAIL
                        GRTST 24HR    M  ON   M    6 = FREEZING RAIN OR DRIZZLE
                        GRTST DEPTH:  M  ON   M    7 = DUSTSTORM OR SANDSTORM:
                                                       VSBY 1/2 MILE OR LESS
                                                   8 = SMOKE OR HAZE
[NO. OF DAYS WITH]      [WEATHER - DAYS WITH]      9 = BLOWING SNOW
                                                   X = TORNADO
MAX 32 OR BELOW:  18    0.01 INCH OR MORE:   4
MAX 90 OR ABOVE:   0    0.10 INCH OR MORE:   0
MIN 32 OR BELOW:  22    0.50 INCH OR MORE:   0
MIN  0 OR BELOW:  11    1.00 INCH OR MORE:   0

[HDD (BASE 65) ]
TOTAL THIS MO.  1219    CLEAR  (SCALE 0-3)   4
DPTR FM NORMAL     M    PTCLDY (SCALE 4-7)  13
TOTAL FM JUL 1  5312    CLOUDY (SCALE 8-10)  5
DPTR FM NORMAL  1784

[CDD (BASE 65) ]
TOTAL THIS MO.     0
DPTR FM NORMAL     0    [PRESSURE DATA]
TOTAL FM JAN 1     0    HIGHEST SLP M ON M
DPTR FM NORMAL     0    LOWEST  SLP M ON M

[REMARKS]
