266
CXUS53 KFGF 230815
CF6DVL
PRELIMINARY LOCAL CLIMATOLOGICAL DATA (WS FORM: F-6)

                                          STATION:   DEVILS LAKE ND
                                          MONTH:     JUNE
                                          YEAR:      2024
                                          LATITUDE:   48  7 N
                                          LONGITUDE:  98 54 W

  TEMPERATURE IN F:       :PCPN:    SNOW:  WIND      :SUNSHINE: SKY     :PK WND
================================================================================
1   2   3   4   5  6A  6B    7    8   9   10  11  12  13   14  15   16   17  18
                                     12Z  AVG MX 2MIN
DY MAX MIN AVG DEP HDD CDD  WTR  SNW DPTH SPD SPD DIR MIN PSBL S-S WX    SPD DR
================================================================================

 1  71  48  60   0   5   0    T    M    M 12.3 24 270   M    M   2        33 270
 2  73  50  62   1   3   0 0.62    M    M  9.0 27 280   M    M   5 123    36 280
 3  72  53  63   2   2   0    T    M    M  9.0 17 120   M    M   6 12      M   M
 4  67  58  63   2   2   0 0.96    M    M 13.6 24 260   M    M   5 1      31 250
 5  70  58  64   2   1   0 0.00    M    M 23.4 38 290   M    M   5        51 290
 6  70  52  61  -1   4   0 0.00    M    M 23.4 33 290   M    M   6        43 290
 7  66  47  57  -5   8   0    T    M    M 10.8 21 320   M    M   4        28 320
 8  74  48  61  -1   4   0 0.00    M    M  9.7 18 280   M    M   1        24 280
 9  67  45  56  -6   9   0 0.00    M    M  8.6 14 340   M    M   0        20 340
10  66  45  56  -7   9   0 0.15    M    M  7.7 16 170   M    M   4        24 170
11  75  31  53 -10  12   0 0.00    M    M 14.2 25 300   M    M   1        35 290
12  83  60  72   9   0   7 0.00    M    M 11.5 22 280   M    M   1        30 270
13  71  52  62  -1   3   0 0.00    M    M 12.3 25 300   M    M   2        32 290
14  78  50  64   1   1   0 0.40    M    M  6.5 15 160   M    M   3 1      17 210
15  83  61  72   8   0   7 0.00    M    M 13.9 21 180   M    M   3 3      24 180
16  71  61  66   2   0   1 0.36    M    M 17.5 28 270   M    M   2 13     38 270
17  70  49  60  -4   5   0 0.42    M    M 11.6 30  10   M    M   4 13     40 330
18  57  51  54 -10  11   0 0.80    M    M 17.1 30  20   M    M  10 1      41  40
19  66  47  57  -7   8   0 0.00    M    M  8.3 14 290   M    M   2        18 290
20  73  55  64   0   1   0 0.00    M    M  9.8 17 170   M    M   0        24 150
21  71  53  62  -2   3   0    T    M    M  7.0 15 120   M    M   4         M   M
22  74  60  67   2   0   2 0.44    M    M  5.0 15 340   M    M   6 13     21 320
================================================================================
SM 1568 1134        91  17  4.15    M    262.2          M       76
================================================================================
AV 71.3 51.5                              11.9 FASTST   M    M   3    MAX(MPH)
                                 MISC ---->    38 290                 51 290
================================================================================
NOTES:
# LAST OF SEVERAL OCCURRENCES

COLUMN 17 PEAK WIND IN M.P.H.

PRELIMINARY LOCAL CLIMATOLOGICAL DATA (WS FORM: F-6) , PAGE 2

                                          STATION:   DEVILS LAKE ND
                                          MONTH:     JUNE
                                          YEAR:      2024
                                          LATITUDE:   48  7 N
                                          LONGITUDE:  98 54 W

[TEMPERATURE DATA]      [PRECIPITATION DATA]       SYMBOLS USED IN COLUMN 16

AVERAGE MONTHLY: 61.4   TOTAL FOR MONTH:   4.15    1 = FOG OR MIST
DPTR FM NORMAL:  -1.4   DPTR FM NORMAL:    4.15    2 = FOG REDUCING VISIBILITY
HIGHEST:    83 ON 15,12  GRTST 24HR  0.96 ON  4- 4      TO 1/4 MILE OR LESS
LOWEST:     31 ON 11                               3 = THUNDER
                        SNOW, ICE PELLETS, HAIL    4 = ICE PELLETS
                        TOTAL MONTH:  M            5 = HAIL
                        GRTST 24HR    M  ON   M    6 = FREEZING RAIN OR DRIZZLE
                        GRTST DEPTH:  M  ON   M    7 = DUSTSTORM OR SANDSTORM:
                                                       VSBY 1/2 MILE OR LESS
                                                   8 = SMOKE OR HAZE
[NO. OF DAYS WITH]      [WEATHER - DAYS WITH]      9 = BLOWING SNOW
                                                   X = TORNADO
MAX 32 OR BELOW:   0    0.01 INCH OR MORE:   8
MAX 90 OR ABOVE:   0    0.10 INCH OR MORE:   8
MIN 32 OR BELOW:   1    0.50 INCH OR MORE:   3
MIN  0 OR BELOW:   0    1.00 INCH OR MORE:   0

[HDD (BASE 65) ]
TOTAL THIS MO.    91    CLEAR  (SCALE 0-3)  10
DPTR FM NORMAL    24    PTCLDY (SCALE 4-7)  11
TOTAL FM JUL 1  8268    CLOUDY (SCALE 8-10)  1
DPTR FM NORMAL -1314

[CDD (BASE 65) ]
TOTAL THIS MO.    17
DPTR FM NORMAL     2    [PRESSURE DATA]
TOTAL FM JAN 1    18    HIGHEST SLP M ON M
DPTR FM NORMAL    -1    LOWEST  SLP M ON M

[REMARKS]