000
CXUS53 KFGF 170915
CF6DVL
PRELIMINARY LOCAL CLIMATOLOGICAL DATA (WS FORM: F-6)

                                          STATION:   DEVILS LAKE ND
                                          MONTH:     OCTOBER
                                          YEAR:      2019
                                          LATITUDE:   48  7 N
                                          LONGITUDE:  98 54 W

  TEMPERATURE IN F:       :PCPN:    SNOW:  WIND      :SUNSHINE: SKY     :PK WND
================================================================================
1   2   3   4   5  6A  6B    7    8   9   10  11  12  13   14  15   16   17  18
                                     12Z  AVG MX 2MIN
DY MAX MIN AVG DEP HDD CDD  WTR  SNW DPTH SPD SPD DIR MIN PSBL S-S WX    SPD DR
================================================================================

 1  41  36  39 -12  26   0 0.00  0.0    0 11.2 15  20   M    M  10         M  M
 2  41  32  37 -14  28   0 0.17    M    0  9.1 13  40   M    M  10 1       M  M
 3  44  32  38 -12  27   0 0.05    M    M  7.0 12 330   M    M  10 1       M  M
 4  46  39  43  -7  22   0    T    M    0 17.9 22 130   M    M  10        31 150
 5  49  42  46  -3  19   0 0.22    M    M 15.1 24 290   M    M   8 1      32 290
 6  57  45  51   2  14   0 0.00    M    0 19.4 28 290   M    M   5        41 290
 7  64  40  52   4  13   0 0.00    M    M 12.6 20 190   M    M   0        31 190
 8  72  48  60  12   5   0 0.00    M    0 10.1 18 190   M    M   0        25 180
 9  50  33  42  -5  23   0    T    M    M 18.2 25  30   M    M   8 1      35  30
10  33  30  32 -15  33   0    M    M    M 24.9 31 360   M    M  10 12     46 360
11  30  28  29 -17  36   0    M    M    M 34.6 44 300   M    M  10 123    61 300
12  32  29  31 -15  34   0    T    M    M 28.9 38 320   M    M  10 1      48 310
13  35  30  33 -12  32   0    T    M    M 13.5 22 320   M    M  10        29 320
14  41  33  37  -8  28   0    T    M    M  6.3  8 160   M    M   7         M  M
15  39  34  37  -8  28   0 0.02    M    M 10.6 16 340   M    M  10         M  M
16  41  33  37  -7  28   0 0.00    M    M  8.3 16 150   M    M   7         M  M
================================================================================
SM  715  564       396   0  0.46     0.0 247.7          M      125
================================================================================
AV 44.7 35.3                              15.5 FASTST   M    M   8    MAX(MPH)
                                 MISC ---->  # 44 300               # 61  300
================================================================================
NOTES:
# LAST OF SEVERAL OCCURRENCES

COLUMN 17 PEAK WIND IN M.P.H.

PRELIMINARY LOCAL CLIMATOLOGICAL DATA (WS FORM: F-6) , PAGE 2

                                          STATION:  DEVILS LAKE ND
                                          MONTH:    OCTOBER
                                          YEAR:     2019
                                          LATITUDE:   48  7 N
                                          LONGITUDE:  98 54 W

[TEMPERATURE DATA]      [PRECIPITATION DATA]       SYMBOLS USED IN COLUMN 16

AVERAGE MONTHLY: 40.0   TOTAL FOR MONTH:   0.46    1 = FOG OR MIST
DPTR FM NORMAL:  -7.6   DPTR FM NORMAL:   -0.43    2 = FOG REDUCING VISIBILITY
HIGHEST:    72 ON  8    GRTST 24HR  0.22 ON  5- 5      TO 1/4 MILE OR LESS
LOWEST:     28 ON 11                               3 = THUNDER
                        SNOW, ICE PELLETS, HAIL    4 = ICE PELLETS
                        TOTAL MONTH:   0.0 INCH    5 = HAIL
                        GRTST 24HR     0.0         6 = FREEZING RAIN OR DRIZZLE
                        GRTST DEPTH:   0           7 = DUSTSTORM OR SANDSTORM:
                                                       VSBY 1/2 MILE OR LESS
                                                   8 = SMOKE OR HAZE
[NO. OF DAYS WITH]      [WEATHER - DAYS WITH]      9 = BLOWING SNOW
                                                   X = TORNADO
MAX 32 OR BELOW:   2    0.01 INCH OR MORE:   4
MAX 90 OR ABOVE:   0    0.10 INCH OR MORE:   2
MIN 32 OR BELOW:   6    0.50 INCH OR MORE:   0
MIN  0 OR BELOW:   0    1.00 INCH OR MORE:   0

[HDD (BASE 65) ]
TOTAL THIS MO.   396    CLEAR  (SCALE 0-3)   2
DPTR FM NORMAL   116    PTCLDY (SCALE 4-7)   4
TOTAL FM JUL 1   733    CLOUDY (SCALE 8-10) 10
DPTR FM NORMAL   158

[CDD (BASE 65) ]
TOTAL THIS MO.     0
DPTR FM NORMAL     0    [PRESSURE DATA]
TOTAL FM JAN 1   350    HIGHEST SLP M ON M
DPTR FM NORMAL  -121    LOWEST  SLP M ON M

[REMARKS]
