000
CXUS54 KHGX 271410
CF6DWH
PRELIMINARY LOCAL CLIMATOLOGICAL DATA (WS FORM: F-6)

                                          STATION:   HOUSTON/D.W._HOOKS
                                          MONTH:     JUNE
                                          YEAR:      2022
                                          LATITUDE:   30  4 N
                                          LONGITUDE:  95 33 W

  TEMPERATURE IN F:       :PCPN:    SNOW:  WIND      :SUNSHINE: SKY     :PK WND
================================================================================
1   2   3   4   5  6A  6B    7    8   9   10  11  12  13   14  15   16   17  18
                                     12Z  AVG MX 2MIN
DY MAX MIN AVG DEP HDD CDD  WTR  SNW DPTH SPD SPD DIR MIN PSBL S-S WX    SPD DR
================================================================================

 1  92  77  85   4   0  20    T  0.0    0  5.3 12 130   M    M   5        18 130
 2  93  72  83   2   0  18    T  0.0    0  4.7 14 300   M    M   1 1      23 330
 3  90  68  79  -2   0  14 0.00  0.0    0  4.7 14  10   M    M   1        21  40
 4  92  72  82   1   0  17 0.00  0.0    0  3.1 12  80   M    M   4 3      17  80
 5  95  71  83   2   0  18 0.00  0.0    0  4.6 14 130   M    M   2 12     23 130
 6  94  77  86   4   0  21 0.00  0.0    0  8.8 17 130   M    M   2        27 140
 7  96  77  87   5   0  22 0.00  0.0    0  7.2 15 140   M    M   3        25 130
 8  98  78  88   6   0  23 0.00  0.0    0  6.2 18 200   M    M   4        26 220
 9  98  74  86   4   0  21 0.00  0.0    0  4.1 14 130   M    M   3 12     21 190
10  98  79  89   7   0  24 0.00  0.0    0  7.1 15 230   M    M   3        21 200
11  96  80  88   6   0  23 0.00  0.0    0  7.5 14 200   M    M   2        22 180
12  98  78  88   6   0  23 0.00  0.0    0  9.6 16 210   M    M   4        24 220
13  98  79  89   7   0  24 0.00  0.0    0  8.7 17 200   M    M   2 1      27 180
14  96  81  89   6   0  24 0.00  0.0    0  8.5 18 200   M    M   3        27 190
15  97  81  89   6   0  24 0.00  0.0    0  7.0 15 130   M    M   4        25 140
16 100  75  88   5   0  23 0.00  0.0    0  4.2 12  90   M    M   3 18     16  90
17  98  77  88   5   0  23 0.00  0.0    0  3.8 13 120   M    M   3 1      19 130
18  99  74  87   4   0  22 0.00  0.0    0  2.9 10 120   M    M   1        17 150
19 101  73  87   4   0  22 0.00  0.0    0  3.5 12 100   M    M   0 1      19 110
20 103  75  89   6   0  24    T  0.0    0  3.2 17 130   M    M   1 3      24 130
21 100  75  88   5   0  23 0.00  0.0    0  4.0 14 110   M    M   1 1      24 120
22 100  74  87   4   0  22 0.00  0.0    0  2.7 16 120   M    M   2 13     26 120
23 102  75  89   6   0  24 0.00  0.0    0  5.1 12 210   M    M   0        18 170
24 101  78  90   7   0  25 0.00  0.0    0  5.2 12 120   M    M   1        19 130
25 101  71  86   3   0  21 0.00  0.0    0  4.4 12 140   M    M   0 1      20 150
26 102  72  87   4   0  22 0.00  0.0    0  3.5 10 100   M    M   1 1      16 100
================================================================================
SM 2538 1963         0 567     T  0.0    139.6          M       56
================================================================================
AV 97.6 75.5                               5.4 FASTST   M    M   2    MAX(MPH)
                                 MISC ---->  # 18 200               # 27 140
================================================================================
NOTES:
# LAST OF SEVERAL OCCURRENCES

COLUMN 17 PEAK WIND IN M.P.H.

PRELIMINARY LOCAL CLIMATOLOGICAL DATA (WS FORM: F-6) , PAGE 2

                                          STATION:   HOUSTON/D.W._HOOKS
                                          MONTH:     JUNE
                                          YEAR:      2022
                                          LATITUDE:   30  4 N
                                          LONGITUDE:  95 33 W

[TEMPERATURE DATA]      [PRECIPITATION DATA]       SYMBOLS USED IN COLUMN 16

AVERAGE MONTHLY: 86.6   TOTAL FOR MONTH:      T    1 = FOG OR MIST
DPTR FM NORMAL:   4.3   DPTR FM NORMAL:   -4.67    2 = FOG REDUCING VISIBILITY
HIGHEST:   103 ON 20    GRTST 24HR     T ON  1- 1      TO 1/4 MILE OR LESS
LOWEST:     68 ON  3                               3 = THUNDER
                        SNOW, ICE PELLETS, HAIL    4 = ICE PELLETS
                        TOTAL MONTH:   0.0 INCH    5 = HAIL
                        GRTST 24HR  0.0            6 = FREEZING RAIN OR DRIZZLE
                        GRTST DEPTH:  0            7 = DUSTSTORM OR SANDSTORM:
                                                       VSBY 1/2 MILE OR LESS
                                                   8 = SMOKE OR HAZE
[NO. OF DAYS WITH]      [WEATHER - DAYS WITH]      9 = BLOWING SNOW
                                                   X = TORNADO
MAX 32 OR BELOW:   0    0.01 INCH OR MORE:   0
MAX 90 OR ABOVE:  26    0.10 INCH OR MORE:   0
MIN 32 OR BELOW:   0    0.50 INCH OR MORE:   0
MIN  0 OR BELOW:   0    1.00 INCH OR MORE:   0

[HDD (BASE 65) ]
TOTAL THIS MO.     0    CLEAR  (SCALE 0-3)  18
DPTR FM NORMAL     0    PTCLDY (SCALE 4-7)   8
TOTAL FM JUL 1  1220    CLOUDY (SCALE 8-10)  0
DPTR FM NORMAL  -149

[CDD (BASE 65) ]
TOTAL THIS MO.   567
DPTR FM NORMAL   116    [PRESSURE DATA]
TOTAL FM JAN 1  1414    HIGHEST SLP M ON M
DPTR FM NORMAL   298    LOWEST  SLP 29.68 ON  5

[REMARKS]
