000
CXUS54 KHGX 201515
CF6DWH
PRELIMINARY LOCAL CLIMATOLOGICAL DATA (WS FORM: F-6)

                                          STATION:   HOUSTON/D.W._HOOKS
                                          MONTH:     OCTOBER
                                          YEAR:      2020
                                          LATITUDE:   30  4 N
                                          LONGITUDE:  95 33 W

  TEMPERATURE IN F:       :PCPN:    SNOW:  WIND      :SUNSHINE: SKY     :PK WND
================================================================================
1   2   3   4   5  6A  6B    7    8   9   10  11  12  13   14  15   16   17  18
                                     12Z  AVG MX 2MIN
DY MAX MIN AVG DEP HDD CDD  WTR  SNW DPTH SPD SPD DIR MIN PSBL S-S WX    SPD DR
================================================================================

 1  88  53  71  -3   0   6 0.00  0.0    0  2.8  9 340   M    M   0 1      13  10
 2  83  56  70  -4   0   5 0.00  0.0    0  4.6 12  70   M    M   0        16  30
 3  85  51  68  -6   0   3 0.00  0.0    0  3.2 12 130   M    M   0 1      15 130
 4  86  55  71  -3   0   6 0.00  0.0    0  1.9  9  20   M    M   2 128    14 100
 5  84  61  73   0   0   8 0.00  0.0    0  3.4 12  80   M    M   1 18     16  80
 6  87  59  73   0   0   8 0.00  0.0    0  2.9 10  50   M    M   0 18     15  30
 7  88  54  71  -2   0   6 0.00  0.0    0  3.0 12  90   M    M   1 18     16  80
 8  86  69  78   6   0  13    T  0.0    0  5.9 14  80   M    M   5 8      19  80
 9  83  69  76   4   0  11    T  0.0    0 11.2 23  30   M    M   8        36  20
10  89  64  77   5   0  12 0.00  0.0    0  2.3 12 250   M    M   1 12     17 270
11  92  69  81   9   0  16 0.00  0.0    0  5.8 13 220   M    M   3 128    17 200
12  90  72  81  10   0  16 0.00  0.0    0  6.7 14 260   M    M   6 8      21 230
13  88  63  76   5   0  11 0.00  0.0    0  3.7 10  90   M    M   0        13  70
14  87  62  75   4   0  10 0.00  0.0    0  4.3 10 120   M    M   1        16 160
15  91  65  78   8   0  13    T  0.0    0  5.6 23 360   M    M   5 1      30 360
16  71  54  63  -7   2   0 1.90  0.0    0  7.0 20  30   M    M   7 18     28  50
17  79  60  70   0   0   5    T  0.0    0  7.8 15 120   M    M   8        20 110
18  88  65  77   7   0  12 0.00  0.0    0  6.1 14 140   M    M   3 12     22 170
19  87  73  80  11   0  15 0.04  0.0    0  4.9 15 120   M    M   7 138    19 130
================================================================================
SM 1632 1174         2 176  1.94     0.0  93.1          M       58
================================================================================
AV 85.9 61.8                               4.9 FASTST   M    M   3    MAX(MPH)
                                 MISC ---->  # 23  30               # 36   20
================================================================================
NOTES:
# LAST OF SEVERAL OCCURRENCES

COLUMN 17 PEAK WIND IN M.P.H.

PRELIMINARY LOCAL CLIMATOLOGICAL DATA (WS FORM: F-6) , PAGE 2

                                          STATION:  HOUSTON/D.W._HOOKS
                                          MONTH:    OCTOBER
                                          YEAR:     2020
                                          LATITUDE:   30  4 N
                                          LONGITUDE:  95 33 W

[TEMPERATURE DATA]      [PRECIPITATION DATA]       SYMBOLS USED IN COLUMN 16

AVERAGE MONTHLY: 73.8   TOTAL FOR MONTH:   1.94    1 = FOG OR MIST
DPTR FM NORMAL:   2.0   DPTR FM NORMAL:   -1.13    2 = FOG REDUCING VISIBILITY
HIGHEST:    92 ON 11    GRTST 24HR  1.90 ON 16-16      TO 1/4 MILE OR LESS
LOWEST:     51 ON  3                               3 = THUNDER
                        SNOW, ICE PELLETS, HAIL    4 = ICE PELLETS
                        TOTAL MONTH:   0.0 INCH    5 = HAIL
                        GRTST 24HR     0.0         6 = FREEZING RAIN OR DRIZZLE
                        GRTST DEPTH:   0           7 = DUSTSTORM OR SANDSTORM:
                                                       VSBY 1/2 MILE OR LESS
                                                   8 = SMOKE OR HAZE
[NO. OF DAYS WITH]      [WEATHER - DAYS WITH]      9 = BLOWING SNOW
                                                   X = TORNADO
MAX 32 OR BELOW:   0    0.01 INCH OR MORE:   2
MAX 90 OR ABOVE:   3    0.10 INCH OR MORE:   1
MIN 32 OR BELOW:   0    0.50 INCH OR MORE:   1
MIN  0 OR BELOW:   0    1.00 INCH OR MORE:   1

[HDD (BASE 65) ]
TOTAL THIS MO.     2    CLEAR  (SCALE 0-3)  10
DPTR FM NORMAL   -10    PTCLDY (SCALE 4-7)   9
TOTAL FM JUL 1     2    CLOUDY (SCALE 8-10)  0
DPTR FM NORMAL   -11

[CDD (BASE 65) ]
TOTAL THIS MO.   176
DPTR FM NORMAL    32    [PRESSURE DATA]
TOTAL FM JAN 1  3137    HIGHEST SLP M ON M
DPTR FM NORMAL   501    LOWEST  SLP 29.71 ON  9

[REMARKS]
