000
CXUS54 KHGX 220757
CF6DWH
PRELIMINARY LOCAL CLIMATOLOGICAL DATA (WS FORM: F-6)

                                          STATION:   HOUSTON/D.W._HOOKS
                                          MONTH:     JUNE
                                          YEAR:      2021
                                          LATITUDE:   30  4 N
                                          LONGITUDE:  95 33 W

  TEMPERATURE IN F:       :PCPN:    SNOW:  WIND      :SUNSHINE: SKY     :PK WND
================================================================================
1   2   3   4   5  6A  6B    7    8   9   10  11  12  13   14  15   16   17  18
                                     12Z  AVG MX 2MIN
DY MAX MIN AVG DEP HDD CDD  WTR  SNW DPTH SPD SPD DIR MIN PSBL S-S WX    SPD DR
================================================================================

 1  83  71  77  -4   0  12 0.16  0.0    0  4.1 10 270   M    M   4 13     15 240
 2  88  68  78  -3   0  13 1.26  0.0    0  3.5 16  90   M    M   4 13     24 110
 3  86  70  78  -3   0  13 1.42  0.0    0  5.0 20 140   M    M   6 13     29 130
 4  82  70  76  -5   0  11 0.00  0.0    0  5.6 13 100   M    M   8 1      20 100
 5  85  71  78  -3   0  13 0.18  0.0    0  3.2 15  90   M    M   7 13     19  90
 6  90  70  80  -2   0  15    T  0.0    0  4.3 13 110   M    M   4 12     17 140
 7  90  78  84   2   0  19 0.00  0.0    0  7.3 17 190   M    M   7        26 190
 8  92  81  87   5   0  22    T  0.0    0  6.6 17 190   M    M   5        30 180
 9  93  79  86   4   0  21 0.00  0.0    0  5.9 14 190   M    M   6        20 150
10  93  77  85   3   0  20 0.00  0.0    M  5.9 14 190   M    M   4 1      20 200
11  93  76  85   3   0  20 0.00  0.0    0  7.0 13 200   M    M   2        23 210
12  95  76  86   4   0  21 0.00  0.0    0  3.9 10 180   M    M   3        15 190
13  96  79  88   6   0  23 0.00  0.0    0  3.7 10 360   M    M   2        16 290
14  98  78  88   5   0  23 0.00  0.0    0  3.4 12 260   M    M   1        17  70
15  96  71  84   1   0  19 0.50  0.0    0  3.8 23 120   M    M   3 138    35 120
16  96  70  83   0   0  18 0.00  0.0    0  3.3 10  60   M    M   1 8      25  90
17  95  74  85   2   0  20 0.00  0.0    0  3.9 13  80   M    M   1 1      18  90
18  94  70  82  -1   0  17 0.00  0.0    0  3.2 13  20   M    M   1        16  80
19  96  73  85   2   0  20 0.00  0.0    0  2.5 14 130   M    M   3 3      20 130
20  92  73  83   0   0  18 0.07  0.0    0  6.1 24 200   M    M   3 13     32 200
21  91  77  84   1   0  19    T  0.0    0  5.5 15 120   M    M   7 3      21 120
================================================================================
SM 1924 1552         0 377  3.59  0.0     97.7          M       82
================================================================================
AV 91.6 73.9                               4.7 FASTST   M    M   4    MAX(MPH)
                                 MISC ---->    24 200                 35 120
================================================================================
NOTES:
# LAST OF SEVERAL OCCURRENCES

COLUMN 17 PEAK WIND IN M.P.H.

PRELIMINARY LOCAL CLIMATOLOGICAL DATA (WS FORM: F-6) , PAGE 2

                                          STATION:   HOUSTON/D.W._HOOKS
                                          MONTH:     JUNE
                                          YEAR:      2021
                                          LATITUDE:   30  4 N
                                          LONGITUDE:  95 33 W

[TEMPERATURE DATA]      [PRECIPITATION DATA]       SYMBOLS USED IN COLUMN 16

AVERAGE MONTHLY: 82.8   TOTAL FOR MONTH:   3.59    1 = FOG OR MIST
DPTR FM NORMAL:   0.6   DPTR FM NORMAL:   -0.25    2 = FOG REDUCING VISIBILITY
HIGHEST:    98 ON 14    GRTST 24HR  2.60 ON  2- 3      TO 1/4 MILE OR LESS
LOWEST:     68 ON  2                               3 = THUNDER
                        SNOW, ICE PELLETS, HAIL    4 = ICE PELLETS
                        TOTAL MONTH:   0.0 INCH    5 = HAIL
                        GRTST 24HR  0.0            6 = FREEZING RAIN OR DRIZZLE
                        GRTST DEPTH:  0            7 = DUSTSTORM OR SANDSTORM:
                                                       VSBY 1/2 MILE OR LESS
                                                   8 = SMOKE OR HAZE
[NO. OF DAYS WITH]      [WEATHER - DAYS WITH]      9 = BLOWING SNOW
                                                   X = TORNADO
MAX 32 OR BELOW:   0    0.01 INCH OR MORE:   6
MAX 90 OR ABOVE:  16    0.10 INCH OR MORE:   5
MIN 32 OR BELOW:   0    0.50 INCH OR MORE:   3
MIN  0 OR BELOW:   0    1.00 INCH OR MORE:   2

[HDD (BASE 65) ]
TOTAL THIS MO.     0    CLEAR  (SCALE 0-3)   9
DPTR FM NORMAL     0    PTCLDY (SCALE 4-7)  12
TOTAL FM JUL 1  1422    CLOUDY (SCALE 8-10)  0
DPTR FM NORMAL    53

[CDD (BASE 65) ]
TOTAL THIS MO.   377
DPTR FM NORMAL    16    [PRESSURE DATA]
TOTAL FM JAN 1   982    HIGHEST SLP M ON M
DPTR FM NORMAL   -44    LOWEST  SLP 29.74 ON  6

[REMARKS]
