000
CXUS54 KHGX 211515
CF6DWH
PRELIMINARY LOCAL CLIMATOLOGICAL DATA (WS FORM: F-6)

                                          STATION:   HOUSTON/D.W._HOOKS
                                          MONTH:     FEBRUARY
                                          YEAR:      2020
                                          LATITUDE:   30  4 N
                                          LONGITUDE:  95 33 W

  TEMPERATURE IN F:       :PCPN:    SNOW:  WIND      :SUNSHINE: SKY     :PK WND
================================================================================
1   2   3   4   5  6A  6B    7    8   9   10  11  12  13   14  15   16   17  18
                                     12Z  AVG MX 2MIN
DY MAX MIN AVG DEP HDD CDD  WTR  SNW DPTH SPD SPD DIR MIN PSBL S-S WX    SPD DR
================================================================================

 1   M   M   M   M   M   M 0.00  0.0    M  1.2  4 250   M    M   0 1       M  M
 2  76  44  60   7   5   0 0.00  0.0    M  7.9 17 200   M    M   M        21 200
 3  76  54  65  12   0   0    T  0.0    M 10.1 22 200   M    M  10        31 210
 4  79  56  68  15   0   3 0.00  0.0    0  8.1 17 200   M    M   9 18     23 200
 5  56  39  48  -5  17   0 0.01  0.0    0 11.4 21 300   M    M  10 18     30 320
 6  51  35  43 -11  22   0    T  0.0    0 10.5 23 290   M    M   3        32 290
 7  72  31  52  -2  13   0 0.00  0.0    0  6.3 20 240   M    M   0        24 230
 8  73  46  60   6   5   0    T  0.0    0  7.6 16 130   M    M   5        22 120
 9  74  58  66  12   0   1 0.07  0.0    0  9.9 20 150   M    M   9 18     27 140
10  79  51  65  11   0   0 0.09  0.0    0  8.7 17 310   M    M   9 1      25 150
11  54  47  51  -3  14   0 0.08  0.0    0  7.8 14  20   M    M   9 1      19  20
12  55  46  51  -4  14   0 0.10  0.0    0  5.3 17 310   M    M   9 123    24 300
13  57  41  49  -6  16   0 0.00  0.0    0  8.2 20 360   M    M   1 12     26 360
14  62  34  48  -7  17   0 0.00  0.0    0  4.1 15  60   M    M   0        20  80
15  69  39  54  -1  11   0 0.00  0.0    0  6.2 16 130   M    M   8        20 130
16  73  58  66  11   0   1 0.00  0.0    0  3.2 12 130   M    M   8 128    15 140
17  82  60  71  15   0   6    T  0.0    0  6.4 18 190   M    M   8 128    26 180
18  79  57  68  12   0   3    T  0.0    0  6.4 15  10   M    M   8 18     21 350
19  57  50  54  -2  11   0 0.05  0.0    0  7.6 13  60   M    M  10 1      19  10
20  50  43  47  -9  18   0 0.25  0.0    0 11.9 28  20   M    M   9 1      39  30
================================================================================
SM 1274  889       163  14  0.65     0.0 148.8          M      125
================================================================================
AV 67.1 46.8                               7.4 FASTST   M    M   7    MAX(MPH)
                                 MISC ---->  # 28  20               # 39   30
================================================================================
NOTES:
# LAST OF SEVERAL OCCURRENCES

COLUMN 17 PEAK WIND IN M.P.H.

PRELIMINARY LOCAL CLIMATOLOGICAL DATA (WS FORM: F-6) , PAGE 2

                                          STATION:  HOUSTON/D.W._HOOKS
                                          MONTH:    FEBRUARY
                                          YEAR:     2020
                                          LATITUDE:   30  4 N
                                          LONGITUDE:  95 33 W

[TEMPERATURE DATA]      [PRECIPITATION DATA]       SYMBOLS USED IN COLUMN 16

AVERAGE MONTHLY: 56.9   TOTAL FOR MONTH:   0.65    1 = FOG OR MIST
DPTR FM NORMAL:   2.5   DPTR FM NORMAL:   -1.54    2 = FOG REDUCING VISIBILITY
HIGHEST:    82 ON 17    GRTST 24HR  0.25 ON 20-20      TO 1/4 MILE OR LESS
LOWEST:     31 ON  7                               3 = THUNDER
                        SNOW, ICE PELLETS, HAIL    4 = ICE PELLETS
                        TOTAL MONTH:   0.0 INCH    5 = HAIL
                        GRTST 24HR     0.0         6 = FREEZING RAIN OR DRIZZLE
                        GRTST DEPTH:   0           7 = DUSTSTORM OR SANDSTORM:
                                                       VSBY 1/2 MILE OR LESS
                                                   8 = SMOKE OR HAZE
[NO. OF DAYS WITH]      [WEATHER - DAYS WITH]      9 = BLOWING SNOW
                                                   X = TORNADO
MAX 32 OR BELOW:   0    0.01 INCH OR MORE:   7
MAX 90 OR ABOVE:   0    0.10 INCH OR MORE:   2
MIN 32 OR BELOW:   1    0.50 INCH OR MORE:   0
MIN  0 OR BELOW:   0    1.00 INCH OR MORE:   0

[HDD (BASE 65) ]
TOTAL THIS MO.   163    CLEAR  (SCALE 0-3)   5
DPTR FM NORMAL   -60    PTCLDY (SCALE 4-7)   3
TOTAL FM JUL 1  1062    CLOUDY (SCALE 8-10) 11
DPTR FM NORMAL  -213

[CDD (BASE 65) ]
TOTAL THIS MO.    14
DPTR FM NORMAL     0    [PRESSURE DATA]
TOTAL FM JAN 1    38    HIGHEST SLP M ON M
DPTR FM NORMAL    15    LOWEST  SLP 29.72 ON  5

[REMARKS]
